{"id":6130,"date":"2022-12-23T16:14:39","date_gmt":"2022-12-23T15:14:39","guid":{"rendered":"https:\/\/radio-aviva.com\/nimes\/nos-valeurs\/"},"modified":"2023-02-04T11:36:12","modified_gmt":"2023-02-04T10:36:12","slug":"nos-valeurs","status":"publish","type":"page","link":"https:\/\/radio-aviva.com\/nimes\/nos-valeurs\/","title":{"rendered":"Nos valeurs"},"content":{"rendered":"<p style=\"text-align: center;\"><strong>Informer avec int\u00e9grit\u00e9<\/strong><\/p>\n<p style=\"text-align: center;\"><strong>Rendre accessible la culture \u00e0 tous les publics<\/strong><\/p>\n<p style=\"text-align: center;\"><strong>Lutter contre le racisme, l&rsquo;antis\u00e9mitisme, l&rsquo;homophobie, et toutes autres discriminations<\/strong><\/p>\n<p style=\"text-align: center;\"><strong>Faire comprendre la science, la m\u00e9decine et la nutrition au plus grand nombre<\/strong><\/p>\n<p style=\"text-align: center;\"><strong>Cr\u00e9er un lien interculturel<\/strong><\/p>\n<p style=\"text-align: center;\"><strong>Cr\u00e9er du lien social, assurer une communication sociale de proximit\u00e9<\/strong><\/p>\n<p style=\"text-align: center;\"><strong>S&rsquo;impliquer pour aider les associations et autres organismes caritatifs dans leur communication<\/strong><\/p>\n<p style=\"text-align: justify;\">Radio locale ind\u00e9pendante et associative, la station agit comme un m\u00e9dia tr\u00e8s impliqu\u00e9 dans la vie locale, sociale, culturelle et sportive de la R\u00e9gion.<\/p>\n<p style=\"text-align: justify;\">Radio g\u00e9n\u00e9raliste, la station diffuse des programmes \u00e0 destination d&rsquo;un public tr\u00e8s large : Vie locale, Cin\u00e9ma, Sports, Sant\u00e9, Libre-antenne,Divertissement, Talk-Show&#8230;<\/p>\n<p style=\"text-align: justify;\">De plus, <a href=\"http:\/\/radio-aviva.com\/les-partenaires\/\">de nombreux partenariats<\/a> font de Radio Aviva un acteur cl\u00e9 de la communication sociale de proximit\u00e9 : Acad\u00e9mie de Montpellier (Rectorat), l&rsquo;ONISEP, P\u00f4le Emploi, les librairies Sauramps, les principales salles de th\u00e9\u00e2tre et de concerts de la ville, &#8230;sans oublier de nombreux festivals chaque ann\u00e9e; et constituent un r\u00e9seau privil\u00e9gi\u00e9 avec les acteurs locaux incontournables.<\/p>\n","protected":false},"excerpt":{"rendered":"<p>Informer avec int\u00e9grit\u00e9 Rendre accessible la culture \u00e0 tous les publics Lutter contre le racisme, l&rsquo;antis\u00e9mitisme, l&rsquo;homophobie, et toutes autres discriminations Faire comprendre la science, la m\u00e9decine et la nutrition au plus grand nombre Cr\u00e9er un lien interculturel Cr\u00e9er du lien social, assurer une communication sociale de proximit\u00e9 S&rsquo;impliquer pour ...<\/p>\n","protected":false},"author":1,"featured_media":0,"parent":0,"menu_order":0,"comment_status":"closed","ping_status":"open","template":"","meta":{"footnotes":""},"folder":[],"class_list":["post-6130","page","type-page","status-publish","hentry"],"_links":{"self":[{"href":"https:\/\/radio-aviva.com\/nimes\/wp-json\/wp\/v2\/pages\/6130","targetHints":{"allow":["GET"]}}],"collection":[{"href":"https:\/\/radio-aviva.com\/nimes\/wp-json\/wp\/v2\/pages"}],"about":[{"href":"https:\/\/radio-aviva.com\/nimes\/wp-json\/wp\/v2\/types\/page"}],"author":[{"embeddable":true,"href":"https:\/\/radio-aviva.com\/nimes\/wp-json\/wp\/v2\/users\/1"}],"replies":[{"embeddable":true,"href":"https:\/\/radio-aviva.com\/nimes\/wp-json\/wp\/v2\/comments?post=6130"}],"version-history":[{"count":0,"href":"https:\/\/radio-aviva.com\/nimes\/wp-json\/wp\/v2\/pages\/6130\/revisions"}],"wp:attachment":[{"href":"https:\/\/radio-aviva.com\/nimes\/wp-json\/wp\/v2\/media?parent=6130"}],"wp:term":[{"taxonomy":"folder","embeddable":true,"href":"https:\/\/radio-aviva.com\/nimes\/wp-json\/wp\/v2\/folder?post=6130"}],"curies":[{"name":"wp","href":"https:\/\/api.w.org\/{rel}","templated":true}]}}

<p style="text-align: center;"><strong>Informer avec intégrité</strong></p>
<p style="text-align: center;"><strong>Rendre accessible la culture à tous les publics</strong></p>
<p style="text-align: center;"><strong>Lutter contre le racisme, l&rsquo;antisémitisme, l&rsquo;homophobie, et toutes autres discriminations</strong></p>
<p style="text-align: center;"><strong>Faire comprendre la science, la médecine et la nutrition au plus grand nombre</strong></p>
<p style="text-align: center;"><strong>Créer un lien interculturel</strong></p>
<p style="text-align: center;"><strong>Créer du lien social, assurer une communication sociale de proximité</strong></p>
<p style="text-align: center;"><strong>S&rsquo;impliquer pour aider les associations et autres organismes caritatifs dans leur communication</strong></p>
<p style="text-align: justify;">Radio locale indépendante et associative, la station agit comme un média très impliqué dans la vie locale, sociale, culturelle et sportive de la Région.</p>
<p style="text-align: justify;">Radio généraliste, la station diffuse des programmes à destination d&rsquo;un public très large : Vie locale, Cinéma, Sports, Santé, Libre-antenne,Divertissement, Talk-Show&#8230;</p>
<p style="text-align: justify;">De plus, <a href="http://radio-aviva.com/les-partenaires/">de nombreux partenariats</a> font de Radio Aviva un acteur clé de la communication sociale de proximité : Académie de Montpellier (Rectorat), l&rsquo;ONISEP, Pôle Emploi, les librairies Sauramps, les principales salles de théâtre et de concerts de la ville, &#8230;sans oublier de nombreux festivals chaque année; et constituent un réseau privilégié avec les acteurs locaux incontournables.</p>

<p>Informer avec intégrité Rendre accessible la culture à tous les publics Lutter contre le racisme, l&rsquo;antisémitisme, l&rsquo;homophobie, et toutes autres discriminations Faire comprendre la science, la médecine et la nutrition au plus grand nombre Créer un lien interculturel Créer du lien social, assurer une communication sociale de proximité S&rsquo;impliquer pour ...</p>
