{"id":10044,"date":"2026-03-13T15:31:40","date_gmt":"2026-03-13T14:31:40","guid":{"rendered":"https:\/\/radio-aviva.com\/nimes\/?post_type=podcast&#038;p=10044"},"modified":"2026-03-13T15:31:40","modified_gmt":"2026-03-13T14:31:40","slug":"semain-du-cerveau-a-luniversite-de-nimes-samantha-schnegg","status":"publish","type":"podcast","link":"https:\/\/radio-aviva.com\/nimes\/podcast\/semain-du-cerveau-a-luniversite-de-nimes-samantha-schnegg\/","title":{"rendered":"Semain du cerveau \u00e0 l&rsquo;universit\u00e9 de N\u00eemes &#8211; Samantha Schnegg"},"content":{"rendered":"<p>Dans cette \u00e9mission, <b>Samantha Schnegg<\/b>, directrice adjointe de la recherche charg\u00e9e du dialogue science et soci\u00e9t\u00e9 \u00e0<b> l&rsquo;universit\u00e9 de N\u00eemes<\/b> nous parle de la programmation et de l\u2019objectif de la semaine du cerveau organis\u00e9e du 16 au 22 mars 2026.<\/p>\n","protected":false},"author":329,"featured_media":8550,"template":"","tags":[],"podcastfilter":[153,300,176,5,446,417,445,243,154],"class_list":["post-10044","podcast","type-podcast","status-publish","has-post-thumbnail","hentry","podcastfilter-conference","podcastfilter-evenement","podcastfilter-invite-de-la-redaction","podcastfilter-nimes","podcastfilter-semaine-du-cerveau","podcastfilter-unimes","podcastfilter-unimes-2","podcastfilter-universitaire","podcastfilter-universite"],"_links":{"self":[{"href":"https:\/\/radio-aviva.com\/nimes\/wp-json\/wp\/v2\/podcast\/10044","targetHints":{"allow":["GET"]}}],"collection":[{"href":"https:\/\/radio-aviva.com\/nimes\/wp-json\/wp\/v2\/podcast"}],"about":[{"href":"https:\/\/radio-aviva.com\/nimes\/wp-json\/wp\/v2\/types\/podcast"}],"author":[{"embeddable":true,"href":"https:\/\/radio-aviva.com\/nimes\/wp-json\/wp\/v2\/users\/329"}],"version-history":[{"count":1,"href":"https:\/\/radio-aviva.com\/nimes\/wp-json\/wp\/v2\/podcast\/10044\/revisions"}],"predecessor-version":[{"id":10045,"href":"https:\/\/radio-aviva.com\/nimes\/wp-json\/wp\/v2\/podcast\/10044\/revisions\/10045"}],"wp:featuredmedia":[{"embeddable":true,"href":"https:\/\/radio-aviva.com\/nimes\/wp-json\/wp\/v2\/media\/8550"}],"wp:attachment":[{"href":"https:\/\/radio-aviva.com\/nimes\/wp-json\/wp\/v2\/media?parent=10044"}],"wp:term":[{"taxonomy":"post_tag","embeddable":true,"href":"https:\/\/radio-aviva.com\/nimes\/wp-json\/wp\/v2\/tags?post=10044"},{"taxonomy":"podcastfilter","embeddable":true,"href":"https:\/\/radio-aviva.com\/nimes\/wp-json\/wp\/v2\/podcastfilter?post=10044"}],"curies":[{"name":"wp","href":"https:\/\/api.w.org\/{rel}","templated":true}]}}

Semain du cerveau à l&rsquo;université de Nîmes &#8211; Samantha Schnegg

<p>Dans cette émission, <b>Samantha Schnegg</b>, directrice adjointe de la recherche chargée du dialogue science et société à<b> l&rsquo;université de Nîmes</b> nous parle de la programmation et de l’objectif de la semaine du cerveau organisée du 16 au 22 mars 2026.</p>
