{"id":10052,"date":"2026-03-13T16:58:17","date_gmt":"2026-03-13T15:58:17","guid":{"rendered":"https:\/\/radio-aviva.com\/nimes\/?post_type=podcast&#038;p=10052"},"modified":"2026-03-13T16:59:27","modified_gmt":"2026-03-13T15:59:27","slug":"actualites-du-rotary-club-de-nimes-isabelle-la-mesta","status":"publish","type":"podcast","link":"https:\/\/radio-aviva.com\/nimes\/podcast\/actualites-du-rotary-club-de-nimes-isabelle-la-mesta\/","title":{"rendered":"Actualit\u00e9s du Rotary club de N\u00eemes &#8211; Isabelle La Mesta"},"content":{"rendered":"<p>Dans cette \u00e9mission, nous accueillons <b>Isabelle La Mesta<\/b> pour pr\u00e9senter le <em>Rotary Club<\/em> de <b>N\u00eemes<\/b> et ses actualit\u00e9s.<\/p>\n<p>Ils annoncent leur prochain \u00e9v\u00e9nement : une projection du film \u00ab\u00a0<em>Compostelle<\/em>\u00a0\u00bb au <em>Kinepolis<\/em>, le 19 mars 2026 \u00e0 19 h 30.<\/p>\n","protected":false},"author":329,"featured_media":9913,"template":"","tags":[],"podcastfilter":[150,28,300,2,5,311],"class_list":["post-10052","podcast","type-podcast","status-publish","has-post-thumbnail","hentry","podcastfilter-association","podcastfilter-culture","podcastfilter-evenement","podcastfilter-la-voix-des-assos","podcastfilter-nimes","podcastfilter-social"],"_links":{"self":[{"href":"https:\/\/radio-aviva.com\/nimes\/wp-json\/wp\/v2\/podcast\/10052","targetHints":{"allow":["GET"]}}],"collection":[{"href":"https:\/\/radio-aviva.com\/nimes\/wp-json\/wp\/v2\/podcast"}],"about":[{"href":"https:\/\/radio-aviva.com\/nimes\/wp-json\/wp\/v2\/types\/podcast"}],"author":[{"embeddable":true,"href":"https:\/\/radio-aviva.com\/nimes\/wp-json\/wp\/v2\/users\/329"}],"version-history":[{"count":3,"href":"https:\/\/radio-aviva.com\/nimes\/wp-json\/wp\/v2\/podcast\/10052\/revisions"}],"predecessor-version":[{"id":10055,"href":"https:\/\/radio-aviva.com\/nimes\/wp-json\/wp\/v2\/podcast\/10052\/revisions\/10055"}],"wp:featuredmedia":[{"embeddable":true,"href":"https:\/\/radio-aviva.com\/nimes\/wp-json\/wp\/v2\/media\/9913"}],"wp:attachment":[{"href":"https:\/\/radio-aviva.com\/nimes\/wp-json\/wp\/v2\/media?parent=10052"}],"wp:term":[{"taxonomy":"post_tag","embeddable":true,"href":"https:\/\/radio-aviva.com\/nimes\/wp-json\/wp\/v2\/tags?post=10052"},{"taxonomy":"podcastfilter","embeddable":true,"href":"https:\/\/radio-aviva.com\/nimes\/wp-json\/wp\/v2\/podcastfilter?post=10052"}],"curies":[{"name":"wp","href":"https:\/\/api.w.org\/{rel}","templated":true}]}}

Actualités du Rotary club de Nîmes &#8211; Isabelle La Mesta

<p>Dans cette émission, nous accueillons <b>Isabelle La Mesta</b> pour présenter le <em>Rotary Club</em> de <b>Nîmes</b> et ses actualités.</p>
<p>Ils annoncent leur prochain événement : une projection du film « <em>Compostelle</em> » au <em>Kinepolis</em>, le 19 mars 2026 à 19 h 30.</p>
