{"id":10056,"date":"2026-03-17T09:59:06","date_gmt":"2026-03-17T08:59:06","guid":{"rendered":"https:\/\/radio-aviva.com\/nimes\/?post_type=podcast&#038;p=10056"},"modified":"2026-03-17T09:59:06","modified_gmt":"2026-03-17T08:59:06","slug":"exposition-liminal-alumi-anima-delphine-paul","status":"publish","type":"podcast","link":"https:\/\/radio-aviva.com\/nimes\/podcast\/exposition-liminal-alumi-anima-delphine-paul\/","title":{"rendered":"Exposition Liminal, Alumi, Anima &#8211; Delphine Paul"},"content":{"rendered":"<p>Dans cette \u00e9mission, nous recevons <b>Delphine Paul<\/b>, directrice de <em>l\u2019Ecole des Beaux-arts de <b>N\u00eemes<\/b><\/em> qui vient l&rsquo;exposition des \u00e9l\u00e8ves dipl\u00f4m\u00e9s.<\/p>\n<p>En \u00e9cho \u00e0 l\u2019exposition sont programm\u00e9es une soir\u00e9e projection de films et une soir\u00e9e de lectures.<\/p>\n","protected":false},"author":329,"featured_media":9379,"template":"","tags":[],"podcastfilter":[8,28,24,22,5],"class_list":["post-10056","podcast","type-podcast","status-publish","has-post-thumbnail","hentry","podcastfilter-art","podcastfilter-culture","podcastfilter-culture-et-compagnie","podcastfilter-exposition","podcastfilter-nimes"],"_links":{"self":[{"href":"https:\/\/radio-aviva.com\/nimes\/wp-json\/wp\/v2\/podcast\/10056","targetHints":{"allow":["GET"]}}],"collection":[{"href":"https:\/\/radio-aviva.com\/nimes\/wp-json\/wp\/v2\/podcast"}],"about":[{"href":"https:\/\/radio-aviva.com\/nimes\/wp-json\/wp\/v2\/types\/podcast"}],"author":[{"embeddable":true,"href":"https:\/\/radio-aviva.com\/nimes\/wp-json\/wp\/v2\/users\/329"}],"version-history":[{"count":1,"href":"https:\/\/radio-aviva.com\/nimes\/wp-json\/wp\/v2\/podcast\/10056\/revisions"}],"predecessor-version":[{"id":10057,"href":"https:\/\/radio-aviva.com\/nimes\/wp-json\/wp\/v2\/podcast\/10056\/revisions\/10057"}],"wp:featuredmedia":[{"embeddable":true,"href":"https:\/\/radio-aviva.com\/nimes\/wp-json\/wp\/v2\/media\/9379"}],"wp:attachment":[{"href":"https:\/\/radio-aviva.com\/nimes\/wp-json\/wp\/v2\/media?parent=10056"}],"wp:term":[{"taxonomy":"post_tag","embeddable":true,"href":"https:\/\/radio-aviva.com\/nimes\/wp-json\/wp\/v2\/tags?post=10056"},{"taxonomy":"podcastfilter","embeddable":true,"href":"https:\/\/radio-aviva.com\/nimes\/wp-json\/wp\/v2\/podcastfilter?post=10056"}],"curies":[{"name":"wp","href":"https:\/\/api.w.org\/{rel}","templated":true}]}}

<p>Dans cette émission, nous recevons <b>Delphine Paul</b>, directrice de <em>l’Ecole des Beaux-arts de <b>Nîmes</b></em> qui vient l&rsquo;exposition des élèves diplômés.</p>
<p>En écho à l’exposition sont programmées une soirée projection de films et une soirée de lectures.</p>
