{"id":10058,"date":"2026-03-17T10:10:30","date_gmt":"2026-03-17T09:10:30","guid":{"rendered":"https:\/\/radio-aviva.com\/nimes\/?post_type=podcast&#038;p=10058"},"modified":"2026-03-17T10:12:08","modified_gmt":"2026-03-17T09:12:08","slug":"la-quatrieme-edition-du-week-end-poesies-en-letat-denis-lanoy","status":"publish","type":"podcast","link":"https:\/\/radio-aviva.com\/nimes\/podcast\/la-quatrieme-edition-du-week-end-poesies-en-letat-denis-lanoy\/","title":{"rendered":"La quatri\u00e8me \u00e9dition du week-end Po\u00e9sie(s) en l&rsquo;\u00e9tat &#8211; Denis Lanoy"},"content":{"rendered":"<p>Dans cette \u00e9mission, nous recevons <strong>Denis Lanoy<\/strong>, pr\u00e9sident de la <em>Maison Th\u00e9\u00e2tre des Litt\u00e9ratures \u00e0 voix hautes<\/em>, qui vient nous pr\u00e9senter la quatri\u00e8me \u00e9dition de <em>Po\u00e9sie(s) en l\u2019\u00e9tat<\/em>, qui se tiendra du 16 au 20 mars.<\/p>\n<p>Une programmation o\u00f9 des po\u00e8tes viennent lire leur travail, \u00e9changes autour de la place de la po\u00e9sie dans les soci\u00e9t\u00e9s, ateliers\u2026<\/p>\n","protected":false},"author":329,"featured_media":6750,"template":"","tags":[],"podcastfilter":[28,333,246,5,215],"class_list":["post-10058","podcast","type-podcast","status-publish","has-post-thumbnail","hentry","podcastfilter-culture","podcastfilter-ecriture","podcastfilter-entracte","podcastfilter-nimes","podcastfilter-poesie"],"_links":{"self":[{"href":"https:\/\/radio-aviva.com\/nimes\/wp-json\/wp\/v2\/podcast\/10058","targetHints":{"allow":["GET"]}}],"collection":[{"href":"https:\/\/radio-aviva.com\/nimes\/wp-json\/wp\/v2\/podcast"}],"about":[{"href":"https:\/\/radio-aviva.com\/nimes\/wp-json\/wp\/v2\/types\/podcast"}],"author":[{"embeddable":true,"href":"https:\/\/radio-aviva.com\/nimes\/wp-json\/wp\/v2\/users\/329"}],"version-history":[{"count":2,"href":"https:\/\/radio-aviva.com\/nimes\/wp-json\/wp\/v2\/podcast\/10058\/revisions"}],"predecessor-version":[{"id":10060,"href":"https:\/\/radio-aviva.com\/nimes\/wp-json\/wp\/v2\/podcast\/10058\/revisions\/10060"}],"wp:featuredmedia":[{"embeddable":true,"href":"https:\/\/radio-aviva.com\/nimes\/wp-json\/wp\/v2\/media\/6750"}],"wp:attachment":[{"href":"https:\/\/radio-aviva.com\/nimes\/wp-json\/wp\/v2\/media?parent=10058"}],"wp:term":[{"taxonomy":"post_tag","embeddable":true,"href":"https:\/\/radio-aviva.com\/nimes\/wp-json\/wp\/v2\/tags?post=10058"},{"taxonomy":"podcastfilter","embeddable":true,"href":"https:\/\/radio-aviva.com\/nimes\/wp-json\/wp\/v2\/podcastfilter?post=10058"}],"curies":[{"name":"wp","href":"https:\/\/api.w.org\/{rel}","templated":true}]}}

La quatrième édition du week-end Poésie(s) en l&rsquo;état &#8211; Denis Lanoy

<p>Dans cette émission, nous recevons <strong>Denis Lanoy</strong>, président de la <em>Maison Théâtre des Littératures à voix hautes</em>, qui vient nous présenter la quatrième édition de <em>Poésie(s) en l’état</em>, qui se tiendra du 16 au 20 mars.</p>
<p>Une programmation où des poètes viennent lire leur travail, échanges autour de la place de la poésie dans les sociétés, ateliers…</p>
