{"id":10128,"date":"2026-04-30T12:10:50","date_gmt":"2026-04-30T10:10:50","guid":{"rendered":"https:\/\/radio-aviva.com\/nimes\/?post_type=podcast&#038;p=10128"},"modified":"2026-04-30T12:10:50","modified_gmt":"2026-04-30T10:10:50","slug":"la-finale-regionale-occitane-est-2026-du-concours-national-ma-these-en-180-secondes-gilles-subra-nicolas-inguimbert-jeremie-de-france-pascale-girot-marc-dumas-patrick-sandrat","status":"publish","type":"podcast","link":"https:\/\/radio-aviva.com\/nimes\/podcast\/la-finale-regionale-occitane-est-2026-du-concours-national-ma-these-en-180-secondes-gilles-subra-nicolas-inguimbert-jeremie-de-france-pascale-girot-marc-dumas-patrick-sandrat\/","title":{"rendered":"La finale r\u00e9gionale Occitane Est 2026 du concours national \u00ab\u00a0Ma Th\u00e8se en 180 secondes\u00a0\u00bb &#8211; Gilles Subra, Nicolas Inguimbert, Jeremie de France, Pascale Girot, Marc Dumas, Patrick Sandrat"},"content":{"rendered":"<p>La finale r\u00e9gionale Occitane Est 2026 du concours national \u00ab<em>Ma Th\u00e8se en 180 secondes<\/em>\u00a0\u00bb (MT180), organis\u00e9e par\u00a0les Coll\u00e8ges Doctoraux Languedoc-Roussillon et de l\u2019Universit\u00e9 de <b>Montpellier<\/b> et la d\u00e9l\u00e9gation r\u00e9gionale du CNRS\u00a0jeudi 02 avril 2026, de 18h \u00e0 21h, \u00e0 l&rsquo;auditorium Vauban de <b>N\u00eemes&lt;\/strongbUniversit\u00e9.<\/b><\/p>\n<p>Dans cette \u00e9mission, nous recevons :<\/p>\n<ul>\n<li><b>Gilles Subra<\/b>, Directeur du Coll\u00e8ge Doctoral de l\u2019Universit\u00e9 de Montpellier;<\/li>\n<li><b>Nicolas Inguimbert<\/b>, Directeur du Coll\u00e8ge Doctoral Languedoc Roussillion;<\/li>\n<li><b>Jeremie de France<\/b>, Laur\u00e9at 2025 du Concours MT180 et Docteur en Ecologie;<\/li>\n<li><b>Pascale Girot<\/b>, Formatrice Rh\u00e9torique et argumentation du discours;<\/li>\n<li><b>Marc Dumas<\/b>, Formateur de Prise de paroles en public;<\/li>\n<li><b>Patrick Sandrat<\/b>, Epilogue, Cabinet Conseil en innovations, ex Formateur et Membre du Jury 2026;<\/li>\n<\/ul>\n<p>pour discuter de l&rsquo;\u00e9v\u00e9nement.<\/p>\n","protected":false},"author":329,"featured_media":6758,"template":"","tags":[],"podcastfilter":[165,199,5,445,154],"class_list":["post-10128","podcast","type-podcast","status-publish","has-post-thumbnail","hentry","podcastfilter-education","podcastfilter-mag-de-la-redac","podcastfilter-nimes","podcastfilter-unimes-2","podcastfilter-universite"],"_links":{"self":[{"href":"https:\/\/radio-aviva.com\/nimes\/wp-json\/wp\/v2\/podcast\/10128","targetHints":{"allow":["GET"]}}],"collection":[{"href":"https:\/\/radio-aviva.com\/nimes\/wp-json\/wp\/v2\/podcast"}],"about":[{"href":"https:\/\/radio-aviva.com\/nimes\/wp-json\/wp\/v2\/types\/podcast"}],"author":[{"embeddable":true,"href":"https:\/\/radio-aviva.com\/nimes\/wp-json\/wp\/v2\/users\/329"}],"version-history":[{"count":2,"href":"https:\/\/radio-aviva.com\/nimes\/wp-json\/wp\/v2\/podcast\/10128\/revisions"}],"predecessor-version":[{"id":10130,"href":"https:\/\/radio-aviva.com\/nimes\/wp-json\/wp\/v2\/podcast\/10128\/revisions\/10130"}],"wp:featuredmedia":[{"embeddable":true,"href":"https:\/\/radio-aviva.com\/nimes\/wp-json\/wp\/v2\/media\/6758"}],"wp:attachment":[{"href":"https:\/\/radio-aviva.com\/nimes\/wp-json\/wp\/v2\/media?parent=10128"}],"wp:term":[{"taxonomy":"post_tag","embeddable":true,"href":"https:\/\/radio-aviva.com\/nimes\/wp-json\/wp\/v2\/tags?post=10128"},{"taxonomy":"podcastfilter","embeddable":true,"href":"https:\/\/radio-aviva.com\/nimes\/wp-json\/wp\/v2\/podcastfilter?post=10128"}],"curies":[{"name":"wp","href":"https:\/\/api.w.org\/{rel}","templated":true}]}}

La finale régionale Occitane Est 2026 du concours national « Ma Thèse en 180 secondes » &#8211; Gilles Subra, Nicolas Inguimbert, Jeremie de France, Pascale Girot, Marc Dumas, Patrick Sandrat

<p>La finale régionale Occitane Est 2026 du concours national «<em>Ma Thèse en 180 secondes</em> » (MT180), organisée par les Collèges Doctoraux Languedoc-Roussillon et de l’Université de <b>Montpellier</b> et la délégation régionale du CNRS jeudi 02 avril 2026, de 18h à 21h, à l&rsquo;auditorium Vauban de <b>Nîmes&lt;/strongbUniversité.</b></p>
<p>Dans cette émission, nous recevons :</p>
<ul>
<li><b>Gilles Subra</b>, Directeur du Collège Doctoral de l’Université de Montpellier;</li>
<li><b>Nicolas Inguimbert</b>, Directeur du Collège Doctoral Languedoc Roussillion;</li>
<li><b>Jeremie de France</b>, Lauréat 2025 du Concours MT180 et Docteur en Ecologie;</li>
<li><b>Pascale Girot</b>, Formatrice Rhétorique et argumentation du discours;</li>
<li><b>Marc Dumas</b>, Formateur de Prise de paroles en public;</li>
<li><b>Patrick Sandrat</b>, Epilogue, Cabinet Conseil en innovations, ex Formateur et Membre du Jury 2026;</li>
</ul>
<p>pour discuter de l&rsquo;événement.</p>
