{"id":10412,"date":"2026-08-28T11:44:51","date_gmt":"2026-08-28T09:44:51","guid":{"rendered":"https:\/\/radio-aviva.com\/nimes\/?post_type=podcast&#038;p=10412"},"modified":"2026-08-28T12:14:05","modified_gmt":"2026-08-28T10:14:05","slug":"lassociation-chemin-urbain-v","status":"publish","type":"podcast","link":"https:\/\/radio-aviva.com\/nimes\/podcast\/lassociation-chemin-urbain-v\/","title":{"rendered":"L&rsquo;association Chemin Urbain V"},"content":{"rendered":"<p>De Saint-Flour \u00e0 Avignon, en passant l\u2019Aubrac, les Grands Causses, les C\u00e9vennes et le Gard, <strong>le Chemin Urbain V<\/strong> offre aux amoureux de la randonn\u00e9e l\u2019occasion de fouler des sentiers de grande randonn\u00e9e sur un itin\u00e9raire long de 440 kms. Ce parcours balis\u00e9 invite \u00e0 suivre le pas de Guillaume de Grimoard, n\u00e9 \u00e0 Grizac en Loz\u00e8re en 1310, puis \u00e9lu pape en Avignon en 1362 sous le nom de Urbain V.<br \/>\nDu c\u00f4t\u00e9 d\u2019Uz\u00e8s &#8211; \u00e0 Blauzac pr\u00e9cis\u00e9ment &#8211; nous avons crois\u00e9 devant une capitelle<strong> Pascale FUCHS, charg\u00e9e d&rsquo;animation et de promotion au sein de l\u2019association Chemin Urbain V.<\/strong><\/p>\n<p><img fetchpriority=\"high\" decoding=\"async\" class=\"alignnone size-full wp-image-10415\" src=\"https:\/\/radio-aviva.com\/nimes\/wp-content\/uploads\/sites\/5\/2026\/08\/pascale-fuchs-2.jpg\" alt=\"\" width=\"500\" height=\"530\" \/><\/p>\n<p>&nbsp;<\/p>\n","protected":false},"author":1,"featured_media":9913,"template":"","tags":[],"podcastfilter":[2],"class_list":["post-10412","podcast","type-podcast","status-publish","has-post-thumbnail","hentry","podcastfilter-la-voix-des-assos"],"_links":{"self":[{"href":"https:\/\/radio-aviva.com\/nimes\/wp-json\/wp\/v2\/podcast\/10412","targetHints":{"allow":["GET"]}}],"collection":[{"href":"https:\/\/radio-aviva.com\/nimes\/wp-json\/wp\/v2\/podcast"}],"about":[{"href":"https:\/\/radio-aviva.com\/nimes\/wp-json\/wp\/v2\/types\/podcast"}],"author":[{"embeddable":true,"href":"https:\/\/radio-aviva.com\/nimes\/wp-json\/wp\/v2\/users\/1"}],"version-history":[{"count":4,"href":"https:\/\/radio-aviva.com\/nimes\/wp-json\/wp\/v2\/podcast\/10412\/revisions"}],"predecessor-version":[{"id":10421,"href":"https:\/\/radio-aviva.com\/nimes\/wp-json\/wp\/v2\/podcast\/10412\/revisions\/10421"}],"wp:featuredmedia":[{"embeddable":true,"href":"https:\/\/radio-aviva.com\/nimes\/wp-json\/wp\/v2\/media\/9913"}],"wp:attachment":[{"href":"https:\/\/radio-aviva.com\/nimes\/wp-json\/wp\/v2\/media?parent=10412"}],"wp:term":[{"taxonomy":"post_tag","embeddable":true,"href":"https:\/\/radio-aviva.com\/nimes\/wp-json\/wp\/v2\/tags?post=10412"},{"taxonomy":"podcastfilter","embeddable":true,"href":"https:\/\/radio-aviva.com\/nimes\/wp-json\/wp\/v2\/podcastfilter?post=10412"}],"curies":[{"name":"wp","href":"https:\/\/api.w.org\/{rel}","templated":true}]}}

<p>De Saint-Flour à Avignon, en passant l’Aubrac, les Grands Causses, les Cévennes et le Gard, <strong>le Chemin Urbain V</strong> offre aux amoureux de la randonnée l’occasion de fouler des sentiers de grande randonnée sur un itinéraire long de 440 kms. Ce parcours balisé invite à suivre le pas de Guillaume de Grimoard, né à Grizac en Lozère en 1310, puis élu pape en Avignon en 1362 sous le nom de Urbain V.<br />
Du côté d’Uzès &#8211; à Blauzac précisément &#8211; nous avons croisé devant une capitelle<strong> Pascale FUCHS, chargée d&rsquo;animation et de promotion au sein de l’association Chemin Urbain V.</strong></p>
<p><img fetchpriority="high" decoding="async" class="alignnone size-full wp-image-10415" src="https://radio-aviva.com/nimes/wp-content/uploads/sites/5/2026/08/pascale-fuchs-2.jpg" alt="" width="500" height="530" /></p>
<p>&nbsp;</p>
