{"id":10423,"date":"2026-08-28T12:28:25","date_gmt":"2026-08-28T10:28:25","guid":{"rendered":"https:\/\/radio-aviva.com\/nimes\/?post_type=podcast&#038;p=10423"},"modified":"2026-08-28T14:54:00","modified_gmt":"2026-08-28T12:54:00","slug":"le-temps-de-la-guerre-1939-1945-dans-le-gard","status":"publish","type":"podcast","link":"https:\/\/radio-aviva.com\/nimes\/podcast\/le-temps-de-la-guerre-1939-1945-dans-le-gard\/","title":{"rendered":"Le temps de la guerre. 1939-1945 dans le Gard"},"content":{"rendered":"<p>\u00c0 l\u2019occasion des 80 ans de la fin de la Seconde Guerre mondiale, <strong>les Archives d\u00e9partementales du Gard<\/strong> pr\u00e9sentent jusqu\u2019en mai 2027, <strong>\u00ab\u00a0Le temps de la guerre. 1939-1945 dans le Gard \u00bb<\/strong>, une exposition qui rend un vibrant hommage \u00e0 celles et ceux qui ont v\u00e9cu, combattu et subi dans leur chair cette douloureuse p\u00e9riode.<br \/>\n2 ans de travail pr\u00e9paratoire ont permis de regrouper plusieurs centaines d\u2019objets, documents et t\u00e9moignages souvent in\u00e9dits issus de fonds priv\u00e9s et d\u2019archives publiques qui retracent par th\u00e9matiques la vie quotidienne des gardois.<\/p>\n<p><strong>Corinne PORTE<\/strong>, directrice des Archives d\u00e9partementales et <strong>Sophie GASQUEZ<\/strong>, responsable du p\u00f4le exposition et partenariat nous guident \u00e0 travers les diff\u00e9rentes th\u00e9matiques de cette exposition passionnante.<\/p>\n<p><img fetchpriority=\"high\" decoding=\"async\" class=\"alignnone size-full wp-image-10425\" src=\"https:\/\/radio-aviva.com\/nimes\/wp-content\/uploads\/sites\/5\/2026\/08\/OIP.LsP3WaK9ac_qsLrPU6z2CQAAAA.webp\" alt=\"\" width=\"350\" height=\"495\" \/><\/p>\n","protected":false},"author":1,"featured_media":10424,"template":"","tags":[],"podcastfilter":[192],"class_list":["post-10423","podcast","type-podcast","status-publish","has-post-thumbnail","hentry","podcastfilter-hier-et-aujourdhui"],"_links":{"self":[{"href":"https:\/\/radio-aviva.com\/nimes\/wp-json\/wp\/v2\/podcast\/10423","targetHints":{"allow":["GET"]}}],"collection":[{"href":"https:\/\/radio-aviva.com\/nimes\/wp-json\/wp\/v2\/podcast"}],"about":[{"href":"https:\/\/radio-aviva.com\/nimes\/wp-json\/wp\/v2\/types\/podcast"}],"author":[{"embeddable":true,"href":"https:\/\/radio-aviva.com\/nimes\/wp-json\/wp\/v2\/users\/1"}],"version-history":[{"count":2,"href":"https:\/\/radio-aviva.com\/nimes\/wp-json\/wp\/v2\/podcast\/10423\/revisions"}],"predecessor-version":[{"id":10431,"href":"https:\/\/radio-aviva.com\/nimes\/wp-json\/wp\/v2\/podcast\/10423\/revisions\/10431"}],"wp:featuredmedia":[{"embeddable":true,"href":"https:\/\/radio-aviva.com\/nimes\/wp-json\/wp\/v2\/media\/10424"}],"wp:attachment":[{"href":"https:\/\/radio-aviva.com\/nimes\/wp-json\/wp\/v2\/media?parent=10423"}],"wp:term":[{"taxonomy":"post_tag","embeddable":true,"href":"https:\/\/radio-aviva.com\/nimes\/wp-json\/wp\/v2\/tags?post=10423"},{"taxonomy":"podcastfilter","embeddable":true,"href":"https:\/\/radio-aviva.com\/nimes\/wp-json\/wp\/v2\/podcastfilter?post=10423"}],"curies":[{"name":"wp","href":"https:\/\/api.w.org\/{rel}","templated":true}]}}

<p>À l’occasion des 80 ans de la fin de la Seconde Guerre mondiale, <strong>les Archives départementales du Gard</strong> présentent jusqu’en mai 2027, <strong>« Le temps de la guerre. 1939-1945 dans le Gard »</strong>, une exposition qui rend un vibrant hommage à celles et ceux qui ont vécu, combattu et subi dans leur chair cette douloureuse période.<br />
2 ans de travail préparatoire ont permis de regrouper plusieurs centaines d’objets, documents et témoignages souvent inédits issus de fonds privés et d’archives publiques qui retracent par thématiques la vie quotidienne des gardois.</p>
<p><strong>Corinne PORTE</strong>, directrice des Archives départementales et <strong>Sophie GASQUEZ</strong>, responsable du pôle exposition et partenariat nous guident à travers les différentes thématiques de cette exposition passionnante.</p>
<p><img fetchpriority="high" decoding="async" class="alignnone size-full wp-image-10425" src="https://radio-aviva.com/nimes/wp-content/uploads/sites/5/2026/08/OIP.LsP3WaK9ac_qsLrPU6z2CQAAAA.webp" alt="" width="350" height="495" /></p>
