{"id":10427,"date":"2026-08-28T12:58:16","date_gmt":"2026-08-28T10:58:16","guid":{"rendered":"https:\/\/radio-aviva.com\/nimes\/?post_type=podcast&#038;p=10427"},"modified":"2026-08-28T12:58:16","modified_gmt":"2026-08-28T10:58:16","slug":"ida-tursic-et-wilfrid-mille-dissonances-a-geometrie-variables","status":"publish","type":"podcast","link":"https:\/\/radio-aviva.com\/nimes\/podcast\/ida-tursic-et-wilfrid-mille-dissonances-a-geometrie-variables\/","title":{"rendered":"Ida Tursic et Wilfrid Mille \u00ab\u00a0Dissonances \u00e0 g\u00e9om\u00e9trie variables\u00a0\u00bb"},"content":{"rendered":"<p><strong>Carr\u00e9 d\u2019art<\/strong>, le mus\u00e9e d\u2019art contemporain de N\u00eemes propose jusqu\u2019au 11 octobre de d\u00e9couvrir les \u0153uvres de <strong>Ida TURSIC et Wilfrid MILLE <\/strong>pour l&rsquo;exposition<strong> \u00ab\u00a0Dissonances \u00e0 g\u00e9om\u00e9trie variables\u00a0\u00bb<\/strong>.<br \/>\nLa\u00a0peinture de ce duo d\u2019artistes interroge de mani\u00e8re critique, non sans humour et ironie, le monde satur\u00e9 d\u2019images qui nous encercle quotidiennement.<\/p>\n<p><strong>Anna-Pierre CAMPO-CROUX<\/strong>, Charg\u00e9e du d\u00e9veloppement des publics \u00e0 Carr\u00e9 d&rsquo;Art ouvre les portes de l&rsquo;exposition.<\/p>\n<p><img fetchpriority=\"high\" decoding=\"async\" class=\"alignnone size-full wp-image-10428\" src=\"https:\/\/radio-aviva.com\/nimes\/wp-content\/uploads\/sites\/5\/2026\/08\/765652622_1072395572409931_3909773062224203398_n.jpg\" alt=\"\" width=\"400\" height=\"518\" srcset=\"https:\/\/radio-aviva.com\/nimes\/wp-content\/uploads\/sites\/5\/2026\/08\/765652622_1072395572409931_3909773062224203398_n.jpg 400w, https:\/\/radio-aviva.com\/nimes\/wp-content\/uploads\/sites\/5\/2026\/08\/765652622_1072395572409931_3909773062224203398_n-370x480.jpg 370w\" sizes=\"(max-width: 400px) 100vw, 400px\" \/><\/p>\n","protected":false},"author":1,"featured_media":10429,"template":"","tags":[],"podcastfilter":[24],"class_list":["post-10427","podcast","type-podcast","status-publish","has-post-thumbnail","hentry","podcastfilter-culture-et-compagnie"],"_links":{"self":[{"href":"https:\/\/radio-aviva.com\/nimes\/wp-json\/wp\/v2\/podcast\/10427","targetHints":{"allow":["GET"]}}],"collection":[{"href":"https:\/\/radio-aviva.com\/nimes\/wp-json\/wp\/v2\/podcast"}],"about":[{"href":"https:\/\/radio-aviva.com\/nimes\/wp-json\/wp\/v2\/types\/podcast"}],"author":[{"embeddable":true,"href":"https:\/\/radio-aviva.com\/nimes\/wp-json\/wp\/v2\/users\/1"}],"version-history":[{"count":1,"href":"https:\/\/radio-aviva.com\/nimes\/wp-json\/wp\/v2\/podcast\/10427\/revisions"}],"predecessor-version":[{"id":10430,"href":"https:\/\/radio-aviva.com\/nimes\/wp-json\/wp\/v2\/podcast\/10427\/revisions\/10430"}],"wp:featuredmedia":[{"embeddable":true,"href":"https:\/\/radio-aviva.com\/nimes\/wp-json\/wp\/v2\/media\/10429"}],"wp:attachment":[{"href":"https:\/\/radio-aviva.com\/nimes\/wp-json\/wp\/v2\/media?parent=10427"}],"wp:term":[{"taxonomy":"post_tag","embeddable":true,"href":"https:\/\/radio-aviva.com\/nimes\/wp-json\/wp\/v2\/tags?post=10427"},{"taxonomy":"podcastfilter","embeddable":true,"href":"https:\/\/radio-aviva.com\/nimes\/wp-json\/wp\/v2\/podcastfilter?post=10427"}],"curies":[{"name":"wp","href":"https:\/\/api.w.org\/{rel}","templated":true}]}}

Ida Tursic et Wilfrid Mille « Dissonances à géométrie variables »

<p><strong>Carré d’art</strong>, le musée d’art contemporain de Nîmes propose jusqu’au 11 octobre de découvrir les œuvres de <strong>Ida TURSIC et Wilfrid MILLE </strong>pour l&rsquo;exposition<strong> « Dissonances à géométrie variables »</strong>.<br />
La peinture de ce duo d’artistes interroge de manière critique, non sans humour et ironie, le monde saturé d’images qui nous encercle quotidiennement.</p>
<p><strong>Anna-Pierre CAMPO-CROUX</strong>, Chargée du développement des publics à Carré d&rsquo;Art ouvre les portes de l&rsquo;exposition.</p>
<p><img fetchpriority="high" decoding="async" class="alignnone size-full wp-image-10428" src="https://radio-aviva.com/nimes/wp-content/uploads/sites/5/2026/08/765652622_1072395572409931_3909773062224203398_n.jpg" alt="" width="400" height="518" srcset="https://radio-aviva.com/nimes/wp-content/uploads/sites/5/2026/08/765652622_1072395572409931_3909773062224203398_n.jpg 400w, https://radio-aviva.com/nimes/wp-content/uploads/sites/5/2026/08/765652622_1072395572409931_3909773062224203398_n-370x480.jpg 370w" sizes="(max-width: 400px) 100vw, 400px" /></p>
