{"id":10432,"date":"2026-09-04T10:09:32","date_gmt":"2026-09-04T08:09:32","guid":{"rendered":"https:\/\/radio-aviva.com\/nimes\/?post_type=podcast&#038;p=10432"},"modified":"2026-09-04T10:14:21","modified_gmt":"2026-09-04T08:14:21","slug":"le-pont-de-la-solidarite","status":"publish","type":"podcast","link":"https:\/\/radio-aviva.com\/nimes\/podcast\/le-pont-de-la-solidarite\/","title":{"rendered":"Le Pont de la Solidarit\u00e9"},"content":{"rendered":"<p><strong>La Banque Alimentaire du Gard<\/strong> lance un appel pour se mobiliser autour du \u00ab\u00a0<strong>Pont de la Solidarit\u00e9<\/strong>\u00ab\u00a0, une campagne de m\u00e9c\u00e9nat qui r\u00e9unit <strong>solidarit\u00e9 alimentaire et soutien \u00e0 l\u2019agriculture locale.<\/strong> <strong>Melissa Aaba\u00efd<\/strong> adjointe de direction, charg\u00e9e des relations publiques de la Banque alimentaire du Gard nous explique comment contribuer \u00e0 ce \u00ab\u00a0Pont de la Solidarit\u00e9\u00a0\u00bb.<\/p>\n<p><img fetchpriority=\"high\" decoding=\"async\" class=\"alignnone size-full wp-image-10434\" src=\"https:\/\/radio-aviva.com\/nimes\/wp-content\/uploads\/sites\/5\/2026\/09\/Concept2.png\" alt=\"\" width=\"350\" height=\"496\" \/><\/p>\n<p>&nbsp;<\/p>\n<p>&nbsp;<\/p>\n","protected":false},"author":1,"featured_media":10403,"template":"","tags":[],"podcastfilter":[30],"class_list":["post-10432","podcast","type-podcast","status-publish","has-post-thumbnail","hentry","podcastfilter-linvite-de-la-redaction"],"_links":{"self":[{"href":"https:\/\/radio-aviva.com\/nimes\/wp-json\/wp\/v2\/podcast\/10432","targetHints":{"allow":["GET"]}}],"collection":[{"href":"https:\/\/radio-aviva.com\/nimes\/wp-json\/wp\/v2\/podcast"}],"about":[{"href":"https:\/\/radio-aviva.com\/nimes\/wp-json\/wp\/v2\/types\/podcast"}],"author":[{"embeddable":true,"href":"https:\/\/radio-aviva.com\/nimes\/wp-json\/wp\/v2\/users\/1"}],"version-history":[{"count":5,"href":"https:\/\/radio-aviva.com\/nimes\/wp-json\/wp\/v2\/podcast\/10432\/revisions"}],"predecessor-version":[{"id":10439,"href":"https:\/\/radio-aviva.com\/nimes\/wp-json\/wp\/v2\/podcast\/10432\/revisions\/10439"}],"wp:featuredmedia":[{"embeddable":true,"href":"https:\/\/radio-aviva.com\/nimes\/wp-json\/wp\/v2\/media\/10403"}],"wp:attachment":[{"href":"https:\/\/radio-aviva.com\/nimes\/wp-json\/wp\/v2\/media?parent=10432"}],"wp:term":[{"taxonomy":"post_tag","embeddable":true,"href":"https:\/\/radio-aviva.com\/nimes\/wp-json\/wp\/v2\/tags?post=10432"},{"taxonomy":"podcastfilter","embeddable":true,"href":"https:\/\/radio-aviva.com\/nimes\/wp-json\/wp\/v2\/podcastfilter?post=10432"}],"curies":[{"name":"wp","href":"https:\/\/api.w.org\/{rel}","templated":true}]}}

Le Pont de la Solidarité

<p><strong>La Banque Alimentaire du Gard</strong> lance un appel pour se mobiliser autour du « <strong>Pont de la Solidarité</strong>« , une campagne de mécénat qui réunit <strong>solidarité alimentaire et soutien à l’agriculture locale.</strong> <strong>Melissa Aabaïd</strong> adjointe de direction, chargée des relations publiques de la Banque alimentaire du Gard nous explique comment contribuer à ce « Pont de la Solidarité ».</p>
<p><img fetchpriority="high" decoding="async" class="alignnone size-full wp-image-10434" src="https://radio-aviva.com/nimes/wp-content/uploads/sites/5/2026/09/Concept2.png" alt="" width="350" height="496" /></p>
<p>&nbsp;</p>
<p>&nbsp;</p>
