{"id":22,"date":"2023-01-19T13:49:32","date_gmt":"2023-01-19T12:49:32","guid":{"rendered":"http:\/\/radio-aviva.com\/nimes\/?post_type=podcast&#038;p=22"},"modified":"2023-01-19T13:49:32","modified_gmt":"2023-01-19T12:49:32","slug":"francois-noel-directeur-theatre-de-nimes-festival-de-flamenco-2023","status":"publish","type":"podcast","link":"https:\/\/radio-aviva.com\/nimes\/podcast\/francois-noel-directeur-theatre-de-nimes-festival-de-flamenco-2023\/","title":{"rendered":"FRANCOIS NOEL, DIRECTEUR THEATRE DE NIMES &#8211; FESTIVAL DE FLAMENCO 2023"},"content":{"rendered":"<p><strong>Le directeur du th\u00e9\u00e2tre de N\u00eemes, Fran\u00e7ois No\u00ebl programme son dernier Festival Flamenco avant de prendre sa retraite \u00e0 la fin du mois de janvier.\u00a0<\/strong><\/p>\n<p><strong>Il parle au micro de radio Aviva de la programmation et de ses coups de c\u0153ur du festival qui a lieu en janvier 2023.<\/strong><\/p>\n","protected":false},"author":336,"featured_media":23,"template":"","tags":[],"podcastfilter":[26,5,25],"class_list":["post-22","podcast","type-podcast","status-publish","has-post-thumbnail","hentry","podcastfilter-entract","podcastfilter-nimes","podcastfilter-theatre"],"_links":{"self":[{"href":"https:\/\/radio-aviva.com\/nimes\/wp-json\/wp\/v2\/podcast\/22","targetHints":{"allow":["GET"]}}],"collection":[{"href":"https:\/\/radio-aviva.com\/nimes\/wp-json\/wp\/v2\/podcast"}],"about":[{"href":"https:\/\/radio-aviva.com\/nimes\/wp-json\/wp\/v2\/types\/podcast"}],"author":[{"embeddable":true,"href":"https:\/\/radio-aviva.com\/nimes\/wp-json\/wp\/v2\/users\/336"}],"version-history":[{"count":0,"href":"https:\/\/radio-aviva.com\/nimes\/wp-json\/wp\/v2\/podcast\/22\/revisions"}],"wp:featuredmedia":[{"embeddable":true,"href":"https:\/\/radio-aviva.com\/nimes\/wp-json\/wp\/v2\/media\/23"}],"wp:attachment":[{"href":"https:\/\/radio-aviva.com\/nimes\/wp-json\/wp\/v2\/media?parent=22"}],"wp:term":[{"taxonomy":"post_tag","embeddable":true,"href":"https:\/\/radio-aviva.com\/nimes\/wp-json\/wp\/v2\/tags?post=22"},{"taxonomy":"podcastfilter","embeddable":true,"href":"https:\/\/radio-aviva.com\/nimes\/wp-json\/wp\/v2\/podcastfilter?post=22"}],"curies":[{"name":"wp","href":"https:\/\/api.w.org\/{rel}","templated":true}]}}

<p><strong>Le directeur du théâtre de Nîmes, François Noël programme son dernier Festival Flamenco avant de prendre sa retraite à la fin du mois de janvier. </strong></p>
<p><strong>Il parle au micro de radio Aviva de la programmation et de ses coups de cœur du festival qui a lieu en janvier 2023.</strong></p>
