{"id":52,"date":"2023-01-20T10:30:40","date_gmt":"2023-01-20T09:30:40","guid":{"rendered":"http:\/\/radio-aviva.com\/nimes\/?post_type=podcast&#038;p=52"},"modified":"2023-01-20T10:30:40","modified_gmt":"2023-01-20T09:30:40","slug":"emilie-labat-atelier-boutique-n58","status":"publish","type":"podcast","link":"https:\/\/radio-aviva.com\/nimes\/podcast\/emilie-labat-atelier-boutique-n58\/","title":{"rendered":"EMILIE LABAT-ATELIER BOUTIQUE N58"},"content":{"rendered":"<p>Emilie Labat nous pr\u00e9sente au micro de radio Aviva ce 16 janvier 2023, l&rsquo;atelier boutique N58 G2R2 un collectif de <a href=\"https:\/\/www.n58.fr\/qui-sommes-nous\/\" target=\"_blank\" rel=\"noopener noreferrer\">8 cr\u00e9ateurs\u00a0passionn\u00e9s et dynamiques,\u00a0<\/a>le lieu comprend :<\/p>\n<ul>\n<li><strong>\u00a0une boutique de cr\u00e9ateurs partag\u00e9e<\/strong><\/li>\n<li><strong>ouverte du mardi au samedi \/ de 10h \u00e0 19h<\/strong><\/li>\n<li><strong>un espace d\u00e9di\u00e9 aux ateliers p\u00e9dagogiques ouvert \u00e0 tous<\/strong><\/li>\n<li><strong>un lieu d\u2019exposition artistique<\/strong><\/li>\n<li><strong>un espace de coworking<\/strong><\/li>\n<\/ul>\n","protected":false},"author":336,"featured_media":39,"template":"","tags":[],"podcastfilter":[21,8,23,28,22,2,5],"class_list":["post-52","podcast","type-podcast","status-publish","has-post-thumbnail","hentry","podcastfilter-alternatif","podcastfilter-art","podcastfilter-artisanat","podcastfilter-culture","podcastfilter-exposition","podcastfilter-la-voix-des-assos","podcastfilter-nimes"],"_links":{"self":[{"href":"https:\/\/radio-aviva.com\/nimes\/wp-json\/wp\/v2\/podcast\/52","targetHints":{"allow":["GET"]}}],"collection":[{"href":"https:\/\/radio-aviva.com\/nimes\/wp-json\/wp\/v2\/podcast"}],"about":[{"href":"https:\/\/radio-aviva.com\/nimes\/wp-json\/wp\/v2\/types\/podcast"}],"author":[{"embeddable":true,"href":"https:\/\/radio-aviva.com\/nimes\/wp-json\/wp\/v2\/users\/336"}],"version-history":[{"count":0,"href":"https:\/\/radio-aviva.com\/nimes\/wp-json\/wp\/v2\/podcast\/52\/revisions"}],"wp:featuredmedia":[{"embeddable":true,"href":"https:\/\/radio-aviva.com\/nimes\/wp-json\/wp\/v2\/media\/39"}],"wp:attachment":[{"href":"https:\/\/radio-aviva.com\/nimes\/wp-json\/wp\/v2\/media?parent=52"}],"wp:term":[{"taxonomy":"post_tag","embeddable":true,"href":"https:\/\/radio-aviva.com\/nimes\/wp-json\/wp\/v2\/tags?post=52"},{"taxonomy":"podcastfilter","embeddable":true,"href":"https:\/\/radio-aviva.com\/nimes\/wp-json\/wp\/v2\/podcastfilter?post=52"}],"curies":[{"name":"wp","href":"https:\/\/api.w.org\/{rel}","templated":true}]}}

<p>Emilie Labat nous présente au micro de radio Aviva ce 16 janvier 2023, l&rsquo;atelier boutique N58 G2R2 un collectif de <a href="https://www.n58.fr/qui-sommes-nous/" target="_blank" rel="noopener noreferrer">8 créateurs passionnés et dynamiques, </a>le lieu comprend :</p>
<ul>
<li><strong> une boutique de créateurs partagée</strong></li>
<li><strong>ouverte du mardi au samedi / de 10h à 19h</strong></li>
<li><strong>un espace dédié aux ateliers pédagogiques ouvert à tous</strong></li>
<li><strong>un lieu d’exposition artistique</strong></li>
<li><strong>un espace de coworking</strong></li>
</ul>
