{"id":54,"date":"2023-01-20T15:06:23","date_gmt":"2023-01-20T14:06:23","guid":{"rendered":"http:\/\/radio-aviva.com\/nimes\/?post_type=podcast&#038;p=54"},"modified":"2023-01-20T15:06:23","modified_gmt":"2023-01-20T14:06:23","slug":"pascale-chabanel-gerante-design-chab-deysi-piccioli-conseillere-en-image-mise-en-avant-des-femmes-dans-le-monde-pro","status":"publish","type":"podcast","link":"https:\/\/radio-aviva.com\/nimes\/podcast\/pascale-chabanel-gerante-design-chab-deysi-piccioli-conseillere-en-image-mise-en-avant-des-femmes-dans-le-monde-pro\/","title":{"rendered":"PASCALE CHABANEL, GERANTE DESIGN CHAB, DEYSI PICCIOLI, CONSEILLERE EN IMAGE, MISE EN AVANT DES FEMMES DANS LE MONDE PRO"},"content":{"rendered":"<p><span data-sheets-value=\"{&quot;1&quot;:2,&quot;2&quot;:&quot;FACILITER LE PARCOURS DE SOIN ET L'ACCES AU SOIN&quot;}\" data-sheets-userformat=\"{&quot;2&quot;:29695,&quot;3&quot;:{&quot;1&quot;:0},&quot;4&quot;:{&quot;1&quot;:2,&quot;2&quot;:65280},&quot;5&quot;:{&quot;1&quot;:[{&quot;1&quot;:2,&quot;2&quot;:0,&quot;5&quot;:{&quot;1&quot;:2,&quot;2&quot;:0}},{&quot;1&quot;:0,&quot;2&quot;:0,&quot;3&quot;:3},{&quot;1&quot;:1,&quot;2&quot;:0,&quot;4&quot;:1}]},&quot;6&quot;:{&quot;1&quot;:[{&quot;1&quot;:2,&quot;2&quot;:0,&quot;5&quot;:{&quot;1&quot;:2,&quot;2&quot;:0}},{&quot;1&quot;:0,&quot;2&quot;:0,&quot;3&quot;:3},{&quot;1&quot;:1,&quot;2&quot;:0,&quot;4&quot;:1}]},&quot;7&quot;:{&quot;1&quot;:[{&quot;1&quot;:2,&quot;2&quot;:0,&quot;5&quot;:{&quot;1&quot;:2,&quot;2&quot;:0}},{&quot;1&quot;:0,&quot;2&quot;:0,&quot;3&quot;:3},{&quot;1&quot;:1,&quot;2&quot;:0,&quot;4&quot;:1}]},&quot;8&quot;:{&quot;1&quot;:[{&quot;1&quot;:2,&quot;2&quot;:0,&quot;5&quot;:{&quot;1&quot;:2,&quot;2&quot;:0}},{&quot;1&quot;:0,&quot;2&quot;:0,&quot;3&quot;:3},{&quot;1&quot;:1,&quot;2&quot;:0,&quot;4&quot;:1}]},&quot;9&quot;:1,&quot;10&quot;:1,&quot;11&quot;:4,&quot;12&quot;:0,&quot;15&quot;:&quot;\\&quot;Times New Roman\\&quot;&quot;,&quot;16&quot;:12,&quot;17&quot;:1}\">Dans cette \u00e9pisode du Fil Rouge du 03 Novembre 2022, nous recevons au micro de Perla DANA, Pascale CHABANEL, g\u00e9rante de DESIGN CHAB et Deysi PICCIOLI, conseill\u00e8re en image. Elles nous parlent de leurs des visons pour mettre en avant les femmes entrepreneurs du territoire et les relations humaines.<\/span><\/p>\n","protected":false},"author":1,"featured_media":55,"template":"","tags":[],"podcastfilter":[32,31,5],"class_list":["post-54","podcast","type-podcast","status-publish","has-post-thumbnail","hentry","podcastfilter-egalite-hommes-femmes","podcastfilter-le-fil-rouge","podcastfilter-nimes"],"_links":{"self":[{"href":"https:\/\/radio-aviva.com\/nimes\/wp-json\/wp\/v2\/podcast\/54","targetHints":{"allow":["GET"]}}],"collection":[{"href":"https:\/\/radio-aviva.com\/nimes\/wp-json\/wp\/v2\/podcast"}],"about":[{"href":"https:\/\/radio-aviva.com\/nimes\/wp-json\/wp\/v2\/types\/podcast"}],"author":[{"embeddable":true,"href":"https:\/\/radio-aviva.com\/nimes\/wp-json\/wp\/v2\/users\/1"}],"version-history":[{"count":0,"href":"https:\/\/radio-aviva.com\/nimes\/wp-json\/wp\/v2\/podcast\/54\/revisions"}],"wp:featuredmedia":[{"embeddable":true,"href":"https:\/\/radio-aviva.com\/nimes\/wp-json\/wp\/v2\/media\/55"}],"wp:attachment":[{"href":"https:\/\/radio-aviva.com\/nimes\/wp-json\/wp\/v2\/media?parent=54"}],"wp:term":[{"taxonomy":"post_tag","embeddable":true,"href":"https:\/\/radio-aviva.com\/nimes\/wp-json\/wp\/v2\/tags?post=54"},{"taxonomy":"podcastfilter","embeddable":true,"href":"https:\/\/radio-aviva.com\/nimes\/wp-json\/wp\/v2\/podcastfilter?post=54"}],"curies":[{"name":"wp","href":"https:\/\/api.w.org\/{rel}","templated":true}]}}

<p><span data-sheets-value="{&quot;1&quot;:2,&quot;2&quot;:&quot;FACILITER LE PARCOURS DE SOIN ET L'ACCES AU SOIN&quot;}" data-sheets-userformat="{&quot;2&quot;:29695,&quot;3&quot;:{&quot;1&quot;:0},&quot;4&quot;:{&quot;1&quot;:2,&quot;2&quot;:65280},&quot;5&quot;:{&quot;1&quot;:[{&quot;1&quot;:2,&quot;2&quot;:0,&quot;5&quot;:{&quot;1&quot;:2,&quot;2&quot;:0}},{&quot;1&quot;:0,&quot;2&quot;:0,&quot;3&quot;:3},{&quot;1&quot;:1,&quot;2&quot;:0,&quot;4&quot;:1}]},&quot;6&quot;:{&quot;1&quot;:[{&quot;1&quot;:2,&quot;2&quot;:0,&quot;5&quot;:{&quot;1&quot;:2,&quot;2&quot;:0}},{&quot;1&quot;:0,&quot;2&quot;:0,&quot;3&quot;:3},{&quot;1&quot;:1,&quot;2&quot;:0,&quot;4&quot;:1}]},&quot;7&quot;:{&quot;1&quot;:[{&quot;1&quot;:2,&quot;2&quot;:0,&quot;5&quot;:{&quot;1&quot;:2,&quot;2&quot;:0}},{&quot;1&quot;:0,&quot;2&quot;:0,&quot;3&quot;:3},{&quot;1&quot;:1,&quot;2&quot;:0,&quot;4&quot;:1}]},&quot;8&quot;:{&quot;1&quot;:[{&quot;1&quot;:2,&quot;2&quot;:0,&quot;5&quot;:{&quot;1&quot;:2,&quot;2&quot;:0}},{&quot;1&quot;:0,&quot;2&quot;:0,&quot;3&quot;:3},{&quot;1&quot;:1,&quot;2&quot;:0,&quot;4&quot;:1}]},&quot;9&quot;:1,&quot;10&quot;:1,&quot;11&quot;:4,&quot;12&quot;:0,&quot;15&quot;:&quot;\&quot;Times New Roman\&quot;&quot;,&quot;16&quot;:12,&quot;17&quot;:1}">Dans cette épisode du Fil Rouge du 03 Novembre 2022, nous recevons au micro de Perla DANA, Pascale CHABANEL, gérante de DESIGN CHAB et Deysi PICCIOLI, conseillère en image. Elles nous parlent de leurs des visons pour mettre en avant les femmes entrepreneurs du territoire et les relations humaines.</span></p>
