{"id":59,"date":"2023-01-23T15:19:20","date_gmt":"2023-01-23T14:19:20","guid":{"rendered":"http:\/\/radio-aviva.com\/nimes\/?post_type=podcast&#038;p=59"},"modified":"2023-01-23T15:19:52","modified_gmt":"2023-01-23T14:19:52","slug":"amal-couvreur-vice-presidente-du-conseil-departemental-du-gard","status":"publish","type":"podcast","link":"https:\/\/radio-aviva.com\/nimes\/podcast\/amal-couvreur-vice-presidente-du-conseil-departemental-du-gard\/","title":{"rendered":"AMAL COUVREUR- VICE-PRESIDENTE DU CONSEIL DEPARTEMENTAL DU GARD"},"content":{"rendered":"<p>Amal Couvreur vice-pr\u00e9sidente du conseil d\u00e9partemental du Gard , nous pr\u00e9sente au micro de radio Aviva ce 16 janvier 2023 le coeur de ses missions d&rsquo;\u00e9lue. Elle nous pr\u00e9sente \u00e9galement un \u00ab\u00a0appel \u00e0 projet jeunes \u00a0\u00bb qui lui tient \u00e0 coeur, un partenariat r\u00e9ussi entre le conseil d\u00e9partemental du Gard, la Caf,le dsden et la Msa du gard.<\/p>\n","protected":false},"author":336,"featured_media":41,"template":"","tags":[],"podcastfilter":[17,27,3,6],"class_list":["post-59","podcast","type-podcast","status-publish","has-post-thumbnail","hentry","podcastfilter-emploiformation","podcastfilter-le-magazine-de-la-redac","podcastfilter-lutte-contre-les-discriminations","podcastfilter-solidarite"],"_links":{"self":[{"href":"https:\/\/radio-aviva.com\/nimes\/wp-json\/wp\/v2\/podcast\/59","targetHints":{"allow":["GET"]}}],"collection":[{"href":"https:\/\/radio-aviva.com\/nimes\/wp-json\/wp\/v2\/podcast"}],"about":[{"href":"https:\/\/radio-aviva.com\/nimes\/wp-json\/wp\/v2\/types\/podcast"}],"author":[{"embeddable":true,"href":"https:\/\/radio-aviva.com\/nimes\/wp-json\/wp\/v2\/users\/336"}],"version-history":[{"count":0,"href":"https:\/\/radio-aviva.com\/nimes\/wp-json\/wp\/v2\/podcast\/59\/revisions"}],"wp:featuredmedia":[{"embeddable":true,"href":"https:\/\/radio-aviva.com\/nimes\/wp-json\/wp\/v2\/media\/41"}],"wp:attachment":[{"href":"https:\/\/radio-aviva.com\/nimes\/wp-json\/wp\/v2\/media?parent=59"}],"wp:term":[{"taxonomy":"post_tag","embeddable":true,"href":"https:\/\/radio-aviva.com\/nimes\/wp-json\/wp\/v2\/tags?post=59"},{"taxonomy":"podcastfilter","embeddable":true,"href":"https:\/\/radio-aviva.com\/nimes\/wp-json\/wp\/v2\/podcastfilter?post=59"}],"curies":[{"name":"wp","href":"https:\/\/api.w.org\/{rel}","templated":true}]}}

<p>Amal Couvreur vice-présidente du conseil départemental du Gard , nous présente au micro de radio Aviva ce 16 janvier 2023 le coeur de ses missions d&rsquo;élue. Elle nous présente également un « appel à projet jeunes  » qui lui tient à coeur, un partenariat réussi entre le conseil départemental du Gard, la Caf,le dsden et la Msa du gard.</p>
