{"id":6304,"date":"2023-02-16T12:26:03","date_gmt":"2023-02-16T11:26:03","guid":{"rendered":"https:\/\/radio-aviva.com\/nimes\/?post_type=podcast&#038;p=6304"},"modified":"2025-01-17T11:39:21","modified_gmt":"2025-01-17T10:39:21","slug":"michael-iancu-dir-maimonide-hommage-au-grand-rabbin-rene-samuel-sirat-etincelles-daniel-knafo-160223","status":"publish","type":"podcast","link":"https:\/\/radio-aviva.com\/nimes\/podcast\/michael-iancu-dir-maimonide-hommage-au-grand-rabbin-rene-samuel-sirat-etincelles-daniel-knafo-160223\/","title":{"rendered":"MICHAEL IANCU, DIR MAIMONIDE &#8211; HOMMAGE AU GRAND RABBIN RENE-SAMUEL SIRAT"},"content":{"rendered":"<p><span style=\"font-weight: 400;\">Dans cette \u00e9mission, Radio Aviva rend un hommage \u00e0 Ren\u00e9-Samuel Sirat, ancien Grand Rabbin de France, d\u00e9c\u00e9d\u00e9 \u00e0 l&rsquo;\u00e2ge de 92 ans. Micha\u00ebl Iancu, directeur de l&rsquo;Institut Ma\u00efmonide, retrace le parcours exceptionnel de cet homme de foi et intellectuel.<\/span><\/p>\n<p><span style=\"font-weight: 400;\">Micha\u00ebl Iancu souligne l&rsquo;\u00e9rudition de Ren\u00e9-Samuel Sirat, n\u00e9 \u00e0 B\u00f4ne en Alg\u00e9rie. Il fut le premier Grand Rabbin de France s\u00e9farade et a profond\u00e9ment marqu\u00e9 son \u00e9poque. Son apport intellectuel est consid\u00e9rable, notamment par son r\u00f4le dans la relance des \u00e9tudes d&rsquo;h\u00e9breu \u00e0 l&rsquo;Institut national des langues et civilisations orientales (INALCO) au niveau acad\u00e9mique et dans la promotion de la culture juive en g\u00e9n\u00e9ral.<\/span><\/p>\n<p><span style=\"font-weight: 400;\">Figure rabbinique majeure, il a su conjuguer sa fonction de Grand Rabbin et sa carri\u00e8re universitaire. Il est \u00e0 l&rsquo;origine, avec Georges Fr\u00eache, de la cr\u00e9ation de l&rsquo;Institut Ma\u00efmonide \u00e0 Montpellier en 2000. Cet institut, incarne les valeurs de dialogue, de rencontre et de fraternit\u00e9 ch\u00e8res \u00e0 Ren\u00e9-Samuel Sirat. Il est \u00e9galement \u00e0 l&rsquo;initiative de la cr\u00e9ation du CAPES et de l&rsquo;agr\u00e9gation d&rsquo;h\u00e9breu moderne.<\/span><\/p>\n<p><span style=\"font-weight: 400;\">L&rsquo;invit\u00e9 d\u00e9crit Ren\u00e9-Samuel Sirat comme un homme bienveillant, doux et \u00e9rudit, mais aussi dot\u00e9 d&rsquo;une grande fermet\u00e9 lorsqu&rsquo;il s&rsquo;agissait de d\u00e9fendre ses convictions. Parmi ses actions les plus marquantes, son engagement contre l&rsquo;implantation d&rsquo;un Carmel \u00e0 Auschwitz. Il s&rsquo;est oppos\u00e9 avec force \u00e0 la construction d&rsquo;un monument chr\u00e9tien sur ce lieu, consid\u00e9r\u00e9 comme le plus grand cimeti\u00e8re juif de l&rsquo;histoire.<\/span><\/p>\n<p><span style=\"font-weight: 400;\">Aujourd&rsquo;hui, l&rsquo;INALCO continue de perp\u00e9tuer son h\u00e9ritage de savoir et de transmission<\/span><span style=\"font-weight: 400;\">.<\/span><\/p>\n<p><span style=\"font-weight: 400;\">Cette \u00e9mission vous est propos\u00e9e en partenariat avec la M\u00e9tropole de Montpellier. <\/span><\/p>\n<p>&nbsp;<\/p>\n<figure id=\"attachment_6305\" aria-describedby=\"caption-attachment-6305\" style=\"width: 1147px\" class=\"wp-caption alignnone\"><img fetchpriority=\"high\" decoding=\"async\" class=\"size-full wp-image-6305\" src=\"https:\/\/radio-aviva.com\/wp-content\/uploads\/2023\/02\/Rene-Samuel_Sirat_par_Michel_Rothe_janvier_2019_cropped.jpeg\" alt=\"R\u00e9n\u00e9-Samuel SIRAT\" width=\"1147\" height=\"1472\" srcset=\"https:\/\/radio-aviva.com\/nimes\/wp-content\/uploads\/sites\/5\/2023\/02\/Rene-Samuel_Sirat_par_Michel_Rothe_janvier_2019_cropped.jpeg 1147w, https:\/\/radio-aviva.com\/nimes\/wp-content\/uploads\/sites\/5\/2023\/02\/Rene-Samuel_Sirat_par_Michel_Rothe_janvier_2019_cropped-600x770.jpeg 600w, https:\/\/radio-aviva.com\/nimes\/wp-content\/uploads\/sites\/5\/2023\/02\/Rene-Samuel_Sirat_par_Michel_Rothe_janvier_2019_cropped-912x1170.jpeg 912w, https:\/\/radio-aviva.com\/nimes\/wp-content\/uploads\/sites\/5\/2023\/02\/Rene-Samuel_Sirat_par_Michel_Rothe_janvier_2019_cropped-768x986.jpeg 768w\" sizes=\"(max-width: 1147px) 100vw, 1147px\" \/><figcaption id=\"caption-attachment-6305\" class=\"wp-caption-text\">Le grand-rabbin Ren\u00e9-Samuel Sirat en janvier 2019<\/figcaption><\/figure>\n","protected":false},"author":1,"featured_media":9401,"template":"","tags":[],"podcastfilter":[488,146,132,155,147],"class_list":["post-6304","podcast","type-podcast","status-publish","has-post-thumbnail","hentry","podcastfilter-cite-et-laicite","podcastfilter-etincelles","podcastfilter-montpellier","podcastfilter-philosophie","podcastfilter-religion"],"_links":{"self":[{"href":"https:\/\/radio-aviva.com\/nimes\/wp-json\/wp\/v2\/podcast\/6304","targetHints":{"allow":["GET"]}}],"collection":[{"href":"https:\/\/radio-aviva.com\/nimes\/wp-json\/wp\/v2\/podcast"}],"about":[{"href":"https:\/\/radio-aviva.com\/nimes\/wp-json\/wp\/v2\/types\/podcast"}],"author":[{"embeddable":true,"href":"https:\/\/radio-aviva.com\/nimes\/wp-json\/wp\/v2\/users\/1"}],"version-history":[{"count":2,"href":"https:\/\/radio-aviva.com\/nimes\/wp-json\/wp\/v2\/podcast\/6304\/revisions"}],"predecessor-version":[{"id":9402,"href":"https:\/\/radio-aviva.com\/nimes\/wp-json\/wp\/v2\/podcast\/6304\/revisions\/9402"}],"wp:featuredmedia":[{"embeddable":true,"href":"https:\/\/radio-aviva.com\/nimes\/wp-json\/wp\/v2\/media\/9401"}],"wp:attachment":[{"href":"https:\/\/radio-aviva.com\/nimes\/wp-json\/wp\/v2\/media?parent=6304"}],"wp:term":[{"taxonomy":"post_tag","embeddable":true,"href":"https:\/\/radio-aviva.com\/nimes\/wp-json\/wp\/v2\/tags?post=6304"},{"taxonomy":"podcastfilter","embeddable":true,"href":"https:\/\/radio-aviva.com\/nimes\/wp-json\/wp\/v2\/podcastfilter?post=6304"}],"curies":[{"name":"wp","href":"https:\/\/api.w.org\/{rel}","templated":true}]}}

<p><span style="font-weight: 400;">Dans cette émission, Radio Aviva rend un hommage à René-Samuel Sirat, ancien Grand Rabbin de France, décédé à l&rsquo;âge de 92 ans. Michaël Iancu, directeur de l&rsquo;Institut Maïmonide, retrace le parcours exceptionnel de cet homme de foi et intellectuel.</span></p>
<p><span style="font-weight: 400;">Michaël Iancu souligne l&rsquo;érudition de René-Samuel Sirat, né à Bône en Algérie. Il fut le premier Grand Rabbin de France séfarade et a profondément marqué son époque. Son apport intellectuel est considérable, notamment par son rôle dans la relance des études d&rsquo;hébreu à l&rsquo;Institut national des langues et civilisations orientales (INALCO) au niveau académique et dans la promotion de la culture juive en général.</span></p>
<p><span style="font-weight: 400;">Figure rabbinique majeure, il a su conjuguer sa fonction de Grand Rabbin et sa carrière universitaire. Il est à l&rsquo;origine, avec Georges Frêche, de la création de l&rsquo;Institut Maïmonide à Montpellier en 2000. Cet institut, incarne les valeurs de dialogue, de rencontre et de fraternité chères à René-Samuel Sirat. Il est également à l&rsquo;initiative de la création du CAPES et de l&rsquo;agrégation d&rsquo;hébreu moderne.</span></p>
<p><span style="font-weight: 400;">L&rsquo;invité décrit René-Samuel Sirat comme un homme bienveillant, doux et érudit, mais aussi doté d&rsquo;une grande fermeté lorsqu&rsquo;il s&rsquo;agissait de défendre ses convictions. Parmi ses actions les plus marquantes, son engagement contre l&rsquo;implantation d&rsquo;un Carmel à Auschwitz. Il s&rsquo;est opposé avec force à la construction d&rsquo;un monument chrétien sur ce lieu, considéré comme le plus grand cimetière juif de l&rsquo;histoire.</span></p>
<p><span style="font-weight: 400;">Aujourd&rsquo;hui, l&rsquo;INALCO continue de perpétuer son héritage de savoir et de transmission</span><span style="font-weight: 400;">.</span></p>
<p><span style="font-weight: 400;">Cette émission vous est proposée en partenariat avec la Métropole de Montpellier. </span></p>
<p>&nbsp;</p>
<figure id="attachment_6305" aria-describedby="caption-attachment-6305" style="width: 1147px" class="wp-caption alignnone"><img fetchpriority="high" decoding="async" class="size-full wp-image-6305" src="https://radio-aviva.com/wp-content/uploads/2023/02/Rene-Samuel_Sirat_par_Michel_Rothe_janvier_2019_cropped.jpeg" alt="Réné-Samuel SIRAT" width="1147" height="1472" srcset="https://radio-aviva.com/nimes/wp-content/uploads/sites/5/2023/02/Rene-Samuel_Sirat_par_Michel_Rothe_janvier_2019_cropped.jpeg 1147w, https://radio-aviva.com/nimes/wp-content/uploads/sites/5/2023/02/Rene-Samuel_Sirat_par_Michel_Rothe_janvier_2019_cropped-600x770.jpeg 600w, https://radio-aviva.com/nimes/wp-content/uploads/sites/5/2023/02/Rene-Samuel_Sirat_par_Michel_Rothe_janvier_2019_cropped-912x1170.jpeg 912w, https://radio-aviva.com/nimes/wp-content/uploads/sites/5/2023/02/Rene-Samuel_Sirat_par_Michel_Rothe_janvier_2019_cropped-768x986.jpeg 768w" sizes="(max-width: 1147px) 100vw, 1147px" /><figcaption id="caption-attachment-6305" class="wp-caption-text">Le grand-rabbin René-Samuel Sirat en janvier 2019</figcaption></figure>
