{"id":6307,"date":"2023-02-23T11:58:54","date_gmt":"2023-02-23T10:58:54","guid":{"rendered":"https:\/\/radio-aviva.com\/nimes\/?post_type=podcast&#038;p=6307"},"modified":"2023-02-23T11:58:54","modified_gmt":"2023-02-23T10:58:54","slug":"pascal-settipani-organisateur-foire-exposition-de-nimes-060223","status":"publish","type":"podcast","link":"https:\/\/radio-aviva.com\/nimes\/podcast\/pascal-settipani-organisateur-foire-exposition-de-nimes-060223\/","title":{"rendered":"PASCAL SETTIPANI, ORGANISATEUR &#8211; FOIRE EXPOSITION DE NIMES &#8211; 060223"},"content":{"rendered":"<p>&nbsp;<\/p>\n<p><strong>La foire exposition de N\u00eemes se tient les 10, 11, 12 et 13 f\u00e9vrier 2023 au Parc des Expositions.<\/strong><\/p>\n<p><strong>La Foire de N\u00eemes constitue et demeure l\u2019un des \u00e9v\u00e8nements incontournables du d\u00e9but d\u2019ann\u00e9e dans le Gard. Outre les bonnes affaires, et les trouvailles, la foire reste avant tout un rendez-vous de partage et d\u2019\u00e9change. N\u00e9e d\u2019un concept innovant, la foire de N\u00eemes a r\u00e9ussi \u00e0 s\u00e9duire un large public, qui retrouvera 350 exposants sur 4 jours.<\/strong><\/p>\n<p><strong>Chaque ann\u00e9e, pr\u00e8s de 30 000 visiteurs foulent les 9000 m2 de la Foire de N\u00eemes. Pascal Settipani, l&rsquo;organisateur de ctte foire , a tenu \u00e0 pr\u00e9senter l&rsquo;\u00e9dition 2023.<\/strong><\/p>\n","protected":false},"author":333,"featured_media":6308,"template":"","tags":[],"podcastfilter":[148,30,5],"class_list":["post-6307","podcast","type-podcast","status-publish","has-post-thumbnail","hentry","podcastfilter-foire","podcastfilter-linvite-de-la-redaction","podcastfilter-nimes"],"_links":{"self":[{"href":"https:\/\/radio-aviva.com\/nimes\/wp-json\/wp\/v2\/podcast\/6307","targetHints":{"allow":["GET"]}}],"collection":[{"href":"https:\/\/radio-aviva.com\/nimes\/wp-json\/wp\/v2\/podcast"}],"about":[{"href":"https:\/\/radio-aviva.com\/nimes\/wp-json\/wp\/v2\/types\/podcast"}],"author":[{"embeddable":true,"href":"https:\/\/radio-aviva.com\/nimes\/wp-json\/wp\/v2\/users\/333"}],"version-history":[{"count":0,"href":"https:\/\/radio-aviva.com\/nimes\/wp-json\/wp\/v2\/podcast\/6307\/revisions"}],"wp:featuredmedia":[{"embeddable":true,"href":"https:\/\/radio-aviva.com\/nimes\/wp-json\/wp\/v2\/media\/6308"}],"wp:attachment":[{"href":"https:\/\/radio-aviva.com\/nimes\/wp-json\/wp\/v2\/media?parent=6307"}],"wp:term":[{"taxonomy":"post_tag","embeddable":true,"href":"https:\/\/radio-aviva.com\/nimes\/wp-json\/wp\/v2\/tags?post=6307"},{"taxonomy":"podcastfilter","embeddable":true,"href":"https:\/\/radio-aviva.com\/nimes\/wp-json\/wp\/v2\/podcastfilter?post=6307"}],"curies":[{"name":"wp","href":"https:\/\/api.w.org\/{rel}","templated":true}]}}

<p>&nbsp;</p>
<p><strong>La foire exposition de Nîmes se tient les 10, 11, 12 et 13 février 2023 au Parc des Expositions.</strong></p>
<p><strong>La Foire de Nîmes constitue et demeure l’un des évènements incontournables du début d’année dans le Gard. Outre les bonnes affaires, et les trouvailles, la foire reste avant tout un rendez-vous de partage et d’échange. Née d’un concept innovant, la foire de Nîmes a réussi à séduire un large public, qui retrouvera 350 exposants sur 4 jours.</strong></p>
<p><strong>Chaque année, près de 30 000 visiteurs foulent les 9000 m2 de la Foire de Nîmes. Pascal Settipani, l&rsquo;organisateur de ctte foire , a tenu à présenter l&rsquo;édition 2023.</strong></p>
