{"id":6313,"date":"2023-02-24T13:06:27","date_gmt":"2023-02-24T12:06:27","guid":{"rendered":"https:\/\/radio-aviva.com\/nimes\/?post_type=podcast&#038;p=6313"},"modified":"2023-02-24T13:06:27","modified_gmt":"2023-02-24T12:06:27","slug":"nicolas-de-larquier-conservateur-musee-jean-claude-golvin-architecte-devoiler-nemausus-au-musee-de-la-romanite-130223-mag-de-la-redac","status":"publish","type":"podcast","link":"https:\/\/radio-aviva.com\/nimes\/podcast\/nicolas-de-larquier-conservateur-musee-jean-claude-golvin-architecte-devoiler-nemausus-au-musee-de-la-romanite-130223-mag-de-la-redac\/","title":{"rendered":"NICOLAS DE LARQUIER, CONSERVATEUR MUS\u00c9E, JEAN CLAUDE GOLVIN, ARCHITECTE &#8211; D\u00c9VOILER NEMAUSUS AU MUSEE DE LA ROMANIT\u00c9 &#8211; 130223 MAG DE LA R\u00c9DAC"},"content":{"rendered":"<p>&nbsp;<\/p>\n<p>Dans ce Magazine de la R\u00e9daction, Nicolas DE LARQUIER et Jean-Claude GOLVIN parlent de l&rsquo;exposition \u00ab\u00a0D\u00e9voiler Nemausus\u00a0\u00bb (Mus\u00e9e de la Romanit\u00e9) au micro de Patrick LOSSO.<\/p>\n","protected":false},"author":1,"featured_media":6314,"template":"","tags":[],"podcastfilter":[22,27,149],"class_list":["post-6313","podcast","type-podcast","status-publish","has-post-thumbnail","hentry","podcastfilter-exposition","podcastfilter-le-magazine-de-la-redac","podcastfilter-musee"],"_links":{"self":[{"href":"https:\/\/radio-aviva.com\/nimes\/wp-json\/wp\/v2\/podcast\/6313","targetHints":{"allow":["GET"]}}],"collection":[{"href":"https:\/\/radio-aviva.com\/nimes\/wp-json\/wp\/v2\/podcast"}],"about":[{"href":"https:\/\/radio-aviva.com\/nimes\/wp-json\/wp\/v2\/types\/podcast"}],"author":[{"embeddable":true,"href":"https:\/\/radio-aviva.com\/nimes\/wp-json\/wp\/v2\/users\/1"}],"version-history":[{"count":0,"href":"https:\/\/radio-aviva.com\/nimes\/wp-json\/wp\/v2\/podcast\/6313\/revisions"}],"wp:featuredmedia":[{"embeddable":true,"href":"https:\/\/radio-aviva.com\/nimes\/wp-json\/wp\/v2\/media\/6314"}],"wp:attachment":[{"href":"https:\/\/radio-aviva.com\/nimes\/wp-json\/wp\/v2\/media?parent=6313"}],"wp:term":[{"taxonomy":"post_tag","embeddable":true,"href":"https:\/\/radio-aviva.com\/nimes\/wp-json\/wp\/v2\/tags?post=6313"},{"taxonomy":"podcastfilter","embeddable":true,"href":"https:\/\/radio-aviva.com\/nimes\/wp-json\/wp\/v2\/podcastfilter?post=6313"}],"curies":[{"name":"wp","href":"https:\/\/api.w.org\/{rel}","templated":true}]}}

NICOLAS DE LARQUIER, CONSERVATEUR MUSÉE, JEAN CLAUDE GOLVIN, ARCHITECTE &#8211; DÉVOILER NEMAUSUS AU MUSEE DE LA ROMANITÉ &#8211; 130223 MAG DE LA RÉDAC

<p>&nbsp;</p>
<p>Dans ce Magazine de la Rédaction, Nicolas DE LARQUIER et Jean-Claude GOLVIN parlent de l&rsquo;exposition « Dévoiler Nemausus » (Musée de la Romanité) au micro de Patrick LOSSO.</p>
