{"id":6317,"date":"2023-02-24T15:32:48","date_gmt":"2023-02-24T14:32:48","guid":{"rendered":"https:\/\/radio-aviva.com\/nimes\/?post_type=podcast&#038;p=6317"},"modified":"2023-02-24T15:57:36","modified_gmt":"2023-02-24T14:57:36","slug":"pascale-parat-dezard-responsable-coordination-sensibilisation-urbanisme-et-paysage-au-caue-presentation-de-lassociation-ses-activites-et-ses-actions-13-02-23","status":"publish","type":"podcast","link":"https:\/\/radio-aviva.com\/nimes\/podcast\/pascale-parat-dezard-responsable-coordination-sensibilisation-urbanisme-et-paysage-au-caue-presentation-de-lassociation-ses-activites-et-ses-actions-13-02-23\/","title":{"rendered":"PASCALE PARAT DEZARD, RESPONSABLE COORDINATION SENSIBILISATION, URBANISME ET PAYSAGE AU CAUE &#8211; PR\u00c9SENTATION DE L&rsquo;ASSOCIATION, SES ACTIVIT\u00c9S ET SES ACTIONS &#8211; 13\/02\/23"},"content":{"rendered":"<p class=\"p1\">Dans ce nouveau num\u00e9ro de <strong>l&rsquo;Invit\u00e9 de la R\u00e9daction<\/strong> de ce <strong>Lundi 13 f\u00e9vrier 2023<\/strong><b>,<\/b> <strong>Pascale PARAT-BEZARD<\/strong>, <span data-sheets-value=\"{&quot;1&quot;:2,&quot;2&quot;:&quot;Responsable coordination Sensibilisation, Urbanisme et Paysage &quot;}\" data-sheets-userformat=\"{&quot;2&quot;:31743,&quot;3&quot;:{&quot;1&quot;:0},&quot;4&quot;:{&quot;1&quot;:2,&quot;2&quot;:65280},&quot;5&quot;:{&quot;1&quot;:[{&quot;1&quot;:2,&quot;2&quot;:0,&quot;5&quot;:{&quot;1&quot;:2,&quot;2&quot;:0}},{&quot;1&quot;:0,&quot;2&quot;:0,&quot;3&quot;:3},{&quot;1&quot;:1,&quot;2&quot;:0,&quot;4&quot;:1}]},&quot;6&quot;:{&quot;1&quot;:[{&quot;1&quot;:2,&quot;2&quot;:0,&quot;5&quot;:{&quot;1&quot;:2,&quot;2&quot;:0}},{&quot;1&quot;:0,&quot;2&quot;:0,&quot;3&quot;:3},{&quot;1&quot;:1,&quot;2&quot;:0,&quot;4&quot;:1}]},&quot;7&quot;:{&quot;1&quot;:[{&quot;1&quot;:2,&quot;2&quot;:0,&quot;5&quot;:{&quot;1&quot;:2,&quot;2&quot;:0}},{&quot;1&quot;:0,&quot;2&quot;:0,&quot;3&quot;:3},{&quot;1&quot;:1,&quot;2&quot;:0,&quot;4&quot;:1}]},&quot;8&quot;:{&quot;1&quot;:[{&quot;1&quot;:2,&quot;2&quot;:0,&quot;5&quot;:{&quot;1&quot;:2,&quot;2&quot;:0}},{&quot;1&quot;:0,&quot;2&quot;:0,&quot;3&quot;:3},{&quot;1&quot;:1,&quot;2&quot;:0,&quot;4&quot;:1}]},&quot;9&quot;:1,&quot;10&quot;:1,&quot;11&quot;:4,&quot;12&quot;:0,&quot;14&quot;:{&quot;1&quot;:2,&quot;2&quot;:0},&quot;15&quot;:&quot;Times New Roman&quot;,&quot;16&quot;:12,&quot;17&quot;:1}\">Responsable coordination Sensibilisation, Urbanisme et Paysage du <strong>CAUE<\/strong><\/span>, nous pr\u00e9sente le <strong>CAUE, <\/strong>ses <strong>activit\u00e9s<\/strong> et les <strong>actions<\/strong> de l&rsquo;association, au micro de <b>Patrick LOSSO<\/b>.<\/p>\n","protected":false},"author":1,"featured_media":6318,"template":"","tags":[],"podcastfilter":[150,30,5],"class_list":["post-6317","podcast","type-podcast","status-publish","has-post-thumbnail","hentry","podcastfilter-association","podcastfilter-linvite-de-la-redaction","podcastfilter-nimes"],"_links":{"self":[{"href":"https:\/\/radio-aviva.com\/nimes\/wp-json\/wp\/v2\/podcast\/6317","targetHints":{"allow":["GET"]}}],"collection":[{"href":"https:\/\/radio-aviva.com\/nimes\/wp-json\/wp\/v2\/podcast"}],"about":[{"href":"https:\/\/radio-aviva.com\/nimes\/wp-json\/wp\/v2\/types\/podcast"}],"author":[{"embeddable":true,"href":"https:\/\/radio-aviva.com\/nimes\/wp-json\/wp\/v2\/users\/1"}],"version-history":[{"count":0,"href":"https:\/\/radio-aviva.com\/nimes\/wp-json\/wp\/v2\/podcast\/6317\/revisions"}],"wp:featuredmedia":[{"embeddable":true,"href":"https:\/\/radio-aviva.com\/nimes\/wp-json\/wp\/v2\/media\/6318"}],"wp:attachment":[{"href":"https:\/\/radio-aviva.com\/nimes\/wp-json\/wp\/v2\/media?parent=6317"}],"wp:term":[{"taxonomy":"post_tag","embeddable":true,"href":"https:\/\/radio-aviva.com\/nimes\/wp-json\/wp\/v2\/tags?post=6317"},{"taxonomy":"podcastfilter","embeddable":true,"href":"https:\/\/radio-aviva.com\/nimes\/wp-json\/wp\/v2\/podcastfilter?post=6317"}],"curies":[{"name":"wp","href":"https:\/\/api.w.org\/{rel}","templated":true}]}}

PASCALE PARAT DEZARD, RESPONSABLE COORDINATION SENSIBILISATION, URBANISME ET PAYSAGE AU CAUE &#8211; PRÉSENTATION DE L&rsquo;ASSOCIATION, SES ACTIVITÉS ET SES ACTIONS &#8211; 13/02/23

<p class="p1">Dans ce nouveau numéro de <strong>l&rsquo;Invité de la Rédaction</strong> de ce <strong>Lundi 13 février 2023</strong><b>,</b> <strong>Pascale PARAT-BEZARD</strong>, <span data-sheets-value="{&quot;1&quot;:2,&quot;2&quot;:&quot;Responsable coordination Sensibilisation, Urbanisme et Paysage &quot;}" data-sheets-userformat="{&quot;2&quot;:31743,&quot;3&quot;:{&quot;1&quot;:0},&quot;4&quot;:{&quot;1&quot;:2,&quot;2&quot;:65280},&quot;5&quot;:{&quot;1&quot;:[{&quot;1&quot;:2,&quot;2&quot;:0,&quot;5&quot;:{&quot;1&quot;:2,&quot;2&quot;:0}},{&quot;1&quot;:0,&quot;2&quot;:0,&quot;3&quot;:3},{&quot;1&quot;:1,&quot;2&quot;:0,&quot;4&quot;:1}]},&quot;6&quot;:{&quot;1&quot;:[{&quot;1&quot;:2,&quot;2&quot;:0,&quot;5&quot;:{&quot;1&quot;:2,&quot;2&quot;:0}},{&quot;1&quot;:0,&quot;2&quot;:0,&quot;3&quot;:3},{&quot;1&quot;:1,&quot;2&quot;:0,&quot;4&quot;:1}]},&quot;7&quot;:{&quot;1&quot;:[{&quot;1&quot;:2,&quot;2&quot;:0,&quot;5&quot;:{&quot;1&quot;:2,&quot;2&quot;:0}},{&quot;1&quot;:0,&quot;2&quot;:0,&quot;3&quot;:3},{&quot;1&quot;:1,&quot;2&quot;:0,&quot;4&quot;:1}]},&quot;8&quot;:{&quot;1&quot;:[{&quot;1&quot;:2,&quot;2&quot;:0,&quot;5&quot;:{&quot;1&quot;:2,&quot;2&quot;:0}},{&quot;1&quot;:0,&quot;2&quot;:0,&quot;3&quot;:3},{&quot;1&quot;:1,&quot;2&quot;:0,&quot;4&quot;:1}]},&quot;9&quot;:1,&quot;10&quot;:1,&quot;11&quot;:4,&quot;12&quot;:0,&quot;14&quot;:{&quot;1&quot;:2,&quot;2&quot;:0},&quot;15&quot;:&quot;Times New Roman&quot;,&quot;16&quot;:12,&quot;17&quot;:1}">Responsable coordination Sensibilisation, Urbanisme et Paysage du <strong>CAUE</strong></span>, nous présente le <strong>CAUE, </strong>ses <strong>activités</strong> et les <strong>actions</strong> de l&rsquo;association, au micro de <b>Patrick LOSSO</b>.</p>
