{"id":6319,"date":"2023-02-24T15:54:00","date_gmt":"2023-02-24T14:54:00","guid":{"rendered":"https:\/\/radio-aviva.com\/nimes\/?post_type=podcast&#038;p=6319"},"modified":"2023-02-24T15:57:58","modified_gmt":"2023-02-24T14:57:58","slug":"myriam-fabre-secretaire-generale-au-secours-populaire-les-actions-lassociation-13-02-23","status":"publish","type":"podcast","link":"https:\/\/radio-aviva.com\/nimes\/podcast\/myriam-fabre-secretaire-generale-au-secours-populaire-les-actions-lassociation-13-02-23\/","title":{"rendered":"MYRIAM FABRE, SECR\u00c9TAIRE G\u00c9N\u00c9RALE AU SECOURS POPULAIRE &#8211; LES ACTIONS DE L&rsquo;ASSOCIATION &#8211; 13\/02\/23"},"content":{"rendered":"<p>Dans ce nouveau num\u00e9ro de <strong>l&rsquo;Invit\u00e9 de la R\u00e9daction<\/strong> de ce <strong>Lundi 13 f\u00e9vrier 2023,<\/strong> <strong>Myriam FABRE<\/strong>, Secr\u00e9taire G\u00e9n\u00e9rale du<strong> Secours populaire<\/strong>, nous pr\u00e9sente les <strong>actions <\/strong>de l&rsquo;association, au micro de <strong>Patrick LOSSO<\/strong>.<\/p>\n","protected":false},"author":1,"featured_media":6320,"template":"","tags":[],"podcastfilter":[30,5,6],"class_list":["post-6319","podcast","type-podcast","status-publish","has-post-thumbnail","hentry","podcastfilter-linvite-de-la-redaction","podcastfilter-nimes","podcastfilter-solidarite"],"_links":{"self":[{"href":"https:\/\/radio-aviva.com\/nimes\/wp-json\/wp\/v2\/podcast\/6319","targetHints":{"allow":["GET"]}}],"collection":[{"href":"https:\/\/radio-aviva.com\/nimes\/wp-json\/wp\/v2\/podcast"}],"about":[{"href":"https:\/\/radio-aviva.com\/nimes\/wp-json\/wp\/v2\/types\/podcast"}],"author":[{"embeddable":true,"href":"https:\/\/radio-aviva.com\/nimes\/wp-json\/wp\/v2\/users\/1"}],"version-history":[{"count":0,"href":"https:\/\/radio-aviva.com\/nimes\/wp-json\/wp\/v2\/podcast\/6319\/revisions"}],"wp:featuredmedia":[{"embeddable":true,"href":"https:\/\/radio-aviva.com\/nimes\/wp-json\/wp\/v2\/media\/6320"}],"wp:attachment":[{"href":"https:\/\/radio-aviva.com\/nimes\/wp-json\/wp\/v2\/media?parent=6319"}],"wp:term":[{"taxonomy":"post_tag","embeddable":true,"href":"https:\/\/radio-aviva.com\/nimes\/wp-json\/wp\/v2\/tags?post=6319"},{"taxonomy":"podcastfilter","embeddable":true,"href":"https:\/\/radio-aviva.com\/nimes\/wp-json\/wp\/v2\/podcastfilter?post=6319"}],"curies":[{"name":"wp","href":"https:\/\/api.w.org\/{rel}","templated":true}]}}

MYRIAM FABRE, SECRÉTAIRE GÉNÉRALE AU SECOURS POPULAIRE &#8211; LES ACTIONS DE L&rsquo;ASSOCIATION &#8211; 13/02/23

<p>Dans ce nouveau numéro de <strong>l&rsquo;Invité de la Rédaction</strong> de ce <strong>Lundi 13 février 2023,</strong> <strong>Myriam FABRE</strong>, Secrétaire Générale du<strong> Secours populaire</strong>, nous présente les <strong>actions </strong>de l&rsquo;association, au micro de <strong>Patrick LOSSO</strong>.</p>
