{"id":6325,"date":"2023-02-24T16:19:24","date_gmt":"2023-02-24T15:19:24","guid":{"rendered":"https:\/\/radio-aviva.com\/nimes\/?post_type=podcast&#038;p=6325"},"modified":"2023-02-24T16:19:24","modified_gmt":"2023-02-24T15:19:24","slug":"marilyn-zonzon-directrice-solideco-association-dinsertion-professionnelle-13-02-23","status":"publish","type":"podcast","link":"https:\/\/radio-aviva.com\/nimes\/podcast\/marilyn-zonzon-directrice-solideco-association-dinsertion-professionnelle-13-02-23\/","title":{"rendered":"MARILYN ZONZON, DIRECTRICE SOLID&rsquo;ECO &#8211; ASSOCIATION D\u2019INSERTION PROFESSIONNELLE &#8211; 13\/02\/23"},"content":{"rendered":"<p>Dans ce nouveau num\u00e9ro de <strong>l&rsquo;Invit\u00e9 de la R\u00e9daction<\/strong> de ce <strong>Lundi 13 f\u00e9vrier 2023,<\/strong> <strong>Marilyn ZONZON<\/strong>, Directrice de <strong>Solid&rsquo;Eco<\/strong>, nous pr\u00e9sente son association <strong>d&rsquo;insertion\u00a0<\/strong><b>professionnelle<\/b>, au micro de <strong>Patrick LOSSO<\/strong>.<\/p>\n","protected":false},"author":1,"featured_media":6326,"template":"","tags":[],"podcastfilter":[17,30,5],"class_list":["post-6325","podcast","type-podcast","status-publish","has-post-thumbnail","hentry","podcastfilter-emploiformation","podcastfilter-linvite-de-la-redaction","podcastfilter-nimes"],"_links":{"self":[{"href":"https:\/\/radio-aviva.com\/nimes\/wp-json\/wp\/v2\/podcast\/6325","targetHints":{"allow":["GET"]}}],"collection":[{"href":"https:\/\/radio-aviva.com\/nimes\/wp-json\/wp\/v2\/podcast"}],"about":[{"href":"https:\/\/radio-aviva.com\/nimes\/wp-json\/wp\/v2\/types\/podcast"}],"author":[{"embeddable":true,"href":"https:\/\/radio-aviva.com\/nimes\/wp-json\/wp\/v2\/users\/1"}],"version-history":[{"count":0,"href":"https:\/\/radio-aviva.com\/nimes\/wp-json\/wp\/v2\/podcast\/6325\/revisions"}],"wp:featuredmedia":[{"embeddable":true,"href":"https:\/\/radio-aviva.com\/nimes\/wp-json\/wp\/v2\/media\/6326"}],"wp:attachment":[{"href":"https:\/\/radio-aviva.com\/nimes\/wp-json\/wp\/v2\/media?parent=6325"}],"wp:term":[{"taxonomy":"post_tag","embeddable":true,"href":"https:\/\/radio-aviva.com\/nimes\/wp-json\/wp\/v2\/tags?post=6325"},{"taxonomy":"podcastfilter","embeddable":true,"href":"https:\/\/radio-aviva.com\/nimes\/wp-json\/wp\/v2\/podcastfilter?post=6325"}],"curies":[{"name":"wp","href":"https:\/\/api.w.org\/{rel}","templated":true}]}}

<p>Dans ce nouveau numéro de <strong>l&rsquo;Invité de la Rédaction</strong> de ce <strong>Lundi 13 février 2023,</strong> <strong>Marilyn ZONZON</strong>, Directrice de <strong>Solid&rsquo;Eco</strong>, nous présente son association <strong>d&rsquo;insertion </strong><b>professionnelle</b>, au micro de <strong>Patrick LOSSO</strong>.</p>
