{"id":6334,"date":"2023-03-01T14:49:32","date_gmt":"2023-03-01T13:49:32","guid":{"rendered":"https:\/\/radio-aviva.com\/nimes\/?post_type=podcast&#038;p=6334"},"modified":"2023-03-01T14:49:32","modified_gmt":"2023-03-01T13:49:32","slug":"cafe-sante-lalimentation-larticulation-entre-prevention-et-traitement-des-tms","status":"publish","type":"podcast","link":"https:\/\/radio-aviva.com\/nimes\/podcast\/cafe-sante-lalimentation-larticulation-entre-prevention-et-traitement-des-tms\/","title":{"rendered":"CAF\u00c9 SANT\u00c9 &#8211; L&rsquo;ALIMENTATION, L&rsquo;ARTICULATION ENTRE PREVENTION ET TRAITEMENT DES TMS"},"content":{"rendered":"<p>&nbsp;<\/p>\n<p class=\"mm8Nw _1j-51 roLFQS _1FoOD _3M0Fe Z63qyL roLFQS public-DraftStyleDefault-block-depth0 fixed-tab-size public-DraftStyleDefault-text-ltr\"><span class=\"_2PHJq public-DraftStyleDefault-ltr\"><strong>Les troubles musculo-squelettiques (TMS)<\/strong> sont pr\u00e9sents partout, au travail, \u00e0 la maison, en voiture, en v\u00e9lo\u2026 <\/span><\/p>\n<p class=\"mm8Nw _1j-51 roLFQS _1FoOD _3M0Fe Z63qyL roLFQS public-DraftStyleDefault-block-depth0 fixed-tab-size public-DraftStyleDefault-text-ltr\"><span class=\"_2PHJq public-DraftStyleDefault-ltr\">Des exercices sp\u00e9cifiques, une alimentation adapt\u00e9e et une hygi\u00e8ne de vie peuvent nous pr\u00e9server de ces d\u00e9sagr\u00e9ments et \u00e9viter une mobilit\u00e9 r\u00e9duite, voire une immobilit\u00e9 ! <\/span><\/p>\n<p class=\"mm8Nw _1j-51 roLFQS _1FoOD _3M0Fe Z63qyL roLFQS public-DraftStyleDefault-block-depth0 fixed-tab-size public-DraftStyleDefault-text-ltr\"><span class=\"_2PHJq public-DraftStyleDefault-ltr\">Nutrition et kin\u00e9sith\u00e9rapie se sont rencontr\u00e9s au <strong>Gazette Caf\u00e9<\/strong> \u00e0 Montpellier le 28 F\u00e9vrier 2023, pour donner les cl\u00e9s afin de vieillir en bonne sant\u00e9, avec les interventions de :<\/span><\/p>\n<ul>\n<li class=\"mm8Nw _1j-51 roLFQS _1FoOD _3M0Fe Z63qyL roLFQS public-DraftStyleDefault-block-depth0 fixed-tab-size public-DraftStyleDefault-text-ltr\"><span class=\"_2PHJq public-DraftStyleDefault-ltr\"><strong>Val\u00e9rie Fournier<\/strong>, naturopathe.<\/span><\/li>\n<li class=\"mm8Nw _1j-51 roLFQS _1FoOD _3M0Fe Z63qyL roLFQS public-DraftStyleDefault-block-depth0 fixed-tab-size public-DraftStyleDefault-text-ltr\"><span class=\"_2PHJq public-DraftStyleDefault-ltr\"><strong>Thierry Marc<\/strong>, kin\u00e9sith\u00e9rapeute et directeur scientifique TM Institute.<\/span><\/li>\n<li class=\"mm8Nw _1j-51 roLFQS _1FoOD _3M0Fe Z63qyL roLFQS public-DraftStyleDefault-block-depth0 fixed-tab-size public-DraftStyleDefault-text-ltr\"><span class=\"_2PHJq public-DraftStyleDefault-ltr\"><strong>Dr Sabine Breyel<\/strong>, m\u00e9decin g\u00e9n\u00e9raliste nutritionniste.<\/span><\/li>\n<\/ul>\n<div data-hook=\"rcv-block8\">Un plateau anim\u00e9 par Perla DANAN pour <strong>RADIO AVIVA<\/strong>.<\/div>\n<div id=\"viewer-1tve3\" class=\"mm8Nw _1j-51 roLFQS _1FoOD _3M0Fe Z63qyL roLFQS public-DraftStyleDefault-block-depth0 fixed-tab-size public-DraftStyleDefault-text-ltr\"><\/div>\n","protected":false},"author":1,"featured_media":6335,"template":"","tags":[],"podcastfilter":[33,151,29],"class_list":["post-6334","podcast","type-podcast","status-publish","has-post-thumbnail","hentry","podcastfilter-bien-etre","podcastfilter-cafes-gazette","podcastfilter-sante"],"_links":{"self":[{"href":"https:\/\/radio-aviva.com\/nimes\/wp-json\/wp\/v2\/podcast\/6334","targetHints":{"allow":["GET"]}}],"collection":[{"href":"https:\/\/radio-aviva.com\/nimes\/wp-json\/wp\/v2\/podcast"}],"about":[{"href":"https:\/\/radio-aviva.com\/nimes\/wp-json\/wp\/v2\/types\/podcast"}],"author":[{"embeddable":true,"href":"https:\/\/radio-aviva.com\/nimes\/wp-json\/wp\/v2\/users\/1"}],"version-history":[{"count":0,"href":"https:\/\/radio-aviva.com\/nimes\/wp-json\/wp\/v2\/podcast\/6334\/revisions"}],"wp:featuredmedia":[{"embeddable":true,"href":"https:\/\/radio-aviva.com\/nimes\/wp-json\/wp\/v2\/media\/6335"}],"wp:attachment":[{"href":"https:\/\/radio-aviva.com\/nimes\/wp-json\/wp\/v2\/media?parent=6334"}],"wp:term":[{"taxonomy":"post_tag","embeddable":true,"href":"https:\/\/radio-aviva.com\/nimes\/wp-json\/wp\/v2\/tags?post=6334"},{"taxonomy":"podcastfilter","embeddable":true,"href":"https:\/\/radio-aviva.com\/nimes\/wp-json\/wp\/v2\/podcastfilter?post=6334"}],"curies":[{"name":"wp","href":"https:\/\/api.w.org\/{rel}","templated":true}]}}

CAFÉ SANTÉ &#8211; L&rsquo;ALIMENTATION, L&rsquo;ARTICULATION ENTRE PREVENTION ET TRAITEMENT DES TMS

<p>&nbsp;</p>
<p class="mm8Nw _1j-51 roLFQS _1FoOD _3M0Fe Z63qyL roLFQS public-DraftStyleDefault-block-depth0 fixed-tab-size public-DraftStyleDefault-text-ltr"><span class="_2PHJq public-DraftStyleDefault-ltr"><strong>Les troubles musculo-squelettiques (TMS)</strong> sont présents partout, au travail, à la maison, en voiture, en vélo… </span></p>
<p class="mm8Nw _1j-51 roLFQS _1FoOD _3M0Fe Z63qyL roLFQS public-DraftStyleDefault-block-depth0 fixed-tab-size public-DraftStyleDefault-text-ltr"><span class="_2PHJq public-DraftStyleDefault-ltr">Des exercices spécifiques, une alimentation adaptée et une hygiène de vie peuvent nous préserver de ces désagréments et éviter une mobilité réduite, voire une immobilité ! </span></p>
<p class="mm8Nw _1j-51 roLFQS _1FoOD _3M0Fe Z63qyL roLFQS public-DraftStyleDefault-block-depth0 fixed-tab-size public-DraftStyleDefault-text-ltr"><span class="_2PHJq public-DraftStyleDefault-ltr">Nutrition et kinésithérapie se sont rencontrés au <strong>Gazette Café</strong> à Montpellier le 28 Février 2023, pour donner les clés afin de vieillir en bonne santé, avec les interventions de :</span></p>
<ul>
<li class="mm8Nw _1j-51 roLFQS _1FoOD _3M0Fe Z63qyL roLFQS public-DraftStyleDefault-block-depth0 fixed-tab-size public-DraftStyleDefault-text-ltr"><span class="_2PHJq public-DraftStyleDefault-ltr"><strong>Valérie Fournier</strong>, naturopathe.</span></li>
<li class="mm8Nw _1j-51 roLFQS _1FoOD _3M0Fe Z63qyL roLFQS public-DraftStyleDefault-block-depth0 fixed-tab-size public-DraftStyleDefault-text-ltr"><span class="_2PHJq public-DraftStyleDefault-ltr"><strong>Thierry Marc</strong>, kinésithérapeute et directeur scientifique TM Institute.</span></li>
<li class="mm8Nw _1j-51 roLFQS _1FoOD _3M0Fe Z63qyL roLFQS public-DraftStyleDefault-block-depth0 fixed-tab-size public-DraftStyleDefault-text-ltr"><span class="_2PHJq public-DraftStyleDefault-ltr"><strong>Dr Sabine Breyel</strong>, médecin généraliste nutritionniste.</span></li>
</ul>
<div data-hook="rcv-block8">Un plateau animé par Perla DANAN pour <strong>RADIO AVIVA</strong>.</div>
<div id="viewer-1tve3" class="mm8Nw _1j-51 roLFQS _1FoOD _3M0Fe Z63qyL roLFQS public-DraftStyleDefault-block-depth0 fixed-tab-size public-DraftStyleDefault-text-ltr"></div>
