{"id":6353,"date":"2023-01-25T15:18:45","date_gmt":"2023-01-25T14:18:45","guid":{"rendered":"https:\/\/radio-aviva.com\/nimes\/?post_type=podcast&#038;p=6353"},"modified":"2024-05-20T14:45:12","modified_gmt":"2024-05-20T12:45:12","slug":"olivier-cerdan-psdt-asso-americaine-contact-club-gala-kick-boxing-250123","status":"publish","type":"podcast","link":"https:\/\/radio-aviva.com\/nimes\/podcast\/olivier-cerdan-psdt-asso-americaine-contact-club-gala-kick-boxing-250123\/","title":{"rendered":"OLIVIER CERDAN, PSDT ASSO AMERICAINE CONTACT CLUB &#8211; GALA KICK BOXING &#8211; 250123"},"content":{"rendered":"<p>Le 25 janvier 2023, Olivier Cerdan est venu pr\u00e9senter le 3\u00e8me gala international de kick boxing organis\u00e9 \u00e0 Pablo Neruda.<\/p>\n","protected":false},"author":336,"featured_media":6354,"template":"","tags":[],"podcastfilter":[150,152,5,19],"class_list":["post-6353","podcast","type-podcast","status-publish","has-post-thumbnail","hentry","podcastfilter-association","podcastfilter-linvite-de-la-matinale","podcastfilter-nimes","podcastfilter-sport"],"_links":{"self":[{"href":"https:\/\/radio-aviva.com\/nimes\/wp-json\/wp\/v2\/podcast\/6353","targetHints":{"allow":["GET"]}}],"collection":[{"href":"https:\/\/radio-aviva.com\/nimes\/wp-json\/wp\/v2\/podcast"}],"about":[{"href":"https:\/\/radio-aviva.com\/nimes\/wp-json\/wp\/v2\/types\/podcast"}],"author":[{"embeddable":true,"href":"https:\/\/radio-aviva.com\/nimes\/wp-json\/wp\/v2\/users\/336"}],"version-history":[{"count":1,"href":"https:\/\/radio-aviva.com\/nimes\/wp-json\/wp\/v2\/podcast\/6353\/revisions"}],"predecessor-version":[{"id":8693,"href":"https:\/\/radio-aviva.com\/nimes\/wp-json\/wp\/v2\/podcast\/6353\/revisions\/8693"}],"wp:featuredmedia":[{"embeddable":true,"href":"https:\/\/radio-aviva.com\/nimes\/wp-json\/wp\/v2\/media\/6354"}],"wp:attachment":[{"href":"https:\/\/radio-aviva.com\/nimes\/wp-json\/wp\/v2\/media?parent=6353"}],"wp:term":[{"taxonomy":"post_tag","embeddable":true,"href":"https:\/\/radio-aviva.com\/nimes\/wp-json\/wp\/v2\/tags?post=6353"},{"taxonomy":"podcastfilter","embeddable":true,"href":"https:\/\/radio-aviva.com\/nimes\/wp-json\/wp\/v2\/podcastfilter?post=6353"}],"curies":[{"name":"wp","href":"https:\/\/api.w.org\/{rel}","templated":true}]}}

<p>Le 25 janvier 2023, Olivier Cerdan est venu présenter le 3ème gala international de kick boxing organisé à Pablo Neruda.</p>
