{"id":6364,"date":"2023-03-07T15:31:38","date_gmt":"2023-03-07T14:31:38","guid":{"rendered":"https:\/\/radio-aviva.com\/nimes\/?post_type=podcast&#038;p=6364"},"modified":"2023-03-07T16:00:51","modified_gmt":"2023-03-07T15:00:51","slug":"chantal-lair-lachapelle-presidente-notre-petit-prince-asperger-deux-jours-pour-parler-de-lautisme","status":"publish","type":"podcast","link":"https:\/\/radio-aviva.com\/nimes\/podcast\/chantal-lair-lachapelle-presidente-notre-petit-prince-asperger-deux-jours-pour-parler-de-lautisme\/","title":{"rendered":"CHANTAL LAIR-LACHAPELLE, PR\u00c9SIDENTE NOTRE PETIT PRINCE ASPERGER &#8211; DEUX JOURS POUR PARLER DE L&rsquo;AUTISME"},"content":{"rendered":"<p>Ce lundi 27 janvier, Patrick Losso recevait notre invit\u00e9e de la r\u00e9daction, <strong>Mme Chantal Lair-Lachapelle<\/strong>, la pr\u00e9sidente de l&rsquo;association <strong>Notre Petit Prince Asperger<\/strong>. Il s&rsquo;agit d&rsquo;une association de parents soutenant les familles touch\u00e9es par l&rsquo;autisme qui se situe \u00e0 <strong>Vauvert<\/strong>. Elle est venue nous parler de leur prochain \u00e9v\u00e8nement, <strong>le 6\u00e8me Salon de l&rsquo;Autisme et de la diff\u00e9rence <\/strong>;\u00a0deux jours pour parler de l&rsquo;autisme, les <strong>24 et 25 mars<\/strong> prochain \u00e0 Vauvert. Les r\u00e9servations sont ouvertes.<\/p>\n","protected":false},"author":1,"featured_media":6365,"template":"","tags":[],"podcastfilter":[30,5],"class_list":["post-6364","podcast","type-podcast","status-publish","has-post-thumbnail","hentry","podcastfilter-linvite-de-la-redaction","podcastfilter-nimes"],"_links":{"self":[{"href":"https:\/\/radio-aviva.com\/nimes\/wp-json\/wp\/v2\/podcast\/6364","targetHints":{"allow":["GET"]}}],"collection":[{"href":"https:\/\/radio-aviva.com\/nimes\/wp-json\/wp\/v2\/podcast"}],"about":[{"href":"https:\/\/radio-aviva.com\/nimes\/wp-json\/wp\/v2\/types\/podcast"}],"author":[{"embeddable":true,"href":"https:\/\/radio-aviva.com\/nimes\/wp-json\/wp\/v2\/users\/1"}],"version-history":[{"count":0,"href":"https:\/\/radio-aviva.com\/nimes\/wp-json\/wp\/v2\/podcast\/6364\/revisions"}],"wp:featuredmedia":[{"embeddable":true,"href":"https:\/\/radio-aviva.com\/nimes\/wp-json\/wp\/v2\/media\/6365"}],"wp:attachment":[{"href":"https:\/\/radio-aviva.com\/nimes\/wp-json\/wp\/v2\/media?parent=6364"}],"wp:term":[{"taxonomy":"post_tag","embeddable":true,"href":"https:\/\/radio-aviva.com\/nimes\/wp-json\/wp\/v2\/tags?post=6364"},{"taxonomy":"podcastfilter","embeddable":true,"href":"https:\/\/radio-aviva.com\/nimes\/wp-json\/wp\/v2\/podcastfilter?post=6364"}],"curies":[{"name":"wp","href":"https:\/\/api.w.org\/{rel}","templated":true}]}}

CHANTAL LAIR-LACHAPELLE, PRÉSIDENTE NOTRE PETIT PRINCE ASPERGER &#8211; DEUX JOURS POUR PARLER DE L&rsquo;AUTISME

<p>Ce lundi 27 janvier, Patrick Losso recevait notre invitée de la rédaction, <strong>Mme Chantal Lair-Lachapelle</strong>, la présidente de l&rsquo;association <strong>Notre Petit Prince Asperger</strong>. Il s&rsquo;agit d&rsquo;une association de parents soutenant les familles touchées par l&rsquo;autisme qui se situe à <strong>Vauvert</strong>. Elle est venue nous parler de leur prochain évènement, <strong>le 6ème Salon de l&rsquo;Autisme et de la différence </strong>; deux jours pour parler de l&rsquo;autisme, les <strong>24 et 25 mars</strong> prochain à Vauvert. Les réservations sont ouvertes.</p>
