{"id":6418,"date":"2023-03-24T16:07:27","date_gmt":"2023-03-24T15:07:27","guid":{"rendered":"https:\/\/radio-aviva.com\/nimes\/blog\/podcast\/la-compagnie-theatrale-sarah-bernhardt-part-2\/"},"modified":"2023-03-24T16:25:58","modified_gmt":"2023-03-24T15:25:58","slug":"la-compagnie-theatrale-sarah-bernhardt-part-2","status":"publish","type":"podcast","link":"https:\/\/radio-aviva.com\/nimes\/podcast\/la-compagnie-theatrale-sarah-bernhardt-part-2\/","title":{"rendered":"LA COMPAGNIE TH\u00c9\u00c2TRALE &#8211; SARAH BERNHARDT part 2"},"content":{"rendered":"<p>&nbsp;<\/p>\n<p>Dans cette seconde partie de l&rsquo;\u00e9mission <strong>LA COMPAGNIE TH\u00c9\u00c2TRALE <\/strong>du Mardi 18 Avril, <strong>Jacques MATEU<\/strong> \u00e9voque la vie de <strong>Sarah BERNHARDT.<\/strong><\/p>\n","protected":false},"author":1,"featured_media":6417,"template":"","tags":[],"podcastfilter":[8,160,161,162,132,25],"class_list":["post-6418","podcast","type-podcast","status-publish","has-post-thumbnail","hentry","podcastfilter-art","podcastfilter-comedien","podcastfilter-la-compagnie-theatrale","podcastfilter-magazine-culturel","podcastfilter-montpellier","podcastfilter-theatre"],"_links":{"self":[{"href":"https:\/\/radio-aviva.com\/nimes\/wp-json\/wp\/v2\/podcast\/6418","targetHints":{"allow":["GET"]}}],"collection":[{"href":"https:\/\/radio-aviva.com\/nimes\/wp-json\/wp\/v2\/podcast"}],"about":[{"href":"https:\/\/radio-aviva.com\/nimes\/wp-json\/wp\/v2\/types\/podcast"}],"author":[{"embeddable":true,"href":"https:\/\/radio-aviva.com\/nimes\/wp-json\/wp\/v2\/users\/1"}],"version-history":[{"count":0,"href":"https:\/\/radio-aviva.com\/nimes\/wp-json\/wp\/v2\/podcast\/6418\/revisions"}],"wp:featuredmedia":[{"embeddable":true,"href":"https:\/\/radio-aviva.com\/nimes\/wp-json\/wp\/v2\/media\/6417"}],"wp:attachment":[{"href":"https:\/\/radio-aviva.com\/nimes\/wp-json\/wp\/v2\/media?parent=6418"}],"wp:term":[{"taxonomy":"post_tag","embeddable":true,"href":"https:\/\/radio-aviva.com\/nimes\/wp-json\/wp\/v2\/tags?post=6418"},{"taxonomy":"podcastfilter","embeddable":true,"href":"https:\/\/radio-aviva.com\/nimes\/wp-json\/wp\/v2\/podcastfilter?post=6418"}],"curies":[{"name":"wp","href":"https:\/\/api.w.org\/{rel}","templated":true}]}}

LA COMPAGNIE THÉÂTRALE &#8211; SARAH BERNHARDT part 2

<p>&nbsp;</p>
<p>Dans cette seconde partie de l&rsquo;émission <strong>LA COMPAGNIE THÉÂTRALE </strong>du Mardi 18 Avril, <strong>Jacques MATEU</strong> évoque la vie de <strong>Sarah BERNHARDT.</strong></p>
