{"id":6431,"date":"2023-03-28T16:55:28","date_gmt":"2023-03-28T14:55:28","guid":{"rendered":"https:\/\/radio-aviva.com\/nimes\/blog\/podcast\/campus-avec-liliane-dray-methodes-de-memorisation\/"},"modified":"2023-04-24T16:55:08","modified_gmt":"2023-04-24T14:55:08","slug":"campus-avec-liliane-dray-methodes-de-memorisation","status":"publish","type":"podcast","link":"https:\/\/radio-aviva.com\/nimes\/podcast\/campus-avec-liliane-dray-methodes-de-memorisation\/","title":{"rendered":"CAMPUS &#8211; AVEC LILIANE DRAY &#8211; METHODES DE MEMORISATION"},"content":{"rendered":"<p>Campus du Jeudi 06 Avril 2023<\/p>\n<p>Aujourd\u2019hui dans Campus, on va s\u2019int\u00e9resser aux <strong>m\u00e9thodes de m\u00e9morisation<\/strong>, qu\u2019on esp\u00e8re efficaces bien s\u00fbr, parce qu\u2019on est nombreux \u00e0 \u00eatre en p\u00e9riode d\u2019\u00e9valuation.<\/p>\n<p>Mais pourquoi l\u2019utilisation de ces <strong>3 \u00e9l\u00e9ments<\/strong> ferait que \u00e7a fonctionne ?<\/p>\n<p>Le 3 eme \u00e9l\u00e9ment, serait de r\u00e9p\u00e9ter pour se rappeler mais se rappeler c\u2019est facile, le v\u00e9ritable d\u00e9fi c\u2019est de ne pas oublier.<\/p>\n<p>Cependant si ce sujet vous int\u00e9resse on peut en d\u00e9couvrir un peu plus sur www.cursus.edu\/fr<\/p>\n","protected":false},"author":1,"featured_media":0,"template":"","tags":[],"podcastfilter":[164,165,132,5,145],"class_list":["post-6431","podcast","type-podcast","status-publish","hentry","podcastfilter-campus","podcastfilter-education","podcastfilter-montpellier","podcastfilter-nimes","podcastfilter-perpignan"],"_links":{"self":[{"href":"https:\/\/radio-aviva.com\/nimes\/wp-json\/wp\/v2\/podcast\/6431","targetHints":{"allow":["GET"]}}],"collection":[{"href":"https:\/\/radio-aviva.com\/nimes\/wp-json\/wp\/v2\/podcast"}],"about":[{"href":"https:\/\/radio-aviva.com\/nimes\/wp-json\/wp\/v2\/types\/podcast"}],"author":[{"embeddable":true,"href":"https:\/\/radio-aviva.com\/nimes\/wp-json\/wp\/v2\/users\/1"}],"version-history":[{"count":0,"href":"https:\/\/radio-aviva.com\/nimes\/wp-json\/wp\/v2\/podcast\/6431\/revisions"}],"wp:attachment":[{"href":"https:\/\/radio-aviva.com\/nimes\/wp-json\/wp\/v2\/media?parent=6431"}],"wp:term":[{"taxonomy":"post_tag","embeddable":true,"href":"https:\/\/radio-aviva.com\/nimes\/wp-json\/wp\/v2\/tags?post=6431"},{"taxonomy":"podcastfilter","embeddable":true,"href":"https:\/\/radio-aviva.com\/nimes\/wp-json\/wp\/v2\/podcastfilter?post=6431"}],"curies":[{"name":"wp","href":"https:\/\/api.w.org\/{rel}","templated":true}]}}

<p>Campus du Jeudi 06 Avril 2023</p>
<p>Aujourd’hui dans Campus, on va s’intéresser aux <strong>méthodes de mémorisation</strong>, qu’on espère efficaces bien sûr, parce qu’on est nombreux à être en période d’évaluation.</p>
<p>Mais pourquoi l’utilisation de ces <strong>3 éléments</strong> ferait que ça fonctionne ?</p>
<p>Le 3 eme élément, serait de répéter pour se rappeler mais se rappeler c’est facile, le véritable défi c’est de ne pas oublier.</p>
<p>Cependant si ce sujet vous intéresse on peut en découvrir un peu plus sur www.cursus.edu/fr</p>
