{"id":6452,"date":"2023-04-07T16:53:04","date_gmt":"2023-04-07T14:53:04","guid":{"rendered":"https:\/\/radio-aviva.com\/nimes\/?post_type=podcast&#038;p=6452"},"modified":"2024-05-22T11:03:38","modified_gmt":"2024-05-22T09:03:38","slug":"laureline-tellier-chargee-prog-et-com-au-spot-a-nimes-presentation-et-appel-a-murs-pour-11e-expo-de-ouf-290323","status":"publish","type":"podcast","link":"https:\/\/radio-aviva.com\/nimes\/podcast\/laureline-tellier-chargee-prog-et-com-au-spot-a-nimes-presentation-et-appel-a-murs-pour-11e-expo-de-ouf-290323\/","title":{"rendered":"LAURELINE TELLIER, CHARGEE PROG ET COM AU SPOT A NIMES &#8211; PRESENTATION ET APPEL A MURS POUR 11E EXPO DE OUF &#8211; 290323"},"content":{"rendered":"<p><span style=\"font-weight: 400\">L&rsquo;invit\u00e9 de la matinale avec Laureline TELLIER, charg\u00e9e de programmation et communication au spot \u00e0 N\u00eemes, interview\u00e9 par Niko BATIK nous parle de l&rsquo;expo de ouf pr\u00e9sente au spot. Le spot est une association et \u00e9galement une coop\u00e9rative qui se sont mont\u00e9s dans un lieu : le spot. On y trouve de nombreux espaces : galerie\/exposition, bar avec un acc\u00e8s WIFI, salle de concert, co working dans le but de cr\u00e9er du lien.<\/span><\/p>\n","protected":false},"author":336,"featured_media":6453,"template":"","tags":[],"podcastfilter":[11,22,152,5],"class_list":["post-6452","podcast","type-podcast","status-publish","has-post-thumbnail","hentry","podcastfilter-concert","podcastfilter-exposition","podcastfilter-linvite-de-la-matinale","podcastfilter-nimes"],"_links":{"self":[{"href":"https:\/\/radio-aviva.com\/nimes\/wp-json\/wp\/v2\/podcast\/6452","targetHints":{"allow":["GET"]}}],"collection":[{"href":"https:\/\/radio-aviva.com\/nimes\/wp-json\/wp\/v2\/podcast"}],"about":[{"href":"https:\/\/radio-aviva.com\/nimes\/wp-json\/wp\/v2\/types\/podcast"}],"author":[{"embeddable":true,"href":"https:\/\/radio-aviva.com\/nimes\/wp-json\/wp\/v2\/users\/336"}],"version-history":[{"count":1,"href":"https:\/\/radio-aviva.com\/nimes\/wp-json\/wp\/v2\/podcast\/6452\/revisions"}],"predecessor-version":[{"id":8710,"href":"https:\/\/radio-aviva.com\/nimes\/wp-json\/wp\/v2\/podcast\/6452\/revisions\/8710"}],"wp:featuredmedia":[{"embeddable":true,"href":"https:\/\/radio-aviva.com\/nimes\/wp-json\/wp\/v2\/media\/6453"}],"wp:attachment":[{"href":"https:\/\/radio-aviva.com\/nimes\/wp-json\/wp\/v2\/media?parent=6452"}],"wp:term":[{"taxonomy":"post_tag","embeddable":true,"href":"https:\/\/radio-aviva.com\/nimes\/wp-json\/wp\/v2\/tags?post=6452"},{"taxonomy":"podcastfilter","embeddable":true,"href":"https:\/\/radio-aviva.com\/nimes\/wp-json\/wp\/v2\/podcastfilter?post=6452"}],"curies":[{"name":"wp","href":"https:\/\/api.w.org\/{rel}","templated":true}]}}

<p><span style="font-weight: 400">L&rsquo;invité de la matinale avec Laureline TELLIER, chargée de programmation et communication au spot à Nîmes, interviewé par Niko BATIK nous parle de l&rsquo;expo de ouf présente au spot. Le spot est une association et également une coopérative qui se sont montés dans un lieu : le spot. On y trouve de nombreux espaces : galerie/exposition, bar avec un accès WIFI, salle de concert, co working dans le but de créer du lien.</span></p>
