{"id":65,"date":"2023-01-23T16:38:33","date_gmt":"2023-01-23T15:38:33","guid":{"rendered":"http:\/\/radio-aviva.com\/nimes\/?post_type=podcast&#038;p=65"},"modified":"2023-01-23T16:38:33","modified_gmt":"2023-01-23T15:38:33","slug":"dysabo-artiste-plasticienne-celine-sissan-co-gerante-servwine","status":"publish","type":"podcast","link":"https:\/\/radio-aviva.com\/nimes\/podcast\/dysabo-artiste-plasticienne-celine-sissan-co-gerante-servwine\/","title":{"rendered":"DYSABO, ARTISTE PLASTICIENNE , CELINE SISSAN CO-GERANTE SERVWINE"},"content":{"rendered":"<p><strong>UNE MARRAINE, UNE FILLEULE Tout au long de l\u2019ann\u00e9e, Midi Libre et radio Aviva s\u2019engagent autour de femmes inspirantes, de rencontres positives.<\/strong><\/p>\n<p>\u00ab\u00a0J\u2019ai eu un parcours difficile au d\u00e9part, du fait notamment de ma dyslexie. Mais cela m\u2019a apport\u00e9 beaucoup de richesse au final\u00a0\u00bb. \u00ab Dysabo \u00bb, de son nom d\u2019artiste plasticienne, fait partie de ces femmes impossibles \u00e0 cantonner dans une simple case.\u00a0\u00bb Ayant\u00a0\u00ab\u00a0la lourde charge\u00a0\u00bb, dit-elle avec humour, de trouver une filleule pour ce Fil Rouge, elle rencontre C\u00e9line Sissan en d\u00e9cembre dernier\u00a0lors de la remise des prix du concours Al\u00e8s Audace.\u00a0\u00ab\u00a0En voyant l\u2019\u00e9motion vive de cette jeune femme r\u00e9compens\u00e9e pour son travail, j\u2019ai voulu lui tendre ce fil rouge\u00a0\u00bb.<\/p>\n","protected":false},"author":336,"featured_media":50,"template":"","tags":[],"podcastfilter":[8,23,28,22,31,5],"class_list":["post-65","podcast","type-podcast","status-publish","has-post-thumbnail","hentry","podcastfilter-art","podcastfilter-artisanat","podcastfilter-culture","podcastfilter-exposition","podcastfilter-le-fil-rouge","podcastfilter-nimes"],"_links":{"self":[{"href":"https:\/\/radio-aviva.com\/nimes\/wp-json\/wp\/v2\/podcast\/65","targetHints":{"allow":["GET"]}}],"collection":[{"href":"https:\/\/radio-aviva.com\/nimes\/wp-json\/wp\/v2\/podcast"}],"about":[{"href":"https:\/\/radio-aviva.com\/nimes\/wp-json\/wp\/v2\/types\/podcast"}],"author":[{"embeddable":true,"href":"https:\/\/radio-aviva.com\/nimes\/wp-json\/wp\/v2\/users\/336"}],"version-history":[{"count":0,"href":"https:\/\/radio-aviva.com\/nimes\/wp-json\/wp\/v2\/podcast\/65\/revisions"}],"wp:featuredmedia":[{"embeddable":true,"href":"https:\/\/radio-aviva.com\/nimes\/wp-json\/wp\/v2\/media\/50"}],"wp:attachment":[{"href":"https:\/\/radio-aviva.com\/nimes\/wp-json\/wp\/v2\/media?parent=65"}],"wp:term":[{"taxonomy":"post_tag","embeddable":true,"href":"https:\/\/radio-aviva.com\/nimes\/wp-json\/wp\/v2\/tags?post=65"},{"taxonomy":"podcastfilter","embeddable":true,"href":"https:\/\/radio-aviva.com\/nimes\/wp-json\/wp\/v2\/podcastfilter?post=65"}],"curies":[{"name":"wp","href":"https:\/\/api.w.org\/{rel}","templated":true}]}}

<p><strong>UNE MARRAINE, UNE FILLEULE Tout au long de l’année, Midi Libre et radio Aviva s’engagent autour de femmes inspirantes, de rencontres positives.</strong></p>
<p>« J’ai eu un parcours difficile au départ, du fait notamment de ma dyslexie. Mais cela m’a apporté beaucoup de richesse au final ». « Dysabo », de son nom d’artiste plasticienne, fait partie de ces femmes impossibles à cantonner dans une simple case. » Ayant « la lourde charge », dit-elle avec humour, de trouver une filleule pour ce Fil Rouge, elle rencontre Céline Sissan en décembre dernier lors de la remise des prix du concours Alès Audace. « En voyant l’émotion vive de cette jeune femme récompensée pour son travail, j’ai voulu lui tendre ce fil rouge ».</p>
