{"id":6564,"date":"2023-04-28T22:05:23","date_gmt":"2023-04-28T20:05:23","guid":{"rendered":"https:\/\/radio-aviva.com\/nimes\/?post_type=podcast&#038;p=6564"},"modified":"2023-04-28T22:05:23","modified_gmt":"2023-04-28T20:05:23","slug":"tempo-agenda-soirees-nimes-semaine-du-080523","status":"publish","type":"podcast","link":"https:\/\/radio-aviva.com\/nimes\/podcast\/tempo-agenda-soirees-nimes-semaine-du-080523\/","title":{"rendered":"TEMPO &#8211; AGENDA SOIREES NIMES, SEMAINE DU 080523"},"content":{"rendered":"<p>&nbsp;<\/p>\n<p>Semaine du Lundi 8 Mai, <strong>Killian BARTOK<\/strong> pr\u00e9sente l\u2019actualit\u00e9 de vos sorties nocturnes \u00e0 <strong>N\u00eemes<\/strong> et dans le <strong>Gard<\/strong>.<\/p>\n","protected":false},"author":1,"featured_media":6561,"template":"","tags":[],"podcastfilter":[8,11,13,173,183,84,133,5,109,181],"class_list":["post-6564","podcast","type-podcast","status-publish","has-post-thumbnail","hentry","podcastfilter-art","podcastfilter-concert","podcastfilter-danse","podcastfilter-festival","podcastfilter-gard","podcastfilter-house","podcastfilter-musique","podcastfilter-nimes","podcastfilter-techno","podcastfilter-tempo"],"_links":{"self":[{"href":"https:\/\/radio-aviva.com\/nimes\/wp-json\/wp\/v2\/podcast\/6564","targetHints":{"allow":["GET"]}}],"collection":[{"href":"https:\/\/radio-aviva.com\/nimes\/wp-json\/wp\/v2\/podcast"}],"about":[{"href":"https:\/\/radio-aviva.com\/nimes\/wp-json\/wp\/v2\/types\/podcast"}],"author":[{"embeddable":true,"href":"https:\/\/radio-aviva.com\/nimes\/wp-json\/wp\/v2\/users\/1"}],"version-history":[{"count":0,"href":"https:\/\/radio-aviva.com\/nimes\/wp-json\/wp\/v2\/podcast\/6564\/revisions"}],"wp:featuredmedia":[{"embeddable":true,"href":"https:\/\/radio-aviva.com\/nimes\/wp-json\/wp\/v2\/media\/6561"}],"wp:attachment":[{"href":"https:\/\/radio-aviva.com\/nimes\/wp-json\/wp\/v2\/media?parent=6564"}],"wp:term":[{"taxonomy":"post_tag","embeddable":true,"href":"https:\/\/radio-aviva.com\/nimes\/wp-json\/wp\/v2\/tags?post=6564"},{"taxonomy":"podcastfilter","embeddable":true,"href":"https:\/\/radio-aviva.com\/nimes\/wp-json\/wp\/v2\/podcastfilter?post=6564"}],"curies":[{"name":"wp","href":"https:\/\/api.w.org\/{rel}","templated":true}]}}

<p>&nbsp;</p>
<p>Semaine du Lundi 8 Mai, <strong>Killian BARTOK</strong> présente l’actualité de vos sorties nocturnes à <strong>Nîmes</strong> et dans le <strong>Gard</strong>.</p>
