{"id":6585,"date":"2023-04-25T11:31:08","date_gmt":"2023-04-25T09:31:08","guid":{"rendered":"https:\/\/radio-aviva.com\/nimes\/blog\/podcast\/edouard-malinverno-co-directeur-du-festival-yung-fest\/"},"modified":"2023-05-11T11:45:19","modified_gmt":"2023-05-11T09:45:19","slug":"edouard-malinverno-co-directeur-du-festival-yung-fest","status":"publish","type":"podcast","link":"https:\/\/radio-aviva.com\/nimes\/podcast\/edouard-malinverno-co-directeur-du-festival-yung-fest\/","title":{"rendered":"EDOUARD MALINVERNO, CO-DIRECTEUR DU FESTIVAL &#8211; YUNG FEST"},"content":{"rendered":"<p>&nbsp;<\/p>\n<p>&nbsp;<\/p>\n<p>Ce lundi 3 Avril, dans Culture &amp; Compagnie, Patrick Losso a re\u00e7u <strong>Mr \u00c9douard Malinverno<\/strong>, co-directeur du <strong>Festival Yung Fest<\/strong>, \u00e0 Montpellier.<\/p>\n<p>Le YUNG FEST est un festival d\u00e9di\u00e9 aux musiques urbaines et au skate \u00e0 Montpellier. Il se tiendra les <strong>12 et 13 MAI 2023<\/strong> \u00e0 Montpellier ! Les premiers annonc\u00e9s : Tiakola, J9UEVE, CABALLERO &amp; JEANJASS.. D&rsquo;autres noms sont \u00e0 venir.<\/p>\n<p>Le Festival Yung Fest 2023 vous donne rendez-vous pour une nouvelle \u00e9dition \u00e0 Montpellier du 12 au 13 mai 2023.<\/p>\n","protected":false},"author":1,"featured_media":6586,"template":"","tags":[],"podcastfilter":[171,173,132,133],"class_list":["post-6585","podcast","type-podcast","status-publish","has-post-thumbnail","hentry","podcastfilter-culture-compagnie","podcastfilter-festival","podcastfilter-montpellier","podcastfilter-musique"],"_links":{"self":[{"href":"https:\/\/radio-aviva.com\/nimes\/wp-json\/wp\/v2\/podcast\/6585","targetHints":{"allow":["GET"]}}],"collection":[{"href":"https:\/\/radio-aviva.com\/nimes\/wp-json\/wp\/v2\/podcast"}],"about":[{"href":"https:\/\/radio-aviva.com\/nimes\/wp-json\/wp\/v2\/types\/podcast"}],"author":[{"embeddable":true,"href":"https:\/\/radio-aviva.com\/nimes\/wp-json\/wp\/v2\/users\/1"}],"version-history":[{"count":0,"href":"https:\/\/radio-aviva.com\/nimes\/wp-json\/wp\/v2\/podcast\/6585\/revisions"}],"wp:featuredmedia":[{"embeddable":true,"href":"https:\/\/radio-aviva.com\/nimes\/wp-json\/wp\/v2\/media\/6586"}],"wp:attachment":[{"href":"https:\/\/radio-aviva.com\/nimes\/wp-json\/wp\/v2\/media?parent=6585"}],"wp:term":[{"taxonomy":"post_tag","embeddable":true,"href":"https:\/\/radio-aviva.com\/nimes\/wp-json\/wp\/v2\/tags?post=6585"},{"taxonomy":"podcastfilter","embeddable":true,"href":"https:\/\/radio-aviva.com\/nimes\/wp-json\/wp\/v2\/podcastfilter?post=6585"}],"curies":[{"name":"wp","href":"https:\/\/api.w.org\/{rel}","templated":true}]}}

<p>&nbsp;</p>
<p>&nbsp;</p>
<p>Ce lundi 3 Avril, dans Culture &amp; Compagnie, Patrick Losso a reçu <strong>Mr Édouard Malinverno</strong>, co-directeur du <strong>Festival Yung Fest</strong>, à Montpellier.</p>
<p>Le YUNG FEST est un festival dédié aux musiques urbaines et au skate à Montpellier. Il se tiendra les <strong>12 et 13 MAI 2023</strong> à Montpellier ! Les premiers annoncés : Tiakola, J9UEVE, CABALLERO &amp; JEANJASS.. D&rsquo;autres noms sont à venir.</p>
<p>Le Festival Yung Fest 2023 vous donne rendez-vous pour une nouvelle édition à Montpellier du 12 au 13 mai 2023.</p>
