{"id":6592,"date":"2023-05-11T12:11:50","date_gmt":"2023-05-11T10:11:50","guid":{"rendered":"https:\/\/radio-aviva.com\/nimes\/blog\/podcast\/yves-fourriques-coordinateur-de-la-30eme-rando-des-pinedes-du-lez-2023-course-du-dimanche-14-mai-vtt-rando-a-montferrier-sur-lez\/"},"modified":"2023-05-11T12:11:50","modified_gmt":"2023-05-11T10:11:50","slug":"yves-fourriques-coordinateur-de-la-30eme-rando-des-pinedes-du-lez-2023-course-du-dimanche-14-mai-vtt-rando-a-montferrier-sur-lez","status":"publish","type":"podcast","link":"https:\/\/radio-aviva.com\/nimes\/podcast\/yves-fourriques-coordinateur-de-la-30eme-rando-des-pinedes-du-lez-2023-course-du-dimanche-14-mai-vtt-rando-a-montferrier-sur-lez\/","title":{"rendered":"YVES FOURRIQUES, COORDINATEUR DE LA 30\u00c8ME  RANDO DES PIN\u00c8DES DU LEZ 2023 &#8211; COURSE DU DIMANCHE 14 MAI VTT RANDO \u00c0 MONTFERRIER-SUR-LEZ"},"content":{"rendered":"<p>&nbsp;<\/p>\n<p>Ce jeudi 11 mai, l&rsquo;invit\u00e9 sportif de <strong>Sydney BITON<\/strong> est Mr <strong>Yves FOURRIQUES<\/strong>, coordinateur de l&rsquo;\u00e9v\u00e8nement de <strong>dimanche 14 mai<\/strong> \u00e0 <strong>Montferrier-sur-Lez<\/strong> : la 3<strong>0\u00e8me \u00e9dition des Pin\u00e8des du Lez<\/strong>. Il s&rsquo;agit d&rsquo;une course Randonn\u00e9e VTT. Il nous pr\u00e9sente l&rsquo;organisation et le d\u00e9roulement de cette course.<\/p>\n","protected":false},"author":1,"featured_media":0,"template":"","tags":[],"podcastfilter":[174,19],"class_list":["post-6592","podcast","type-podcast","status-publish","hentry","podcastfilter-linvite-sportif","podcastfilter-sport"],"_links":{"self":[{"href":"https:\/\/radio-aviva.com\/nimes\/wp-json\/wp\/v2\/podcast\/6592","targetHints":{"allow":["GET"]}}],"collection":[{"href":"https:\/\/radio-aviva.com\/nimes\/wp-json\/wp\/v2\/podcast"}],"about":[{"href":"https:\/\/radio-aviva.com\/nimes\/wp-json\/wp\/v2\/types\/podcast"}],"author":[{"embeddable":true,"href":"https:\/\/radio-aviva.com\/nimes\/wp-json\/wp\/v2\/users\/1"}],"version-history":[{"count":0,"href":"https:\/\/radio-aviva.com\/nimes\/wp-json\/wp\/v2\/podcast\/6592\/revisions"}],"wp:attachment":[{"href":"https:\/\/radio-aviva.com\/nimes\/wp-json\/wp\/v2\/media?parent=6592"}],"wp:term":[{"taxonomy":"post_tag","embeddable":true,"href":"https:\/\/radio-aviva.com\/nimes\/wp-json\/wp\/v2\/tags?post=6592"},{"taxonomy":"podcastfilter","embeddable":true,"href":"https:\/\/radio-aviva.com\/nimes\/wp-json\/wp\/v2\/podcastfilter?post=6592"}],"curies":[{"name":"wp","href":"https:\/\/api.w.org\/{rel}","templated":true}]}}

YVES FOURRIQUES, COORDINATEUR DE LA 30ÈME  RANDO DES PINÈDES DU LEZ 2023 &#8211; COURSE DU DIMANCHE 14 MAI VTT RANDO À MONTFERRIER-SUR-LEZ

<p>&nbsp;</p>
<p>Ce jeudi 11 mai, l&rsquo;invité sportif de <strong>Sydney BITON</strong> est Mr <strong>Yves FOURRIQUES</strong>, coordinateur de l&rsquo;évènement de <strong>dimanche 14 mai</strong> à <strong>Montferrier-sur-Lez</strong> : la 3<strong>0ème édition des Pinèdes du Lez</strong>. Il s&rsquo;agit d&rsquo;une course Randonnée VTT. Il nous présente l&rsquo;organisation et le déroulement de cette course.</p>
