{"id":6604,"date":"2023-05-15T13:44:12","date_gmt":"2023-05-15T11:44:12","guid":{"rendered":"https:\/\/radio-aviva.com\/nimes\/?post_type=podcast&#038;p=6604"},"modified":"2024-05-20T11:07:33","modified_gmt":"2024-05-20T09:07:33","slug":"laurent-delvert-metteur-en-scene-piece-on-ne-badine-pas-avec-lamour","status":"publish","type":"podcast","link":"https:\/\/radio-aviva.com\/nimes\/podcast\/laurent-delvert-metteur-en-scene-piece-on-ne-badine-pas-avec-lamour\/","title":{"rendered":"LAURENT DELVERT, METTEUR EN SCENE &#8211; PIECE, ON NE BADINE PAS AVEC L&rsquo;AMOUR"},"content":{"rendered":"<p><strong>On ne badine pas avec l&rsquo;amour<\/strong>. Une pi\u00e8ce de th\u00e9\u00e2tre d&rsquo;<strong>Alfred de Musset<\/strong> publi\u00e9 en 1834 et mis en sc\u00e8ne par <strong>Laurent Delvert<\/strong>. Le metteur en sc\u00e8ne r\u00e9v\u00e8le la puissance du drame d&rsquo;Alfred de Musset en pointant jusqu&rsquo;ou l&rsquo;amour peut construire autant que d\u00e9truire. A retrouver le 5 avril \u00e0 19 heures et le 6 avril \u00e0 20 heures au Th\u00e9\u00e2tre de N\u00eemes.<\/p>\n","protected":false},"author":336,"featured_media":6599,"template":"","tags":[],"podcastfilter":[8,175,160,28,183,152,144,5,191,25],"class_list":["post-6604","podcast","type-podcast","status-publish","has-post-thumbnail","hentry","podcastfilter-art","podcastfilter-artiste","podcastfilter-comedien","podcastfilter-culture","podcastfilter-gard","podcastfilter-linvite-de-la-matinale","podcastfilter-litterature","podcastfilter-nimes","podcastfilter-spectacle","podcastfilter-theatre"],"_links":{"self":[{"href":"https:\/\/radio-aviva.com\/nimes\/wp-json\/wp\/v2\/podcast\/6604","targetHints":{"allow":["GET"]}}],"collection":[{"href":"https:\/\/radio-aviva.com\/nimes\/wp-json\/wp\/v2\/podcast"}],"about":[{"href":"https:\/\/radio-aviva.com\/nimes\/wp-json\/wp\/v2\/types\/podcast"}],"author":[{"embeddable":true,"href":"https:\/\/radio-aviva.com\/nimes\/wp-json\/wp\/v2\/users\/336"}],"version-history":[{"count":1,"href":"https:\/\/radio-aviva.com\/nimes\/wp-json\/wp\/v2\/podcast\/6604\/revisions"}],"predecessor-version":[{"id":8674,"href":"https:\/\/radio-aviva.com\/nimes\/wp-json\/wp\/v2\/podcast\/6604\/revisions\/8674"}],"wp:featuredmedia":[{"embeddable":true,"href":"https:\/\/radio-aviva.com\/nimes\/wp-json\/wp\/v2\/media\/6599"}],"wp:attachment":[{"href":"https:\/\/radio-aviva.com\/nimes\/wp-json\/wp\/v2\/media?parent=6604"}],"wp:term":[{"taxonomy":"post_tag","embeddable":true,"href":"https:\/\/radio-aviva.com\/nimes\/wp-json\/wp\/v2\/tags?post=6604"},{"taxonomy":"podcastfilter","embeddable":true,"href":"https:\/\/radio-aviva.com\/nimes\/wp-json\/wp\/v2\/podcastfilter?post=6604"}],"curies":[{"name":"wp","href":"https:\/\/api.w.org\/{rel}","templated":true}]}}

<p><strong>On ne badine pas avec l&rsquo;amour</strong>. Une pièce de théâtre d&rsquo;<strong>Alfred de Musset</strong> publié en 1834 et mis en scène par <strong>Laurent Delvert</strong>. Le metteur en scène révèle la puissance du drame d&rsquo;Alfred de Musset en pointant jusqu&rsquo;ou l&rsquo;amour peut construire autant que détruire. A retrouver le 5 avril à 19 heures et le 6 avril à 20 heures au Théâtre de Nîmes.</p>
