{"id":6606,"date":"2023-05-16T10:31:46","date_gmt":"2023-05-16T08:31:46","guid":{"rendered":"https:\/\/radio-aviva.com\/nimes\/?post_type=podcast&#038;p=6606"},"modified":"2024-05-20T09:37:48","modified_gmt":"2024-05-20T07:37:48","slug":"vincent-pasquinelli-fondateur-les-noctambules-davignon","status":"publish","type":"podcast","link":"https:\/\/radio-aviva.com\/nimes\/podcast\/vincent-pasquinelli-fondateur-les-noctambules-davignon\/","title":{"rendered":"VINCENT PASQUINELLI, FONDATEUR &#8211; LES NOCTAMBULES D&rsquo;AVIGNON"},"content":{"rendered":"<p><strong>Vincent Pasquinelli<\/strong>, amoureux de la cit\u00e9e des Papes a cr\u00e9\u00e9 les <strong>Noctambules d&rsquo;Avignon<\/strong>. Il s&rsquo;agit de <strong>visites guid\u00e9es atypiques<\/strong> : des circuits originaux, en petits groupes, pour d\u00e9couvrir en soir\u00e9e des lieux m\u00e9connus, des anecdotes et des personnages hauts en couleur.<\/p>\n","protected":false},"author":336,"featured_media":6599,"template":"","tags":[],"podcastfilter":[194,28,152,196,195],"class_list":["post-6606","podcast","type-podcast","status-publish","has-post-thumbnail","hentry","podcastfilter-avignon","podcastfilter-culture","podcastfilter-linvite-de-la-matinale","podcastfilter-tourisme","podcastfilter-visite-guidee"],"_links":{"self":[{"href":"https:\/\/radio-aviva.com\/nimes\/wp-json\/wp\/v2\/podcast\/6606","targetHints":{"allow":["GET"]}}],"collection":[{"href":"https:\/\/radio-aviva.com\/nimes\/wp-json\/wp\/v2\/podcast"}],"about":[{"href":"https:\/\/radio-aviva.com\/nimes\/wp-json\/wp\/v2\/types\/podcast"}],"author":[{"embeddable":true,"href":"https:\/\/radio-aviva.com\/nimes\/wp-json\/wp\/v2\/users\/336"}],"version-history":[{"count":1,"href":"https:\/\/radio-aviva.com\/nimes\/wp-json\/wp\/v2\/podcast\/6606\/revisions"}],"predecessor-version":[{"id":8672,"href":"https:\/\/radio-aviva.com\/nimes\/wp-json\/wp\/v2\/podcast\/6606\/revisions\/8672"}],"wp:featuredmedia":[{"embeddable":true,"href":"https:\/\/radio-aviva.com\/nimes\/wp-json\/wp\/v2\/media\/6599"}],"wp:attachment":[{"href":"https:\/\/radio-aviva.com\/nimes\/wp-json\/wp\/v2\/media?parent=6606"}],"wp:term":[{"taxonomy":"post_tag","embeddable":true,"href":"https:\/\/radio-aviva.com\/nimes\/wp-json\/wp\/v2\/tags?post=6606"},{"taxonomy":"podcastfilter","embeddable":true,"href":"https:\/\/radio-aviva.com\/nimes\/wp-json\/wp\/v2\/podcastfilter?post=6606"}],"curies":[{"name":"wp","href":"https:\/\/api.w.org\/{rel}","templated":true}]}}

<p><strong>Vincent Pasquinelli</strong>, amoureux de la citée des Papes a créé les <strong>Noctambules d&rsquo;Avignon</strong>. Il s&rsquo;agit de <strong>visites guidées atypiques</strong> : des circuits originaux, en petits groupes, pour découvrir en soirée des lieux méconnus, des anecdotes et des personnages hauts en couleur.</p>
