{"id":6637,"date":"2023-05-23T12:04:14","date_gmt":"2023-05-23T10:04:14","guid":{"rendered":"https:\/\/radio-aviva.com\/nimes\/?post_type=podcast&#038;p=6637"},"modified":"2024-05-20T15:44:23","modified_gmt":"2024-05-20T13:44:23","slug":"michel-boy-comedien-meutre-dans-la-rue-des-cascades-a-la-maison-du-theatre-et-de-la-poesie-de-nimes","status":"publish","type":"podcast","link":"https:\/\/radio-aviva.com\/nimes\/podcast\/michel-boy-comedien-meutre-dans-la-rue-des-cascades-a-la-maison-du-theatre-et-de-la-poesie-de-nimes\/","title":{"rendered":"MICHEL BOY, COMEDIEN &#8211; MEURTRE DANS LA RUE DES CASCADES A LA MAISON DU THEATRE ET DE LA POESIE DE NIMES"},"content":{"rendered":"<p><strong>Michel Boy<\/strong>, com\u00e9dien et membre de la <strong>compagnie Th\u00e9\u00e2tre 7<\/strong> nous pr\u00e9sente le parcours et le travail passionnant d&rsquo;un homme engag\u00e9. Vous pouvez retrouver \u201c<strong>Meurtre dans la rue des cascades<\/strong>\u201d nouvelle \u00e9crite par Tonio Benaquista dont il a r\u00e9alis\u00e9 la mise en voix \u00e0 la <strong>La Maison du th\u00e9\u00e2tre et de la po\u00e9sie de N\u00eemes<\/strong> le dimanche 4 juin \u00e0 17h, le lundi 5 juin \u00e0 19h30, le dimanche 11 juin \u00e0 17h ou encore le lundi 12 juin \u00e0 17h30.<\/p>\n<p>&nbsp;<\/p>\n","protected":false},"author":336,"featured_media":6599,"template":"","tags":[],"podcastfilter":[8,175,160,28,183,152,161,144,5,191,25],"class_list":["post-6637","podcast","type-podcast","status-publish","has-post-thumbnail","hentry","podcastfilter-art","podcastfilter-artiste","podcastfilter-comedien","podcastfilter-culture","podcastfilter-gard","podcastfilter-linvite-de-la-matinale","podcastfilter-la-compagnie-theatrale","podcastfilter-litterature","podcastfilter-nimes","podcastfilter-spectacle","podcastfilter-theatre"],"_links":{"self":[{"href":"https:\/\/radio-aviva.com\/nimes\/wp-json\/wp\/v2\/podcast\/6637","targetHints":{"allow":["GET"]}}],"collection":[{"href":"https:\/\/radio-aviva.com\/nimes\/wp-json\/wp\/v2\/podcast"}],"about":[{"href":"https:\/\/radio-aviva.com\/nimes\/wp-json\/wp\/v2\/types\/podcast"}],"author":[{"embeddable":true,"href":"https:\/\/radio-aviva.com\/nimes\/wp-json\/wp\/v2\/users\/336"}],"version-history":[{"count":1,"href":"https:\/\/radio-aviva.com\/nimes\/wp-json\/wp\/v2\/podcast\/6637\/revisions"}],"predecessor-version":[{"id":8705,"href":"https:\/\/radio-aviva.com\/nimes\/wp-json\/wp\/v2\/podcast\/6637\/revisions\/8705"}],"wp:featuredmedia":[{"embeddable":true,"href":"https:\/\/radio-aviva.com\/nimes\/wp-json\/wp\/v2\/media\/6599"}],"wp:attachment":[{"href":"https:\/\/radio-aviva.com\/nimes\/wp-json\/wp\/v2\/media?parent=6637"}],"wp:term":[{"taxonomy":"post_tag","embeddable":true,"href":"https:\/\/radio-aviva.com\/nimes\/wp-json\/wp\/v2\/tags?post=6637"},{"taxonomy":"podcastfilter","embeddable":true,"href":"https:\/\/radio-aviva.com\/nimes\/wp-json\/wp\/v2\/podcastfilter?post=6637"}],"curies":[{"name":"wp","href":"https:\/\/api.w.org\/{rel}","templated":true}]}}

<p><strong>Michel Boy</strong>, comédien et membre de la <strong>compagnie Théâtre 7</strong> nous présente le parcours et le travail passionnant d&rsquo;un homme engagé. Vous pouvez retrouver “<strong>Meurtre dans la rue des cascades</strong>” nouvelle écrite par Tonio Benaquista dont il a réalisé la mise en voix à la <strong>La Maison du théâtre et de la poésie de Nîmes</strong> le dimanche 4 juin à 17h, le lundi 5 juin à 19h30, le dimanche 11 juin à 17h ou encore le lundi 12 juin à 17h30.</p>
<p>&nbsp;</p>
