{"id":6640,"date":"2023-05-24T11:09:35","date_gmt":"2023-05-24T09:09:35","guid":{"rendered":"https:\/\/radio-aviva.com\/nimes\/?post_type=podcast&#038;p=6640"},"modified":"2023-05-24T11:09:46","modified_gmt":"2023-05-24T09:09:46","slug":"francoise-gleize-deleguee-regionale-federation-transports-occitanie-mtp-med-marjorie-estrade-avocate-droit-transports-et-contrats-commerciaux","status":"publish","type":"podcast","link":"https:\/\/radio-aviva.com\/nimes\/podcast\/francoise-gleize-deleguee-regionale-federation-transports-occitanie-mtp-med-marjorie-estrade-avocate-droit-transports-et-contrats-commerciaux\/","title":{"rendered":"FRANCOISE GLEIZE, DELEGUEE REGIONALE FEDERATION TRANSPORTS OCCITANIE MTP MED, MARJORIE ESTRADE, AVOCATE DROIT TRANSPORTS ET CONTRATS COMMERCIAUX"},"content":{"rendered":"<p>&nbsp;<\/p>\n<p>Dans cette \u00e9mission du Fil Rouge <strong>Vendredi du 19 mai 2023<\/strong>,\u00a0<strong>Francoise GLEIZE<\/strong>, d\u00e9l\u00e9gu\u00e9e r\u00e9gionale f\u00e9d\u00e9ration des transports Occitanie Montpellier M\u00e9diterran\u00e9e (FNTR-FNTV Occitanie-M\u00e9diterran\u00e9e), et\u00a0<strong>Marjorie ESTRADE,\u00a0<\/strong>avocat sp\u00e9cialis\u00e9e en droit des transports, \u00e9voquent leur parcours au micro de<strong>\u00a0Perla DANAN.<\/strong><\/p>\n<p>Une \u00e9mission en partenariat avec<strong>\u00a0MIDI LIBRE.<\/strong><\/p>\n<p><img fetchpriority=\"high\" decoding=\"async\" class=\"alignnone size-full wp-image-6642\" src=\"http:\/\/radio-aviva.com\/nimes\/wp-content\/uploads\/sites\/5\/2023\/05\/FRANCOISE-GLEIZE-ET-MARJORIE-ESTRADE-LE-FIL-ROUGE-3-170523.jpeg\" alt=\"\" width=\"2000\" height=\"1125\" srcset=\"https:\/\/radio-aviva.com\/nimes\/wp-content\/uploads\/sites\/5\/2023\/05\/FRANCOISE-GLEIZE-ET-MARJORIE-ESTRADE-LE-FIL-ROUGE-3-170523.jpeg 2000w, https:\/\/radio-aviva.com\/nimes\/wp-content\/uploads\/sites\/5\/2023\/05\/FRANCOISE-GLEIZE-ET-MARJORIE-ESTRADE-LE-FIL-ROUGE-3-170523-770x433.jpeg 770w, https:\/\/radio-aviva.com\/nimes\/wp-content\/uploads\/sites\/5\/2023\/05\/FRANCOISE-GLEIZE-ET-MARJORIE-ESTRADE-LE-FIL-ROUGE-3-170523-1170x658.jpeg 1170w, https:\/\/radio-aviva.com\/nimes\/wp-content\/uploads\/sites\/5\/2023\/05\/FRANCOISE-GLEIZE-ET-MARJORIE-ESTRADE-LE-FIL-ROUGE-3-170523-768x432.jpeg 768w, https:\/\/radio-aviva.com\/nimes\/wp-content\/uploads\/sites\/5\/2023\/05\/FRANCOISE-GLEIZE-ET-MARJORIE-ESTRADE-LE-FIL-ROUGE-3-170523-1536x864.jpeg 1536w\" sizes=\"(max-width: 2000px) 100vw, 2000px\" \/><\/p>\n","protected":false},"author":1,"featured_media":6641,"template":"","tags":[],"podcastfilter":[201,31,158,132,5,145,202],"class_list":["post-6640","podcast","type-podcast","status-publish","has-post-thumbnail","hentry","podcastfilter-avocat","podcastfilter-le-fil-rouge","podcastfilter-midi-libre","podcastfilter-montpellier","podcastfilter-nimes","podcastfilter-perpignan","podcastfilter-transports"],"_links":{"self":[{"href":"https:\/\/radio-aviva.com\/nimes\/wp-json\/wp\/v2\/podcast\/6640","targetHints":{"allow":["GET"]}}],"collection":[{"href":"https:\/\/radio-aviva.com\/nimes\/wp-json\/wp\/v2\/podcast"}],"about":[{"href":"https:\/\/radio-aviva.com\/nimes\/wp-json\/wp\/v2\/types\/podcast"}],"author":[{"embeddable":true,"href":"https:\/\/radio-aviva.com\/nimes\/wp-json\/wp\/v2\/users\/1"}],"version-history":[{"count":0,"href":"https:\/\/radio-aviva.com\/nimes\/wp-json\/wp\/v2\/podcast\/6640\/revisions"}],"wp:featuredmedia":[{"embeddable":true,"href":"https:\/\/radio-aviva.com\/nimes\/wp-json\/wp\/v2\/media\/6641"}],"wp:attachment":[{"href":"https:\/\/radio-aviva.com\/nimes\/wp-json\/wp\/v2\/media?parent=6640"}],"wp:term":[{"taxonomy":"post_tag","embeddable":true,"href":"https:\/\/radio-aviva.com\/nimes\/wp-json\/wp\/v2\/tags?post=6640"},{"taxonomy":"podcastfilter","embeddable":true,"href":"https:\/\/radio-aviva.com\/nimes\/wp-json\/wp\/v2\/podcastfilter?post=6640"}],"curies":[{"name":"wp","href":"https:\/\/api.w.org\/{rel}","templated":true}]}}

<p>&nbsp;</p>
<p>Dans cette émission du Fil Rouge <strong>Vendredi du 19 mai 2023</strong>, <strong>Francoise GLEIZE</strong>, déléguée régionale fédération des transports Occitanie Montpellier Méditerranée (FNTR-FNTV Occitanie-Méditerranée), et <strong>Marjorie ESTRADE, </strong>avocat spécialisée en droit des transports, évoquent leur parcours au micro de<strong> Perla DANAN.</strong></p>
<p>Une émission en partenariat avec<strong> MIDI LIBRE.</strong></p>
<p><img fetchpriority="high" decoding="async" class="alignnone size-full wp-image-6642" src="http://radio-aviva.com/nimes/wp-content/uploads/sites/5/2023/05/FRANCOISE-GLEIZE-ET-MARJORIE-ESTRADE-LE-FIL-ROUGE-3-170523.jpeg" alt="" width="2000" height="1125" srcset="https://radio-aviva.com/nimes/wp-content/uploads/sites/5/2023/05/FRANCOISE-GLEIZE-ET-MARJORIE-ESTRADE-LE-FIL-ROUGE-3-170523.jpeg 2000w, https://radio-aviva.com/nimes/wp-content/uploads/sites/5/2023/05/FRANCOISE-GLEIZE-ET-MARJORIE-ESTRADE-LE-FIL-ROUGE-3-170523-770x433.jpeg 770w, https://radio-aviva.com/nimes/wp-content/uploads/sites/5/2023/05/FRANCOISE-GLEIZE-ET-MARJORIE-ESTRADE-LE-FIL-ROUGE-3-170523-1170x658.jpeg 1170w, https://radio-aviva.com/nimes/wp-content/uploads/sites/5/2023/05/FRANCOISE-GLEIZE-ET-MARJORIE-ESTRADE-LE-FIL-ROUGE-3-170523-768x432.jpeg 768w, https://radio-aviva.com/nimes/wp-content/uploads/sites/5/2023/05/FRANCOISE-GLEIZE-ET-MARJORIE-ESTRADE-LE-FIL-ROUGE-3-170523-1536x864.jpeg 1536w" sizes="(max-width: 2000px) 100vw, 2000px" /></p>
