{"id":6648,"date":"2023-05-24T12:21:44","date_gmt":"2023-05-24T10:21:44","guid":{"rendered":"https:\/\/radio-aviva.com\/nimes\/?post_type=podcast&#038;p=6648"},"modified":"2023-05-24T12:22:39","modified_gmt":"2023-05-24T10:22:39","slug":"romain-dimo-chef-de-cabint-et-responsable-de-communication-de-la-grande-motte-2e-edition-du-festivals-des-sports-de-plage","status":"publish","type":"podcast","link":"https:\/\/radio-aviva.com\/nimes\/podcast\/romain-dimo-chef-de-cabint-et-responsable-de-communication-de-la-grande-motte-2e-edition-du-festivals-des-sports-de-plage\/","title":{"rendered":"ROMAIN DIMO, CHEF DE CABINET ET RESPONSABLE DE COMMUNICATION DE LA GRANDE MOTTE &#8211; 2\u00c8ME \u00c9DITION DU FESTIVALS DES SPORTS DE PLAGE"},"content":{"rendered":"<p>&nbsp;<\/p>\n<p>Ce mercredi 25 mai, l&rsquo;invit\u00e9 sportif de <strong>Sydney BITON<\/strong> est <strong>Mr Romain DIMO<\/strong> , chef de cabinet et responsable de la communication de la ville de <strong>La Grande Motte<\/strong>. Il vient nous pr\u00e9senter la <strong>deuxi\u00e8me \u00e9dition du Festival des Sports de Plage<\/strong> ! Il se d\u00e9roulera le <strong>samedi 10 juin<\/strong>, de 10 \u00e0 21h sur la <strong>Plage du Front de Mer<\/strong> \u2013 <strong>Promenade Jacques Chirac<\/strong>, \u00e0 <strong>La Grande Motte<\/strong>. C&rsquo;est en acc\u00e8s libre, avec de nombreuses activit\u00e9s sportives, d\u2019animation musicale, et de jeux.<\/p>\n","protected":false},"author":1,"featured_media":6649,"template":"","tags":[],"podcastfilter":[173,174,19],"class_list":["post-6648","podcast","type-podcast","status-publish","has-post-thumbnail","hentry","podcastfilter-festival","podcastfilter-linvite-sportif","podcastfilter-sport"],"_links":{"self":[{"href":"https:\/\/radio-aviva.com\/nimes\/wp-json\/wp\/v2\/podcast\/6648","targetHints":{"allow":["GET"]}}],"collection":[{"href":"https:\/\/radio-aviva.com\/nimes\/wp-json\/wp\/v2\/podcast"}],"about":[{"href":"https:\/\/radio-aviva.com\/nimes\/wp-json\/wp\/v2\/types\/podcast"}],"author":[{"embeddable":true,"href":"https:\/\/radio-aviva.com\/nimes\/wp-json\/wp\/v2\/users\/1"}],"version-history":[{"count":0,"href":"https:\/\/radio-aviva.com\/nimes\/wp-json\/wp\/v2\/podcast\/6648\/revisions"}],"wp:featuredmedia":[{"embeddable":true,"href":"https:\/\/radio-aviva.com\/nimes\/wp-json\/wp\/v2\/media\/6649"}],"wp:attachment":[{"href":"https:\/\/radio-aviva.com\/nimes\/wp-json\/wp\/v2\/media?parent=6648"}],"wp:term":[{"taxonomy":"post_tag","embeddable":true,"href":"https:\/\/radio-aviva.com\/nimes\/wp-json\/wp\/v2\/tags?post=6648"},{"taxonomy":"podcastfilter","embeddable":true,"href":"https:\/\/radio-aviva.com\/nimes\/wp-json\/wp\/v2\/podcastfilter?post=6648"}],"curies":[{"name":"wp","href":"https:\/\/api.w.org\/{rel}","templated":true}]}}

ROMAIN DIMO, CHEF DE CABINET ET RESPONSABLE DE COMMUNICATION DE LA GRANDE MOTTE &#8211; 2ÈME ÉDITION DU FESTIVALS DES SPORTS DE PLAGE

<p>&nbsp;</p>
<p>Ce mercredi 25 mai, l&rsquo;invité sportif de <strong>Sydney BITON</strong> est <strong>Mr Romain DIMO</strong> , chef de cabinet et responsable de la communication de la ville de <strong>La Grande Motte</strong>. Il vient nous présenter la <strong>deuxième édition du Festival des Sports de Plage</strong> ! Il se déroulera le <strong>samedi 10 juin</strong>, de 10 à 21h sur la <strong>Plage du Front de Mer</strong> – <strong>Promenade Jacques Chirac</strong>, à <strong>La Grande Motte</strong>. C&rsquo;est en accès libre, avec de nombreuses activités sportives, d’animation musicale, et de jeux.</p>
