{"id":6661,"date":"2023-05-25T13:39:34","date_gmt":"2023-05-25T11:39:34","guid":{"rendered":"https:\/\/radio-aviva.com\/nimes\/?post_type=podcast&#038;p=6661"},"modified":"2024-05-20T09:21:15","modified_gmt":"2024-05-20T07:21:15","slug":"mads-dj-nimois-1ere-partie-concert-earth-wind-and-fire-a-feria-de-nimes","status":"publish","type":"podcast","link":"https:\/\/radio-aviva.com\/nimes\/podcast\/mads-dj-nimois-1ere-partie-concert-earth-wind-and-fire-a-feria-de-nimes\/","title":{"rendered":"MADS, DJ NIMOIS &#8211; 1ERE PARTIE CONCERT EARTH WIND AND FIRE A FERIA DE NIMES"},"content":{"rendered":"<p><strong>Mads<\/strong>, <strong>dj n\u00eemois<\/strong> nous pr\u00e9sente son travail, son actualit\u00e9, ses dates de <strong>f\u00e9ria<\/strong> et notamment la premi\u00e8re partie du groupe Earth, Wind et Fire qu&rsquo;il effectuera sur le <strong>parvis des Ar\u00e8nes<\/strong> le dimanche 28 mai.<\/p>\n<p>Vous pourrez l&rsquo;\u00e9couter tout au long de ce week-end de f\u00e9ria dans <strong>diff\u00e9rents lieux festifs<\/strong> :<\/p>\n<p>Jeudi : Bar le 421<br \/>\nVendredi : Effet mer (Grande-Motte)<br \/>\nSamedi : Bodeguita<br \/>\nDimanche : Parvis des Ar\u00e8nes (premi\u00e8re partie de Earth, Wind and Fire)<br \/>\nLundi : Bar la 421 w\/ Andr\u00e9 Dalcan<\/p>\n<p>Il est \u00e9galement en <strong>r\u00e9sidence<\/strong> tous les vendredis \u00e0 l&rsquo;<strong>Effet Mer<\/strong> et \u00e0 partir de juin tous les dimanches en after beach \u00e0 la paillote grande-mottoise.<\/p>\n","protected":false},"author":336,"featured_media":6599,"template":"","tags":[],"podcastfilter":[8,175,11,204,205,188,183,206,152,133,5,109],"class_list":["post-6661","podcast","type-podcast","status-publish","has-post-thumbnail","hentry","podcastfilter-art","podcastfilter-artiste","podcastfilter-concert","podcastfilter-dj","podcastfilter-dj-set","podcastfilter-feria","podcastfilter-gard","podcastfilter-grande-motte","podcastfilter-linvite-de-la-matinale","podcastfilter-musique","podcastfilter-nimes","podcastfilter-techno"],"_links":{"self":[{"href":"https:\/\/radio-aviva.com\/nimes\/wp-json\/wp\/v2\/podcast\/6661","targetHints":{"allow":["GET"]}}],"collection":[{"href":"https:\/\/radio-aviva.com\/nimes\/wp-json\/wp\/v2\/podcast"}],"about":[{"href":"https:\/\/radio-aviva.com\/nimes\/wp-json\/wp\/v2\/types\/podcast"}],"author":[{"embeddable":true,"href":"https:\/\/radio-aviva.com\/nimes\/wp-json\/wp\/v2\/users\/336"}],"version-history":[{"count":1,"href":"https:\/\/radio-aviva.com\/nimes\/wp-json\/wp\/v2\/podcast\/6661\/revisions"}],"predecessor-version":[{"id":8667,"href":"https:\/\/radio-aviva.com\/nimes\/wp-json\/wp\/v2\/podcast\/6661\/revisions\/8667"}],"wp:featuredmedia":[{"embeddable":true,"href":"https:\/\/radio-aviva.com\/nimes\/wp-json\/wp\/v2\/media\/6599"}],"wp:attachment":[{"href":"https:\/\/radio-aviva.com\/nimes\/wp-json\/wp\/v2\/media?parent=6661"}],"wp:term":[{"taxonomy":"post_tag","embeddable":true,"href":"https:\/\/radio-aviva.com\/nimes\/wp-json\/wp\/v2\/tags?post=6661"},{"taxonomy":"podcastfilter","embeddable":true,"href":"https:\/\/radio-aviva.com\/nimes\/wp-json\/wp\/v2\/podcastfilter?post=6661"}],"curies":[{"name":"wp","href":"https:\/\/api.w.org\/{rel}","templated":true}]}}

<p><strong>Mads</strong>, <strong>dj nîmois</strong> nous présente son travail, son actualité, ses dates de <strong>féria</strong> et notamment la première partie du groupe Earth, Wind et Fire qu&rsquo;il effectuera sur le <strong>parvis des Arènes</strong> le dimanche 28 mai.</p>
<p>Vous pourrez l&rsquo;écouter tout au long de ce week-end de féria dans <strong>différents lieux festifs</strong> :</p>
<p>Jeudi : Bar le 421<br />
Vendredi : Effet mer (Grande-Motte)<br />
Samedi : Bodeguita<br />
Dimanche : Parvis des Arènes (première partie de Earth, Wind and Fire)<br />
Lundi : Bar la 421 w/ André Dalcan</p>
<p>Il est également en <strong>résidence</strong> tous les vendredis à l&rsquo;<strong>Effet Mer</strong> et à partir de juin tous les dimanches en after beach à la paillote grande-mottoise.</p>
