{"id":6701,"date":"2023-05-31T14:19:56","date_gmt":"2023-05-31T12:19:56","guid":{"rendered":"https:\/\/radio-aviva.com\/nimes\/?post_type=podcast&#038;p=6701"},"modified":"2023-05-31T14:19:56","modified_gmt":"2023-05-31T12:19:56","slug":"a-c-chaptal-responsable-relations-publiques-cdcn-maison-danse-uzes-festival-de-danse-uzes","status":"publish","type":"podcast","link":"https:\/\/radio-aviva.com\/nimes\/podcast\/a-c-chaptal-responsable-relations-publiques-cdcn-maison-danse-uzes-festival-de-danse-uzes\/","title":{"rendered":"A-C CHAPTAL, RESPONSABLE RELATIONS PUBLIQUES CDCN MAISON DANSE UZES &#8211; FESTIVAL DE DANSE UZES"},"content":{"rendered":"<p><strong>Anne-Claire Chaptal<\/strong> vient nous pr\u00e9senter le <strong>Festival de Danse d&rsquo;Uz\u00e8s<\/strong>, sa cr\u00e9ation, son \u00e9volution et notamment la <strong>28\u00e8me \u00e9dition du Festival Uz\u00e8s Danse<\/strong> qui se d\u00e9roule du <strong>7 au 11 juin<\/strong>.<\/p>\n","protected":false},"author":336,"featured_media":6703,"template":"","tags":[],"podcastfilter":[8,175,28,163,26,173,183,133,191,213,214],"class_list":["post-6701","podcast","type-podcast","status-publish","has-post-thumbnail","hentry","podcastfilter-art","podcastfilter-artiste","podcastfilter-culture","podcastfilter-eclectique","podcastfilter-entract","podcastfilter-festival","podcastfilter-gard","podcastfilter-musique","podcastfilter-spectacle","podcastfilter-uzes","podcastfilter-oenologie"],"_links":{"self":[{"href":"https:\/\/radio-aviva.com\/nimes\/wp-json\/wp\/v2\/podcast\/6701","targetHints":{"allow":["GET"]}}],"collection":[{"href":"https:\/\/radio-aviva.com\/nimes\/wp-json\/wp\/v2\/podcast"}],"about":[{"href":"https:\/\/radio-aviva.com\/nimes\/wp-json\/wp\/v2\/types\/podcast"}],"author":[{"embeddable":true,"href":"https:\/\/radio-aviva.com\/nimes\/wp-json\/wp\/v2\/users\/336"}],"version-history":[{"count":0,"href":"https:\/\/radio-aviva.com\/nimes\/wp-json\/wp\/v2\/podcast\/6701\/revisions"}],"wp:featuredmedia":[{"embeddable":true,"href":"https:\/\/radio-aviva.com\/nimes\/wp-json\/wp\/v2\/media\/6703"}],"wp:attachment":[{"href":"https:\/\/radio-aviva.com\/nimes\/wp-json\/wp\/v2\/media?parent=6701"}],"wp:term":[{"taxonomy":"post_tag","embeddable":true,"href":"https:\/\/radio-aviva.com\/nimes\/wp-json\/wp\/v2\/tags?post=6701"},{"taxonomy":"podcastfilter","embeddable":true,"href":"https:\/\/radio-aviva.com\/nimes\/wp-json\/wp\/v2\/podcastfilter?post=6701"}],"curies":[{"name":"wp","href":"https:\/\/api.w.org\/{rel}","templated":true}]}}

<p><strong>Anne-Claire Chaptal</strong> vient nous présenter le <strong>Festival de Danse d&rsquo;Uzès</strong>, sa création, son évolution et notamment la <strong>28ème édition du Festival Uzès Danse</strong> qui se déroule du <strong>7 au 11 juin</strong>.</p>
