{"id":6719,"date":"2023-06-05T18:11:02","date_gmt":"2023-06-05T16:11:02","guid":{"rendered":"https:\/\/radio-aviva.com\/nimes\/?post_type=podcast&#038;p=6719"},"modified":"2024-05-20T15:25:56","modified_gmt":"2024-05-20T13:25:56","slug":"thomas-le-tallec-mathieu-peralma-nathan-martin-comediens-piece-phase-finale-a-la-comedie-de-nimes","status":"publish","type":"podcast","link":"https:\/\/radio-aviva.com\/nimes\/podcast\/thomas-le-tallec-mathieu-peralma-nathan-martin-comediens-piece-phase-finale-a-la-comedie-de-nimes\/","title":{"rendered":"THOMAS LE TALLEC, MATHIEU PERALMA, NATHAN MARTIN &#8211; COMEDIENS PIECE PHASE FINALE A LA COMEDIE DE NIMES"},"content":{"rendered":"<p><strong>Thomas le Tallec,<\/strong>\u00a0<strong>Mathieu Peralma<\/strong> et <strong>Nathan Martin<\/strong>, de la compagnie <strong>Synanto<\/strong>, tous trois com\u00e9diens nous pr\u00e9sentent leur pi\u00e8ce \u00ab\u00a0<strong>Phase Finale\u00a0\u00bb<\/strong> &#8211; L&rsquo;amiti\u00e9 c&rsquo;est un 8\u00e8me de finale, \u00e7a se joue pas, \u00e7a se gagne ! Mais ne vous y trompez pas le sujet est bien l&rsquo;amiti\u00e9 et non le football. A retrouver du <strong>9 au 11 juin<\/strong> \u00e0 la <strong>Com\u00e9die de N\u00eemes<\/strong> mais aussi cet \u00e9t\u00e9 au <strong>Festival Off d&rsquo;Avignon<\/strong> sous le nom \u00ab\u00a0Pourquoi tu l&rsquo;as pas dit avant?\u00a0\u00bb.<\/p>\n","protected":false},"author":336,"featured_media":6599,"template":"","tags":[],"podcastfilter":[8,175,194,160,183,152,5,191,25],"class_list":["post-6719","podcast","type-podcast","status-publish","has-post-thumbnail","hentry","podcastfilter-art","podcastfilter-artiste","podcastfilter-avignon","podcastfilter-comedien","podcastfilter-gard","podcastfilter-linvite-de-la-matinale","podcastfilter-nimes","podcastfilter-spectacle","podcastfilter-theatre"],"_links":{"self":[{"href":"https:\/\/radio-aviva.com\/nimes\/wp-json\/wp\/v2\/podcast\/6719","targetHints":{"allow":["GET"]}}],"collection":[{"href":"https:\/\/radio-aviva.com\/nimes\/wp-json\/wp\/v2\/podcast"}],"about":[{"href":"https:\/\/radio-aviva.com\/nimes\/wp-json\/wp\/v2\/types\/podcast"}],"author":[{"embeddable":true,"href":"https:\/\/radio-aviva.com\/nimes\/wp-json\/wp\/v2\/users\/336"}],"version-history":[{"count":1,"href":"https:\/\/radio-aviva.com\/nimes\/wp-json\/wp\/v2\/podcast\/6719\/revisions"}],"predecessor-version":[{"id":8702,"href":"https:\/\/radio-aviva.com\/nimes\/wp-json\/wp\/v2\/podcast\/6719\/revisions\/8702"}],"wp:featuredmedia":[{"embeddable":true,"href":"https:\/\/radio-aviva.com\/nimes\/wp-json\/wp\/v2\/media\/6599"}],"wp:attachment":[{"href":"https:\/\/radio-aviva.com\/nimes\/wp-json\/wp\/v2\/media?parent=6719"}],"wp:term":[{"taxonomy":"post_tag","embeddable":true,"href":"https:\/\/radio-aviva.com\/nimes\/wp-json\/wp\/v2\/tags?post=6719"},{"taxonomy":"podcastfilter","embeddable":true,"href":"https:\/\/radio-aviva.com\/nimes\/wp-json\/wp\/v2\/podcastfilter?post=6719"}],"curies":[{"name":"wp","href":"https:\/\/api.w.org\/{rel}","templated":true}]}}

<p><strong>Thomas le Tallec,</strong> <strong>Mathieu Peralma</strong> et <strong>Nathan Martin</strong>, de la compagnie <strong>Synanto</strong>, tous trois comédiens nous présentent leur pièce « <strong>Phase Finale »</strong> &#8211; L&rsquo;amitié c&rsquo;est un 8ème de finale, ça se joue pas, ça se gagne ! Mais ne vous y trompez pas le sujet est bien l&rsquo;amitié et non le football. A retrouver du <strong>9 au 11 juin</strong> à la <strong>Comédie de Nîmes</strong> mais aussi cet été au <strong>Festival Off d&rsquo;Avignon</strong> sous le nom « Pourquoi tu l&rsquo;as pas dit avant? ».</p>
