{"id":6726,"date":"2023-06-06T13:24:16","date_gmt":"2023-06-06T11:24:16","guid":{"rendered":"https:\/\/radio-aviva.com\/nimes\/?post_type=podcast&#038;p=6726"},"modified":"2024-05-20T15:25:00","modified_gmt":"2024-05-20T13:25:00","slug":"theodore-guuinic-historien-architecture-conference-larchitecture-des-avant-gardes-europeennes","status":"publish","type":"podcast","link":"https:\/\/radio-aviva.com\/nimes\/podcast\/theodore-guuinic-historien-architecture-conference-larchitecture-des-avant-gardes-europeennes\/","title":{"rendered":"TH\u00c9ODORE GUUINIC, HISTORIEN ARCHITECTURE &#8211; CONFERENCE L&rsquo;ARCHITECTURE DES AVANT GARDES EUROPEENNES"},"content":{"rendered":"<p><strong>Th\u00e9odore Guuinic<\/strong>, historien de l\u2019architecture et architecte, docteur de l\u2019universit\u00e9 Paul-Val\u00e9ry Montpellier III et ma\u00eetre de conf\u00e9rences associ\u00e9 \u00e0 l\u2019\u00c9cole Nationale Sup\u00e9rieure d\u2019Architecture de Montpellier nous pr\u00e9sente sa prochaine conf\u00e9rence : <strong>L\u2019architecture des avant-gardes europ\u00e9ennes (1900-1950)<\/strong>. Cycle de conf\u00e9rences Histoires d\u2019Architectures. A retrouver le <strong>mardi 13 juin \u00e0 18h au CAUE de N\u00eemes.<\/strong><\/p>\n","protected":false},"author":336,"featured_media":6599,"template":"","tags":[],"podcastfilter":[216,153,183,152,5],"class_list":["post-6726","podcast","type-podcast","status-publish","has-post-thumbnail","hentry","podcastfilter-architecture","podcastfilter-conference","podcastfilter-gard","podcastfilter-linvite-de-la-matinale","podcastfilter-nimes"],"_links":{"self":[{"href":"https:\/\/radio-aviva.com\/nimes\/wp-json\/wp\/v2\/podcast\/6726","targetHints":{"allow":["GET"]}}],"collection":[{"href":"https:\/\/radio-aviva.com\/nimes\/wp-json\/wp\/v2\/podcast"}],"about":[{"href":"https:\/\/radio-aviva.com\/nimes\/wp-json\/wp\/v2\/types\/podcast"}],"author":[{"embeddable":true,"href":"https:\/\/radio-aviva.com\/nimes\/wp-json\/wp\/v2\/users\/336"}],"version-history":[{"count":1,"href":"https:\/\/radio-aviva.com\/nimes\/wp-json\/wp\/v2\/podcast\/6726\/revisions"}],"predecessor-version":[{"id":8701,"href":"https:\/\/radio-aviva.com\/nimes\/wp-json\/wp\/v2\/podcast\/6726\/revisions\/8701"}],"wp:featuredmedia":[{"embeddable":true,"href":"https:\/\/radio-aviva.com\/nimes\/wp-json\/wp\/v2\/media\/6599"}],"wp:attachment":[{"href":"https:\/\/radio-aviva.com\/nimes\/wp-json\/wp\/v2\/media?parent=6726"}],"wp:term":[{"taxonomy":"post_tag","embeddable":true,"href":"https:\/\/radio-aviva.com\/nimes\/wp-json\/wp\/v2\/tags?post=6726"},{"taxonomy":"podcastfilter","embeddable":true,"href":"https:\/\/radio-aviva.com\/nimes\/wp-json\/wp\/v2\/podcastfilter?post=6726"}],"curies":[{"name":"wp","href":"https:\/\/api.w.org\/{rel}","templated":true}]}}

THÉODORE GUUINIC, HISTORIEN ARCHITECTURE &#8211; CONFERENCE L&rsquo;ARCHITECTURE DES AVANT GARDES EUROPEENNES

<p><strong>Théodore Guuinic</strong>, historien de l’architecture et architecte, docteur de l’université Paul-Valéry Montpellier III et maître de conférences associé à l’École Nationale Supérieure d’Architecture de Montpellier nous présente sa prochaine conférence : <strong>L’architecture des avant-gardes européennes (1900-1950)</strong>. Cycle de conférences Histoires d’Architectures. A retrouver le <strong>mardi 13 juin à 18h au CAUE de Nîmes.</strong></p>
