{"id":6728,"date":"2023-06-06T16:02:21","date_gmt":"2023-06-06T14:02:21","guid":{"rendered":"https:\/\/radio-aviva.com\/nimes\/blog\/podcast\/campus-avec-liliane-dray-mooc-dorientation\/"},"modified":"2023-06-06T16:02:21","modified_gmt":"2023-06-06T14:02:21","slug":"campus-avec-liliane-dray-mooc-dorientation","status":"publish","type":"podcast","link":"https:\/\/radio-aviva.com\/nimes\/podcast\/campus-avec-liliane-dray-mooc-dorientation\/","title":{"rendered":"CAMPUS &#8211; AVEC LILIANE DRAY &#8211; MOOC D&rsquo;ORIENTATION"},"content":{"rendered":"<p>&nbsp;<\/p>\n<p>Campus du mardi 13 juin 2023.<\/p>\n<p>On va parler aujourd\u2019hui des futurs bacheliers qui appr\u00e9hendent le passage dans le sup\u00e9rieur et les conseils pour suivre un MOOC d&rsquo;orientation et r\u00e9fl\u00e9chir \u00e0 leur avenir<\/p>\n<p>\u2022 1\u00e8re question : Combien \u00e7a co\u00fbte ?<\/p>\n<p>\u2022 Autre question : Qui con\u00e7oit les MOOC ?<\/p>\n<p>\u2022 Que trouve-t-on dans ces MOOC d\u2019orientation ?<\/p>\n<p>Et vous trouverez encore plus d\u2019infos en allant sur www.mooc-orientation.fr<\/p>\n","protected":false},"author":1,"featured_media":0,"template":"","tags":[],"podcastfilter":[164,132,217,5,145,154],"class_list":["post-6728","podcast","type-podcast","status-publish","hentry","podcastfilter-campus","podcastfilter-montpellier","podcastfilter-mooc","podcastfilter-nimes","podcastfilter-perpignan","podcastfilter-universite"],"_links":{"self":[{"href":"https:\/\/radio-aviva.com\/nimes\/wp-json\/wp\/v2\/podcast\/6728","targetHints":{"allow":["GET"]}}],"collection":[{"href":"https:\/\/radio-aviva.com\/nimes\/wp-json\/wp\/v2\/podcast"}],"about":[{"href":"https:\/\/radio-aviva.com\/nimes\/wp-json\/wp\/v2\/types\/podcast"}],"author":[{"embeddable":true,"href":"https:\/\/radio-aviva.com\/nimes\/wp-json\/wp\/v2\/users\/1"}],"version-history":[{"count":0,"href":"https:\/\/radio-aviva.com\/nimes\/wp-json\/wp\/v2\/podcast\/6728\/revisions"}],"wp:attachment":[{"href":"https:\/\/radio-aviva.com\/nimes\/wp-json\/wp\/v2\/media?parent=6728"}],"wp:term":[{"taxonomy":"post_tag","embeddable":true,"href":"https:\/\/radio-aviva.com\/nimes\/wp-json\/wp\/v2\/tags?post=6728"},{"taxonomy":"podcastfilter","embeddable":true,"href":"https:\/\/radio-aviva.com\/nimes\/wp-json\/wp\/v2\/podcastfilter?post=6728"}],"curies":[{"name":"wp","href":"https:\/\/api.w.org\/{rel}","templated":true}]}}

<p>&nbsp;</p>
<p>Campus du mardi 13 juin 2023.</p>
<p>On va parler aujourd’hui des futurs bacheliers qui appréhendent le passage dans le supérieur et les conseils pour suivre un MOOC d&rsquo;orientation et réfléchir à leur avenir</p>
<p>• 1ère question : Combien ça coûte ?</p>
<p>• Autre question : Qui conçoit les MOOC ?</p>
<p>• Que trouve-t-on dans ces MOOC d’orientation ?</p>
<p>Et vous trouverez encore plus d’infos en allant sur www.mooc-orientation.fr</p>
