{"id":6745,"date":"2023-06-08T15:48:48","date_gmt":"2023-06-08T13:48:48","guid":{"rendered":"https:\/\/radio-aviva.com\/nimes\/?post_type=podcast&#038;p=6745"},"modified":"2024-05-20T14:43:27","modified_gmt":"2024-05-20T12:43:27","slug":"jean-sylvain-minssen-directeur-cinema-semaphore-projection-patanegra-et-programme","status":"publish","type":"podcast","link":"https:\/\/radio-aviva.com\/nimes\/podcast\/jean-sylvain-minssen-directeur-cinema-semaphore-projection-patanegra-et-programme\/","title":{"rendered":"JEAN SYLVAIN MINSSEN, DIRECTEUR CINEMA SEMAPHORE &#8211; PROJECTION PATANEGRA ET PROGRAMME"},"content":{"rendered":"<p>Projection film \u00ab\u00a0Patanegra\u00a0\u00bb et rencontre avec le r\u00e9alisateur et sc\u00e9nariste belge M\u00e9ryl Fortunat-Rossi et l\u2019auteur Olivier Deck.<\/p>\n","protected":false},"author":336,"featured_media":0,"template":"","tags":[],"podcastfilter":[8,175,9,28,183,152,209,5,211,228],"class_list":["post-6745","podcast","type-podcast","status-publish","hentry","podcastfilter-art","podcastfilter-artiste","podcastfilter-cinema","podcastfilter-culture","podcastfilter-gard","podcastfilter-linvite-de-la-matinale","podcastfilter-livre","podcastfilter-nimes","podcastfilter-occitanie","podcastfilter-semaphore"],"_links":{"self":[{"href":"https:\/\/radio-aviva.com\/nimes\/wp-json\/wp\/v2\/podcast\/6745","targetHints":{"allow":["GET"]}}],"collection":[{"href":"https:\/\/radio-aviva.com\/nimes\/wp-json\/wp\/v2\/podcast"}],"about":[{"href":"https:\/\/radio-aviva.com\/nimes\/wp-json\/wp\/v2\/types\/podcast"}],"author":[{"embeddable":true,"href":"https:\/\/radio-aviva.com\/nimes\/wp-json\/wp\/v2\/users\/336"}],"version-history":[{"count":1,"href":"https:\/\/radio-aviva.com\/nimes\/wp-json\/wp\/v2\/podcast\/6745\/revisions"}],"predecessor-version":[{"id":8692,"href":"https:\/\/radio-aviva.com\/nimes\/wp-json\/wp\/v2\/podcast\/6745\/revisions\/8692"}],"wp:attachment":[{"href":"https:\/\/radio-aviva.com\/nimes\/wp-json\/wp\/v2\/media?parent=6745"}],"wp:term":[{"taxonomy":"post_tag","embeddable":true,"href":"https:\/\/radio-aviva.com\/nimes\/wp-json\/wp\/v2\/tags?post=6745"},{"taxonomy":"podcastfilter","embeddable":true,"href":"https:\/\/radio-aviva.com\/nimes\/wp-json\/wp\/v2\/podcastfilter?post=6745"}],"curies":[{"name":"wp","href":"https:\/\/api.w.org\/{rel}","templated":true}]}}

<p>Projection film « Patanegra » et rencontre avec le réalisateur et scénariste belge Méryl Fortunat-Rossi et l’auteur Olivier Deck.</p>
