{"id":6754,"date":"2023-06-12T14:17:56","date_gmt":"2023-06-12T12:17:56","guid":{"rendered":"https:\/\/radio-aviva.com\/nimes\/?post_type=podcast&#038;p=6754"},"modified":"2024-05-14T13:55:21","modified_gmt":"2024-05-14T11:55:21","slug":"abel-croze-et-aurore-denis-radio-tortue-avec-des-ecoles-du-gard-a-paloma","status":"publish","type":"podcast","link":"https:\/\/radio-aviva.com\/nimes\/podcast\/abel-croze-et-aurore-denis-radio-tortue-avec-des-ecoles-du-gard-a-paloma\/","title":{"rendered":"ABEL CROZE ET AURORE DENIS &#8211; RADIO TORTUE AVEC DES ECOLES DU GARD A PALOMA"},"content":{"rendered":"<p><strong>Abel Croze<\/strong> et <strong>Aurore Denis<\/strong> nous pr\u00e9sente <strong>Radio tortue<\/strong>. C\u2019est un <strong>concert jeune public<\/strong> mis en sc\u00e8ne comme une \u00e9mission de radio, pr\u00e9sent\u00e9e par <strong>Mlle Ondine De Choc<\/strong>, qui invite <strong>Abel<\/strong> \u2013 le \u00ab batteur chanteur des petites tortues \u00bb \u2013 pour parler de la <strong>musique<\/strong> mais aussi de <strong>la vie \u00e0 l\u2019\u00e9cole, en famille, de la soci\u00e9t\u00e9 qui nous entoure et du monde que l\u2019on doit pr\u00e9server<\/strong>. Avec son guitariste bien \u00e9nergique, Abel adapte ses chansons de tous ses albums au fil de l\u2019interview avec la programmatrice. On retrouvera des tubes comme \u00ab Chocobelou \u00bb, \u00ab Dans ma Poubelle \u00bb ou \u00ab Y\u2019en a marre des princesses \u00bb mais aussi des titres moins connus, voire in\u00e9dits en live, mais toujours sur des styles \u00e9clectiques entre jazz, bossa et rock\u2019n\u2019roll\u2026. Par son \u00e9nergie communicative, Abel va vite perturber l\u2019\u00e9mission. Ondine devra alors faire preuve d\u2019imagination et d\u2019habilet\u00e9 pour montrer qu\u2019elle peut sortir de sa carapace.<\/p>\n<p><strong>Radio Tortue<\/strong> par <strong>Abel Croze<\/strong> et <strong>Paloma mon ch\u0153ur<\/strong> c&rsquo;est \u00e0 retrouver le <strong>samedi 20 juin<\/strong> \u00e0 <strong>20h<\/strong> \u00e0 <strong>Paloma<\/strong>.<\/p>\n","protected":false},"author":336,"featured_media":6599,"template":"","tags":[],"podcastfilter":[8,175,160,11,28,163,183,234,152,133,5,210,233,191],"class_list":["post-6754","podcast","type-podcast","status-publish","has-post-thumbnail","hentry","podcastfilter-art","podcastfilter-artiste","podcastfilter-comedien","podcastfilter-concert","podcastfilter-culture","podcastfilter-eclectique","podcastfilter-gard","podcastfilter-jeune-public","podcastfilter-linvite-de-la-matinale","podcastfilter-musique","podcastfilter-nimes","podcastfilter-paloma","podcastfilter-radio","podcastfilter-spectacle"],"_links":{"self":[{"href":"https:\/\/radio-aviva.com\/nimes\/wp-json\/wp\/v2\/podcast\/6754","targetHints":{"allow":["GET"]}}],"collection":[{"href":"https:\/\/radio-aviva.com\/nimes\/wp-json\/wp\/v2\/podcast"}],"about":[{"href":"https:\/\/radio-aviva.com\/nimes\/wp-json\/wp\/v2\/types\/podcast"}],"author":[{"embeddable":true,"href":"https:\/\/radio-aviva.com\/nimes\/wp-json\/wp\/v2\/users\/336"}],"version-history":[{"count":1,"href":"https:\/\/radio-aviva.com\/nimes\/wp-json\/wp\/v2\/podcast\/6754\/revisions"}],"predecessor-version":[{"id":8639,"href":"https:\/\/radio-aviva.com\/nimes\/wp-json\/wp\/v2\/podcast\/6754\/revisions\/8639"}],"wp:featuredmedia":[{"embeddable":true,"href":"https:\/\/radio-aviva.com\/nimes\/wp-json\/wp\/v2\/media\/6599"}],"wp:attachment":[{"href":"https:\/\/radio-aviva.com\/nimes\/wp-json\/wp\/v2\/media?parent=6754"}],"wp:term":[{"taxonomy":"post_tag","embeddable":true,"href":"https:\/\/radio-aviva.com\/nimes\/wp-json\/wp\/v2\/tags?post=6754"},{"taxonomy":"podcastfilter","embeddable":true,"href":"https:\/\/radio-aviva.com\/nimes\/wp-json\/wp\/v2\/podcastfilter?post=6754"}],"curies":[{"name":"wp","href":"https:\/\/api.w.org\/{rel}","templated":true}]}}

<p><strong>Abel Croze</strong> et <strong>Aurore Denis</strong> nous présente <strong>Radio tortue</strong>. C’est un <strong>concert jeune public</strong> mis en scène comme une émission de radio, présentée par <strong>Mlle Ondine De Choc</strong>, qui invite <strong>Abel</strong> – le « batteur chanteur des petites tortues » – pour parler de la <strong>musique</strong> mais aussi de <strong>la vie à l’école, en famille, de la société qui nous entoure et du monde que l’on doit préserver</strong>. Avec son guitariste bien énergique, Abel adapte ses chansons de tous ses albums au fil de l’interview avec la programmatrice. On retrouvera des tubes comme « Chocobelou », « Dans ma Poubelle » ou « Y’en a marre des princesses » mais aussi des titres moins connus, voire inédits en live, mais toujours sur des styles éclectiques entre jazz, bossa et rock’n’roll…. Par son énergie communicative, Abel va vite perturber l’émission. Ondine devra alors faire preuve d’imagination et d’habileté pour montrer qu’elle peut sortir de sa carapace.</p>
<p><strong>Radio Tortue</strong> par <strong>Abel Croze</strong> et <strong>Paloma mon chœur</strong> c&rsquo;est à retrouver le <strong>samedi 20 juin</strong> à <strong>20h</strong> à <strong>Paloma</strong>.</p>
