{"id":6772,"date":"2023-06-13T12:40:33","date_gmt":"2023-06-13T10:40:33","guid":{"rendered":"https:\/\/radio-aviva.com\/nimes\/?post_type=podcast&#038;p=6772"},"modified":"2023-06-13T12:40:33","modified_gmt":"2023-06-13T10:40:33","slug":"geoffrey-undereiner-manager-fablab-ateliers","status":"publish","type":"podcast","link":"https:\/\/radio-aviva.com\/nimes\/podcast\/geoffrey-undereiner-manager-fablab-ateliers\/","title":{"rendered":"GEOFFREY UNDEREINER, MANAGER FABLAB &#8211; ATELIERS"},"content":{"rendered":"<p><strong>Geoffrey Undereiner<\/strong>, Fab Lab manager de la <strong>ludom\u00e9diath\u00e8que Jean d&rsquo;Ormesson<\/strong> nous pr\u00e9sente le <strong>Fab Lab<\/strong>, ses \u00e9quipements et sa sp\u00e9cificit\u00e9 : la fabrique \u00e0 jeux. Se voulant accessible \u00e0 tous, le Fab Lab met en relation des professionnels et des amateurs en cr\u00e9ant un vrai lien de <strong>partage<\/strong>. A partir de 7ans vous pourrez d\u00e9couvrir de <strong>nombreux ateliers gratuits<\/strong>.<\/p>\n","protected":false},"author":336,"featured_media":0,"template":"","tags":[],"podcastfilter":[238,239,183,176,30,5,6],"class_list":["post-6772","podcast","type-podcast","status-publish","hentry","podcastfilter-ateliers","podcastfilter-fab-lab","podcastfilter-gard","podcastfilter-invite-de-la-redaction","podcastfilter-linvite-de-la-redaction","podcastfilter-nimes","podcastfilter-solidarite"],"_links":{"self":[{"href":"https:\/\/radio-aviva.com\/nimes\/wp-json\/wp\/v2\/podcast\/6772","targetHints":{"allow":["GET"]}}],"collection":[{"href":"https:\/\/radio-aviva.com\/nimes\/wp-json\/wp\/v2\/podcast"}],"about":[{"href":"https:\/\/radio-aviva.com\/nimes\/wp-json\/wp\/v2\/types\/podcast"}],"author":[{"embeddable":true,"href":"https:\/\/radio-aviva.com\/nimes\/wp-json\/wp\/v2\/users\/336"}],"version-history":[{"count":0,"href":"https:\/\/radio-aviva.com\/nimes\/wp-json\/wp\/v2\/podcast\/6772\/revisions"}],"wp:attachment":[{"href":"https:\/\/radio-aviva.com\/nimes\/wp-json\/wp\/v2\/media?parent=6772"}],"wp:term":[{"taxonomy":"post_tag","embeddable":true,"href":"https:\/\/radio-aviva.com\/nimes\/wp-json\/wp\/v2\/tags?post=6772"},{"taxonomy":"podcastfilter","embeddable":true,"href":"https:\/\/radio-aviva.com\/nimes\/wp-json\/wp\/v2\/podcastfilter?post=6772"}],"curies":[{"name":"wp","href":"https:\/\/api.w.org\/{rel}","templated":true}]}}

<p><strong>Geoffrey Undereiner</strong>, Fab Lab manager de la <strong>ludomédiathèque Jean d&rsquo;Ormesson</strong> nous présente le <strong>Fab Lab</strong>, ses équipements et sa spécificité : la fabrique à jeux. Se voulant accessible à tous, le Fab Lab met en relation des professionnels et des amateurs en créant un vrai lien de <strong>partage</strong>. A partir de 7ans vous pourrez découvrir de <strong>nombreux ateliers gratuits</strong>.</p>
