{"id":6773,"date":"2023-06-13T12:59:10","date_gmt":"2023-06-13T10:59:10","guid":{"rendered":"https:\/\/radio-aviva.com\/nimes\/?post_type=podcast&#038;p=6773"},"modified":"2023-06-13T12:59:10","modified_gmt":"2023-06-13T10:59:10","slug":"laetitia-jean-chargee-de-projets-paloma-actions-culturelles","status":"publish","type":"podcast","link":"https:\/\/radio-aviva.com\/nimes\/podcast\/laetitia-jean-chargee-de-projets-paloma-actions-culturelles\/","title":{"rendered":"LAETITIA JEAN, CHARGEE DE PROJETS PALOMA &#8211; ACTIONS CULTURELLES"},"content":{"rendered":"<p><strong>Laetitia Jean<\/strong>, responsable des actions culturelles \u00e0 la <strong>SMAC Paloma<\/strong> nous pr\u00e9sente les diff\u00e9rentes <strong>actions culturelles<\/strong> mises en place. Visites guid\u00e9es, rencontres d&rsquo;artistes, ateliers pratiques, etc, les actions sont <strong>\u00e9clectiques<\/strong> et touchent un <strong>public vari\u00e9<\/strong>. En utilisant la musique comme levier \u00e0 l&rsquo;insertion, aux soins, \u00e0 la sociabilisation ou tout simplement de fa\u00e7on ludique, la SMAC Paloma de N\u00eemes est devenu un haut lieu culturel du territoire depuis 2012.<\/p>\n","protected":false},"author":336,"featured_media":0,"template":"","tags":[],"podcastfilter":[8,175,238,11,28,163,183,176,30,133,5,210,6,191],"class_list":["post-6773","podcast","type-podcast","status-publish","hentry","podcastfilter-art","podcastfilter-artiste","podcastfilter-ateliers","podcastfilter-concert","podcastfilter-culture","podcastfilter-eclectique","podcastfilter-gard","podcastfilter-invite-de-la-redaction","podcastfilter-linvite-de-la-redaction","podcastfilter-musique","podcastfilter-nimes","podcastfilter-paloma","podcastfilter-solidarite","podcastfilter-spectacle"],"_links":{"self":[{"href":"https:\/\/radio-aviva.com\/nimes\/wp-json\/wp\/v2\/podcast\/6773","targetHints":{"allow":["GET"]}}],"collection":[{"href":"https:\/\/radio-aviva.com\/nimes\/wp-json\/wp\/v2\/podcast"}],"about":[{"href":"https:\/\/radio-aviva.com\/nimes\/wp-json\/wp\/v2\/types\/podcast"}],"author":[{"embeddable":true,"href":"https:\/\/radio-aviva.com\/nimes\/wp-json\/wp\/v2\/users\/336"}],"version-history":[{"count":0,"href":"https:\/\/radio-aviva.com\/nimes\/wp-json\/wp\/v2\/podcast\/6773\/revisions"}],"wp:attachment":[{"href":"https:\/\/radio-aviva.com\/nimes\/wp-json\/wp\/v2\/media?parent=6773"}],"wp:term":[{"taxonomy":"post_tag","embeddable":true,"href":"https:\/\/radio-aviva.com\/nimes\/wp-json\/wp\/v2\/tags?post=6773"},{"taxonomy":"podcastfilter","embeddable":true,"href":"https:\/\/radio-aviva.com\/nimes\/wp-json\/wp\/v2\/podcastfilter?post=6773"}],"curies":[{"name":"wp","href":"https:\/\/api.w.org\/{rel}","templated":true}]}}

<p><strong>Laetitia Jean</strong>, responsable des actions culturelles à la <strong>SMAC Paloma</strong> nous présente les différentes <strong>actions culturelles</strong> mises en place. Visites guidées, rencontres d&rsquo;artistes, ateliers pratiques, etc, les actions sont <strong>éclectiques</strong> et touchent un <strong>public varié</strong>. En utilisant la musique comme levier à l&rsquo;insertion, aux soins, à la sociabilisation ou tout simplement de façon ludique, la SMAC Paloma de Nîmes est devenu un haut lieu culturel du territoire depuis 2012.</p>
