{"id":6774,"date":"2023-06-13T13:13:40","date_gmt":"2023-06-13T11:13:40","guid":{"rendered":"https:\/\/radio-aviva.com\/nimes\/?post_type=podcast&#038;p=6774"},"modified":"2023-06-13T13:13:40","modified_gmt":"2023-06-13T11:13:40","slug":"nora-hamou-joueuse-internationale-football-carriere-et-vie-a-nimes","status":"publish","type":"podcast","link":"https:\/\/radio-aviva.com\/nimes\/podcast\/nora-hamou-joueuse-internationale-football-carriere-et-vie-a-nimes\/","title":{"rendered":"NORA HAMOU, JOUEUSE INTERNATIONALE FOOTBALL &#8211; CARRIERE ET VIE A NIMES"},"content":{"rendered":"<p><strong>Nora Hamou<\/strong>, ancienne <strong>footballeuse<\/strong> internationale nous parle de sa carri\u00e8re et de sa vie \u00e0 N\u00eemes.<\/p>\n","protected":false},"author":336,"featured_media":0,"template":"","tags":[],"podcastfilter":[227,183,176,30,5],"class_list":["post-6774","podcast","type-podcast","status-publish","hentry","podcastfilter-football","podcastfilter-gard","podcastfilter-invite-de-la-redaction","podcastfilter-linvite-de-la-redaction","podcastfilter-nimes"],"_links":{"self":[{"href":"https:\/\/radio-aviva.com\/nimes\/wp-json\/wp\/v2\/podcast\/6774","targetHints":{"allow":["GET"]}}],"collection":[{"href":"https:\/\/radio-aviva.com\/nimes\/wp-json\/wp\/v2\/podcast"}],"about":[{"href":"https:\/\/radio-aviva.com\/nimes\/wp-json\/wp\/v2\/types\/podcast"}],"author":[{"embeddable":true,"href":"https:\/\/radio-aviva.com\/nimes\/wp-json\/wp\/v2\/users\/336"}],"version-history":[{"count":0,"href":"https:\/\/radio-aviva.com\/nimes\/wp-json\/wp\/v2\/podcast\/6774\/revisions"}],"wp:attachment":[{"href":"https:\/\/radio-aviva.com\/nimes\/wp-json\/wp\/v2\/media?parent=6774"}],"wp:term":[{"taxonomy":"post_tag","embeddable":true,"href":"https:\/\/radio-aviva.com\/nimes\/wp-json\/wp\/v2\/tags?post=6774"},{"taxonomy":"podcastfilter","embeddable":true,"href":"https:\/\/radio-aviva.com\/nimes\/wp-json\/wp\/v2\/podcastfilter?post=6774"}],"curies":[{"name":"wp","href":"https:\/\/api.w.org\/{rel}","templated":true}]}}

<p><strong>Nora Hamou</strong>, ancienne <strong>footballeuse</strong> internationale nous parle de sa carrière et de sa vie à Nîmes.</p>
