{"id":6775,"date":"2023-06-13T13:29:47","date_gmt":"2023-06-13T11:29:47","guid":{"rendered":"https:\/\/radio-aviva.com\/nimes\/?post_type=podcast&#038;p=6775"},"modified":"2023-06-13T13:29:47","modified_gmt":"2023-06-13T11:29:47","slug":"benoit-goiset-organisateur-nimes-urban-trail","status":"publish","type":"podcast","link":"https:\/\/radio-aviva.com\/nimes\/podcast\/benoit-goiset-organisateur-nimes-urban-trail\/","title":{"rendered":"BENOIT GOISET, ORGANISATEUR &#8211; NIMES URBAN TRAIL"},"content":{"rendered":"<p><strong>Benoit Goiset<\/strong>, organisateur du <strong>N\u00eemes Urban Trail<\/strong> nous pr\u00e9sente l&rsquo;\u00e9v\u00e8nement sportif de ce mois de f\u00e9vrier. <strong>Ev\u00e8nement sportif, festif et touristique<\/strong>, les organisateurs vous invitent \u00e0 partir \u00e0 la d\u00e9couverte de notre cit\u00e9e romaine, une \u00ab\u00a0journ\u00e9e du patrimoine les baskets aux pieds\u00a0\u00bb comme Benoit Goiset le dit si bien.<\/p>\n","protected":false},"author":336,"featured_media":0,"template":"","tags":[],"podcastfilter":[183,176,30,5,240,19],"class_list":["post-6775","podcast","type-podcast","status-publish","hentry","podcastfilter-gard","podcastfilter-invite-de-la-redaction","podcastfilter-linvite-de-la-redaction","podcastfilter-nimes","podcastfilter-nimes-urban-trail","podcastfilter-sport"],"_links":{"self":[{"href":"https:\/\/radio-aviva.com\/nimes\/wp-json\/wp\/v2\/podcast\/6775","targetHints":{"allow":["GET"]}}],"collection":[{"href":"https:\/\/radio-aviva.com\/nimes\/wp-json\/wp\/v2\/podcast"}],"about":[{"href":"https:\/\/radio-aviva.com\/nimes\/wp-json\/wp\/v2\/types\/podcast"}],"author":[{"embeddable":true,"href":"https:\/\/radio-aviva.com\/nimes\/wp-json\/wp\/v2\/users\/336"}],"version-history":[{"count":0,"href":"https:\/\/radio-aviva.com\/nimes\/wp-json\/wp\/v2\/podcast\/6775\/revisions"}],"wp:attachment":[{"href":"https:\/\/radio-aviva.com\/nimes\/wp-json\/wp\/v2\/media?parent=6775"}],"wp:term":[{"taxonomy":"post_tag","embeddable":true,"href":"https:\/\/radio-aviva.com\/nimes\/wp-json\/wp\/v2\/tags?post=6775"},{"taxonomy":"podcastfilter","embeddable":true,"href":"https:\/\/radio-aviva.com\/nimes\/wp-json\/wp\/v2\/podcastfilter?post=6775"}],"curies":[{"name":"wp","href":"https:\/\/api.w.org\/{rel}","templated":true}]}}

<p><strong>Benoit Goiset</strong>, organisateur du <strong>Nîmes Urban Trail</strong> nous présente l&rsquo;évènement sportif de ce mois de février. <strong>Evènement sportif, festif et touristique</strong>, les organisateurs vous invitent à partir à la découverte de notre citée romaine, une « journée du patrimoine les baskets aux pieds » comme Benoit Goiset le dit si bien.</p>
