{"id":6781,"date":"2023-06-14T15:10:40","date_gmt":"2023-06-14T13:10:40","guid":{"rendered":"https:\/\/radio-aviva.com\/nimes\/?post_type=podcast&#038;p=6781"},"modified":"2023-06-14T15:10:40","modified_gmt":"2023-06-14T13:10:40","slug":"sebastien-cabrie-directeur-de-lassociation-conference-de-presse-jazz-a-junas-vauvert-pic-st-loup","status":"publish","type":"podcast","link":"https:\/\/radio-aviva.com\/nimes\/podcast\/sebastien-cabrie-directeur-de-lassociation-conference-de-presse-jazz-a-junas-vauvert-pic-st-loup\/","title":{"rendered":"SEBASTIEN CABRIE, DIRECTEUR DE L&rsquo;ASSOCIATION &#8211; CONFERENCE DE PRESSE JAZZ A JUNAS, VAUVERT, PIC ST LOUP"},"content":{"rendered":"<p><strong>S\u00e9bastien Cabri\u00e9<\/strong> directeur de l&rsquo;<strong>association Jazz \u00e0 Junas<\/strong> nous pr\u00e9sente, \u00e0 la suite de la conf\u00e9rence de presse, les trois festivals de jazz incontournables de notre r\u00e9gion <strong>Jazz en Pic Saint-Loup<\/strong><b>, Jazz \u00e0 Vauvert<\/b> et <b>Jazz \u00e0 Junas.<\/b><\/p>\n<p>A retrouver respectivement du 7 au 10 juin, du 30 juin au 2 juillet et du 18 au 22 juillet 2023.<\/p>\n","protected":false},"author":336,"featured_media":6782,"template":"","tags":[],"podcastfilter":[175,150,11,28,171,173,183,166,132,5,211],"class_list":["post-6781","podcast","type-podcast","status-publish","has-post-thumbnail","hentry","podcastfilter-artiste","podcastfilter-association","podcastfilter-concert","podcastfilter-culture","podcastfilter-culture-compagnie","podcastfilter-festival","podcastfilter-gard","podcastfilter-jazz","podcastfilter-montpellier","podcastfilter-nimes","podcastfilter-occitanie"],"_links":{"self":[{"href":"https:\/\/radio-aviva.com\/nimes\/wp-json\/wp\/v2\/podcast\/6781","targetHints":{"allow":["GET"]}}],"collection":[{"href":"https:\/\/radio-aviva.com\/nimes\/wp-json\/wp\/v2\/podcast"}],"about":[{"href":"https:\/\/radio-aviva.com\/nimes\/wp-json\/wp\/v2\/types\/podcast"}],"author":[{"embeddable":true,"href":"https:\/\/radio-aviva.com\/nimes\/wp-json\/wp\/v2\/users\/336"}],"version-history":[{"count":0,"href":"https:\/\/radio-aviva.com\/nimes\/wp-json\/wp\/v2\/podcast\/6781\/revisions"}],"wp:featuredmedia":[{"embeddable":true,"href":"https:\/\/radio-aviva.com\/nimes\/wp-json\/wp\/v2\/media\/6782"}],"wp:attachment":[{"href":"https:\/\/radio-aviva.com\/nimes\/wp-json\/wp\/v2\/media?parent=6781"}],"wp:term":[{"taxonomy":"post_tag","embeddable":true,"href":"https:\/\/radio-aviva.com\/nimes\/wp-json\/wp\/v2\/tags?post=6781"},{"taxonomy":"podcastfilter","embeddable":true,"href":"https:\/\/radio-aviva.com\/nimes\/wp-json\/wp\/v2\/podcastfilter?post=6781"}],"curies":[{"name":"wp","href":"https:\/\/api.w.org\/{rel}","templated":true}]}}

<p><strong>Sébastien Cabrié</strong> directeur de l&rsquo;<strong>association Jazz à Junas</strong> nous présente, à la suite de la conférence de presse, les trois festivals de jazz incontournables de notre région <strong>Jazz en Pic Saint-Loup</strong><b>, Jazz à Vauvert</b> et <b>Jazz à Junas.</b></p>
<p>A retrouver respectivement du 7 au 10 juin, du 30 juin au 2 juillet et du 18 au 22 juillet 2023.</p>
