{"id":6797,"date":"2023-06-16T12:10:17","date_gmt":"2023-06-16T10:10:17","guid":{"rendered":"https:\/\/radio-aviva.com\/nimes\/?post_type=podcast&#038;p=6797"},"modified":"2023-06-16T12:10:17","modified_gmt":"2023-06-16T10:10:17","slug":"eric-teyssier-historien-professeur-et-ecrivain-specialiste-de-la-romanite","status":"publish","type":"podcast","link":"https:\/\/radio-aviva.com\/nimes\/podcast\/eric-teyssier-historien-professeur-et-ecrivain-specialiste-de-la-romanite\/","title":{"rendered":"ERIC TEYSSIER, HISTORIEN PROFESSEUR ET ECRIVAIN SPECIALISTE DE LA ROMANITE"},"content":{"rendered":"<p><strong>\u00c9ric Teyssier<\/strong> est un <strong>universitaire<\/strong> et <strong>historien<\/strong> fran\u00e7ais. Il publie de nombreux articles sur l\u2019<strong>histoire \u00e9conomique et sociale de la R\u00e9volution et de l\u2019Empire<\/strong>. Par le biais de l\u2019histoire vivante et de l\u2019arch\u00e9ologie exp\u00e9rimentale, il s\u2019int\u00e9resse ensuite \u00e0 l\u2019<strong>\u00e9poque romaine<\/strong> et notamment aux <strong>gladiateurs<\/strong> dont il devient l\u2019un des sp\u00e9cialistes. Il devient par la suite grandement actif dans les domaines de la <strong>vulgarisation historique<\/strong> \u00e0 travers diff\u00e9rents m\u00e9dias (reconstitution historique, spectacles, \u00e9missions de radio, documentaires, biographies, livres pour enfants, roman, etc.).<\/p>\n<p><strong>Eric Teyssier<\/strong> nous parle aujourd&rsquo;hui de son <strong>parcours<\/strong>, la <b>gen\u00e8se de son int\u00e9r\u00eat pour les gladiateurs<\/b>, sa <strong>passion <\/strong>ou encore ses <strong>derni\u00e8res parutions\u00a0<\/strong>notamment son dernier ouvrage \u00ab\u00a0<strong>Les Ar\u00e8nes de N\u00eemes et les amphith\u00e9\u00e2tres romains<\/strong>\u00a0\u00bb paru en avril 2023.<\/p>\n","protected":false},"author":336,"featured_media":6798,"template":"","tags":[],"podcastfilter":[244,189,27,209,199,5,245,190,243],"class_list":["post-6797","podcast","type-podcast","status-publish","has-post-thumbnail","hentry","podcastfilter-ecrivain","podcastfilter-histoire","podcastfilter-le-magazine-de-la-redac","podcastfilter-livre","podcastfilter-mag-de-la-redac","podcastfilter-nimes","podcastfilter-reconstitution-historique","podcastfilter-romanite","podcastfilter-universitaire"],"_links":{"self":[{"href":"https:\/\/radio-aviva.com\/nimes\/wp-json\/wp\/v2\/podcast\/6797","targetHints":{"allow":["GET"]}}],"collection":[{"href":"https:\/\/radio-aviva.com\/nimes\/wp-json\/wp\/v2\/podcast"}],"about":[{"href":"https:\/\/radio-aviva.com\/nimes\/wp-json\/wp\/v2\/types\/podcast"}],"author":[{"embeddable":true,"href":"https:\/\/radio-aviva.com\/nimes\/wp-json\/wp\/v2\/users\/336"}],"version-history":[{"count":0,"href":"https:\/\/radio-aviva.com\/nimes\/wp-json\/wp\/v2\/podcast\/6797\/revisions"}],"wp:featuredmedia":[{"embeddable":true,"href":"https:\/\/radio-aviva.com\/nimes\/wp-json\/wp\/v2\/media\/6798"}],"wp:attachment":[{"href":"https:\/\/radio-aviva.com\/nimes\/wp-json\/wp\/v2\/media?parent=6797"}],"wp:term":[{"taxonomy":"post_tag","embeddable":true,"href":"https:\/\/radio-aviva.com\/nimes\/wp-json\/wp\/v2\/tags?post=6797"},{"taxonomy":"podcastfilter","embeddable":true,"href":"https:\/\/radio-aviva.com\/nimes\/wp-json\/wp\/v2\/podcastfilter?post=6797"}],"curies":[{"name":"wp","href":"https:\/\/api.w.org\/{rel}","templated":true}]}}

<p><strong>Éric Teyssier</strong> est un <strong>universitaire</strong> et <strong>historien</strong> français. Il publie de nombreux articles sur l’<strong>histoire économique et sociale de la Révolution et de l’Empire</strong>. Par le biais de l’histoire vivante et de l’archéologie expérimentale, il s’intéresse ensuite à l’<strong>époque romaine</strong> et notamment aux <strong>gladiateurs</strong> dont il devient l’un des spécialistes. Il devient par la suite grandement actif dans les domaines de la <strong>vulgarisation historique</strong> à travers différents médias (reconstitution historique, spectacles, émissions de radio, documentaires, biographies, livres pour enfants, roman, etc.).</p>
<p><strong>Eric Teyssier</strong> nous parle aujourd&rsquo;hui de son <strong>parcours</strong>, la <b>genèse de son intérêt pour les gladiateurs</b>, sa <strong>passion </strong>ou encore ses <strong>dernières parutions </strong>notamment son dernier ouvrage « <strong>Les Arènes de Nîmes et les amphithéâtres romains</strong> » paru en avril 2023.</p>
