{"id":6799,"date":"2023-06-16T12:43:43","date_gmt":"2023-06-16T10:43:43","guid":{"rendered":"https:\/\/radio-aviva.com\/nimes\/?post_type=podcast&#038;p=6799"},"modified":"2023-06-16T12:43:43","modified_gmt":"2023-06-16T10:43:43","slug":"amandine-cantaloube-professeure-de-danse-sens-des-ames-programmation-association-sens-des-ames","status":"publish","type":"podcast","link":"https:\/\/radio-aviva.com\/nimes\/podcast\/amandine-cantaloube-professeure-de-danse-sens-des-ames-programmation-association-sens-des-ames\/","title":{"rendered":"AMANDINE CANTALOUBE, PROFESSEURE DE DANSE SENS DES AMES &#8211; PROGRAMMATION ASSOCIATION SENS DES AMES"},"content":{"rendered":"<p><strong>Amandine Cantaloube<\/strong>, professeure de danse certifi\u00e9e en danse adapt\u00e9e et inclusive nous pr\u00e9sente aujourd&rsquo;hui l&rsquo;association <strong>Le Sens des \u00c2mes<\/strong>, leurs actions, leurs projets futurs mais aussi leur actualit\u00e9 et notamment le spectacle de fin d&rsquo;ann\u00e9e de <strong>danse inclusive<\/strong> sur le th\u00e8me de la vie qui aura lieu le <strong>vendredi 30 juin \u00e0 Paloma<\/strong>.<\/p>\n","protected":false},"author":336,"featured_media":6800,"template":"","tags":[],"podcastfilter":[150,13,183,2,3,5,226,6,191],"class_list":["post-6799","podcast","type-podcast","status-publish","has-post-thumbnail","hentry","podcastfilter-association","podcastfilter-danse","podcastfilter-gard","podcastfilter-la-voix-des-assos","podcastfilter-lutte-contre-les-discriminations","podcastfilter-nimes","podcastfilter-solidaire","podcastfilter-solidarite","podcastfilter-spectacle"],"_links":{"self":[{"href":"https:\/\/radio-aviva.com\/nimes\/wp-json\/wp\/v2\/podcast\/6799","targetHints":{"allow":["GET"]}}],"collection":[{"href":"https:\/\/radio-aviva.com\/nimes\/wp-json\/wp\/v2\/podcast"}],"about":[{"href":"https:\/\/radio-aviva.com\/nimes\/wp-json\/wp\/v2\/types\/podcast"}],"author":[{"embeddable":true,"href":"https:\/\/radio-aviva.com\/nimes\/wp-json\/wp\/v2\/users\/336"}],"version-history":[{"count":0,"href":"https:\/\/radio-aviva.com\/nimes\/wp-json\/wp\/v2\/podcast\/6799\/revisions"}],"wp:featuredmedia":[{"embeddable":true,"href":"https:\/\/radio-aviva.com\/nimes\/wp-json\/wp\/v2\/media\/6800"}],"wp:attachment":[{"href":"https:\/\/radio-aviva.com\/nimes\/wp-json\/wp\/v2\/media?parent=6799"}],"wp:term":[{"taxonomy":"post_tag","embeddable":true,"href":"https:\/\/radio-aviva.com\/nimes\/wp-json\/wp\/v2\/tags?post=6799"},{"taxonomy":"podcastfilter","embeddable":true,"href":"https:\/\/radio-aviva.com\/nimes\/wp-json\/wp\/v2\/podcastfilter?post=6799"}],"curies":[{"name":"wp","href":"https:\/\/api.w.org\/{rel}","templated":true}]}}

<p><strong>Amandine Cantaloube</strong>, professeure de danse certifiée en danse adaptée et inclusive nous présente aujourd&rsquo;hui l&rsquo;association <strong>Le Sens des Âmes</strong>, leurs actions, leurs projets futurs mais aussi leur actualité et notamment le spectacle de fin d&rsquo;année de <strong>danse inclusive</strong> sur le thème de la vie qui aura lieu le <strong>vendredi 30 juin à Paloma</strong>.</p>
