{"id":6801,"date":"2023-06-16T13:01:11","date_gmt":"2023-06-16T11:01:11","guid":{"rendered":"https:\/\/radio-aviva.com\/nimes\/?post_type=podcast&#038;p=6801"},"modified":"2024-05-20T15:21:14","modified_gmt":"2024-05-20T13:21:14","slug":"eva-communeau-co-directrice-et-directrice-artistique-e-n-productions-vin-et-mode-les-robes-dun-terroir","status":"publish","type":"podcast","link":"https:\/\/radio-aviva.com\/nimes\/podcast\/eva-communeau-co-directrice-et-directrice-artistique-e-n-productions-vin-et-mode-les-robes-dun-terroir\/","title":{"rendered":"EVA COMMUNEAU, CO DIRECTRICE ET DIRECTRICE ARTISTIQUE E.N PRODUCTIONS &#8211; VIN ET MODE : LES ROBES D&rsquo;UN TERROIR"},"content":{"rendered":"<p><strong>Eva Communeau<\/strong>, co-directrice et directrice artiste d&rsquo;<strong>E.N Productions<\/strong> nous pr\u00e9sente sa structure ainsi que l&rsquo;exposition \u00ab\u00a0<strong>Vin et mode : les robes d&rsquo;un terroir<\/strong>\u00ab\u00a0.<\/p>\n<p>Immergez-vous dans l\u2019atmosph\u00e8re de la bourgeoisie du 19\u00e8me si\u00e8cle, le tout, dans un cadre tout \u00e0 fait exceptionnel. En partenariat avec le <strong>domaine Deleuze-Rochetin<\/strong> vous pourrez d\u00e9couvrir cette exposition hors du temps, accompagn\u00e9e d\u2019une d\u00e9gustation de vin ! Venez explorer les coutumes vestimentaires d\u2019une p\u00e9riode de romantisme, avec des v\u00eatements d\u2019\u00e9poque qui sortent de l\u2019imaginaire collectif et de nos id\u00e9es re\u00e7ues. A retrouver du <strong>2 mai au 31 juillet 2023<\/strong> \u00e0 <strong>Arpaillargues<\/strong>.<\/p>\n","protected":false},"author":336,"featured_media":6599,"template":"","tags":[],"podcastfilter":[22,183,189,152,5,213,214],"class_list":["post-6801","podcast","type-podcast","status-publish","has-post-thumbnail","hentry","podcastfilter-exposition","podcastfilter-gard","podcastfilter-histoire","podcastfilter-linvite-de-la-matinale","podcastfilter-nimes","podcastfilter-uzes","podcastfilter-oenologie"],"_links":{"self":[{"href":"https:\/\/radio-aviva.com\/nimes\/wp-json\/wp\/v2\/podcast\/6801","targetHints":{"allow":["GET"]}}],"collection":[{"href":"https:\/\/radio-aviva.com\/nimes\/wp-json\/wp\/v2\/podcast"}],"about":[{"href":"https:\/\/radio-aviva.com\/nimes\/wp-json\/wp\/v2\/types\/podcast"}],"author":[{"embeddable":true,"href":"https:\/\/radio-aviva.com\/nimes\/wp-json\/wp\/v2\/users\/336"}],"version-history":[{"count":1,"href":"https:\/\/radio-aviva.com\/nimes\/wp-json\/wp\/v2\/podcast\/6801\/revisions"}],"predecessor-version":[{"id":8698,"href":"https:\/\/radio-aviva.com\/nimes\/wp-json\/wp\/v2\/podcast\/6801\/revisions\/8698"}],"wp:featuredmedia":[{"embeddable":true,"href":"https:\/\/radio-aviva.com\/nimes\/wp-json\/wp\/v2\/media\/6599"}],"wp:attachment":[{"href":"https:\/\/radio-aviva.com\/nimes\/wp-json\/wp\/v2\/media?parent=6801"}],"wp:term":[{"taxonomy":"post_tag","embeddable":true,"href":"https:\/\/radio-aviva.com\/nimes\/wp-json\/wp\/v2\/tags?post=6801"},{"taxonomy":"podcastfilter","embeddable":true,"href":"https:\/\/radio-aviva.com\/nimes\/wp-json\/wp\/v2\/podcastfilter?post=6801"}],"curies":[{"name":"wp","href":"https:\/\/api.w.org\/{rel}","templated":true}]}}

<p><strong>Eva Communeau</strong>, co-directrice et directrice artiste d&rsquo;<strong>E.N Productions</strong> nous présente sa structure ainsi que l&rsquo;exposition « <strong>Vin et mode : les robes d&rsquo;un terroir</strong>« .</p>
<p>Immergez-vous dans l’atmosphère de la bourgeoisie du 19ème siècle, le tout, dans un cadre tout à fait exceptionnel. En partenariat avec le <strong>domaine Deleuze-Rochetin</strong> vous pourrez découvrir cette exposition hors du temps, accompagnée d’une dégustation de vin ! Venez explorer les coutumes vestimentaires d’une période de romantisme, avec des vêtements d’époque qui sortent de l’imaginaire collectif et de nos idées reçues. A retrouver du <strong>2 mai au 31 juillet 2023</strong> à <strong>Arpaillargues</strong>.</p>
